INSERT INTO `dnfbp` (`id`, `name`, `fname`, `cnic`, `district`, `province`) VALUES
(2378, 'Qari Ikramullah ', 'Amanullah.', '7150101251555', 'Gilgit-Baltistan', 'GILGIT'),
(2379, 'Qari Imtiaz ', 'Mustajab', '4220124331376', 'Sindh', 'Karachi'),
(2380, 'Qari inayatullah ', 'Allah Yar', '3210347694491', 'Punjab', 'D.G.Khan'),
(2381, 'Qari Iqbal', 'Hamid Gul', '1550176941211', 'KP', 'SHANGLA (AT ALPURI)'),
(2382, 'Qari Iqrar Abbassi', 'Abdul Razaq Abbassi', '1310108475041', 'KP', 'ABBOTTABAD'),
(2383, 'Qari Khalid Hussain Rehmani ', 'Nooral Solangi', '4530183389021', 'Sindh', 'N-Feroze'),
(2384, 'Qari Khalil', 'Mohammad Saeed', '1570174453053', 'KP', 'UPPER DIR (AT DIR)'),
(2385, 'Qari Masood ur Rehman', 'Abdul Mehboob', '1234567891011', 'Punjab', 'Lahore'),
(2386, 'Qari Muhamamd Imran', 'Bashir Ahmad', '3610290731261', 'Punjab', 'Khanewal'),
(2387, 'Qari Muhammad Ajmal', 'Hafiz Jaan Muhammad', '3660221667605', 'Punjab', 'Vehari'),
(2388, 'Qari Muhammad Asghar Ali', 'Chirag Din', '3660259625953', 'Punjab', 'Vehari'),
(2389, 'Qari Muhammad Aslam Farooqi', 'Khushi Muhammad', '3330217746461', 'Punjab', 'T.T.Singh'),
(2390, 'Qari Muhammad Ayoub', 'Hafiz Abdul Rauf', '6110117665251', 'Punjab', 'Attock    '),
(2391, 'Qari Muhammad Faisal', 'Bahadur khan', '3210274965399', 'Punjab', 'DERA GHAZI KHAN'),
(2392, 'Qari Muhammad Hayyat', 'MUHAMMAD ALI', '3220201040319', 'Punjab', 'LAYYAH'),
(2393, 'Qari Muhammad Imran', 'Bashir Ahmad', '3610290731561', 'Punjab', 'KHANEWAL'),
(2394, 'Qari Muhammad Iqbal', 'Shabbir Ahmad @ Shabbira Foji', '3610310973191', 'Punjab', 'KHANEWAL'),
(2395, 'qari muhammad naseer', 'khadim hussain joyia', '3120103594339', 'Punjab', 'Bahawalpur'),
(2396, 'Qari Muhammad Ramzan', 'Muhammad Sultan', '1330217674451', 'KP', 'ABBOTTABAD'),
(2397, 'Qari Muhammad Rasheed', 'Mehtab Khan ', '3630240797463', 'Punjab', 'MULTAN'),
(2398, 'Qari Muhammad Riaz', 'Muhammad Aslam', '3710113104499', 'Punjab', 'Attock    '),
(2399, 'Qari Muhammad Sajjad ', 'Bashir Ahmad ', '3120111590817', 'Punjab', 'BAHAWALPUR'),
(2400, 'Qari Muhammad Sharif', 'Hazoor Muhammad', '3710111217179', 'Punjab', 'Attock    '),
(2401, 'Qari Muhammad Suleman', 'Muhammad Azam', '3710533689825', 'Punjab', 'Attock    '),
(2402, 'Qari Mukhtar Ahmed alias (Rajpoot)', 'Gulzar Ahmed ', '3730211750289', 'Punjab', 'GUJRAT'),
(2403, 'Qari Naveed ur Rehman alias Sufi Nasir', 'Muhammad Saleem', '3630213812411', 'Punjab', 'MULTAN'),
(2404, 'Qari Rafiq', 'Abdul Jalil', '1620255741529', 'KP', 'SWABI'),
(2405, 'Qari Raqib ', 'Hafiz Nadeem', 'NIL', 'Sindh', 'Hyderabad'),
(2406, 'Qari Rooh-ul-Amin', 'Rehmat Ullah', '1530618253019', 'KP', 'LOWER DIR (AT TEMERGARA)'),
(2407, 'Qari Saif Ullah', 'az', '1111111111133', 'KP', 'PESHAWAR'),
(2408, 'Qari Sakhawat Ali', 'Allah Rakha', '3460362295053', 'Punjab', 'Sialkot'),
(2409, 'Qari Sami Ullah', 'Taj Muhammad', '1570199767571', 'KP', 'UPPER DIR (AT DIR)'),
(2410, 'Qari Sher Zaman ', 'Syed Zaman', '1111111111134', 'KP', 'PESHAWAR'),
(2411, 'Qari Ubaid Ur Rehman', 'Abdur Rehman', '3740605376079', 'KP', 'ABBOTTABAD'),
(2412, 'Qari Umar Farooq', 'Qari Asgar Ali', '3660247306581', 'Punjab', 'Vehari'),
(2413, 'Qari Yaseen ', 'M. Nazeer', '4210114005961', 'Sindh', 'Karachi'),
(2414, 'Qasim', 'Mian Sher', '1530209306169', 'KP', 'LOWER DIR (AT TEMERGARA)'),
(2415, 'Qasim Ali ', ' Allah Ditta Khan ', '3320282279599', 'Punjab', 'JHANG'),
(2416, 'Qasim Din', 'Malik Fazil ', '3130323655249', 'Punjab', 'RAHIM YAR KHAN'),
(2417, 'Qasim Shah', 'Abdullah Shah', '1330257195869', 'KP', 'Haripur'),
(2418, 'Qasim-ul-Hassan ', 'Shooqeen Ali ', '3740283026507', 'Punjab', 'RAWALPINDI'),
(2419, 'Qayum Khan ', 'Karim Jan', '1520123405687', 'KP', 'CHITRAL'),
(2420, 'Qazi Fakhar Hussain', 'Qazi Muhammad Hussain', '3710499182837', 'Punjab', 'Attock    '),
(2421, 'Qazi Kashif Hussain', 'Qazi Bashir Ahmed', '3520015781271', 'Punjab', 'LAHORE'),
(2422, 'Raaz Muhammad @ Kakai ', 'Sher Khan', '4230191499763', 'Sindh', 'Karachi'),
(2423, 'Rab Nawaz ', 'Barkat Ali ', '3210241458403', 'Punjab', 'DERA GHAZI KHAN'),
(2424, 'Rab Nawaz', 'Ghulam Qasim Khan', '3810106962449', 'Punjab', 'BHAKKAR'),
(2425, 'Rab Nawaz Khan ', 'Mahiwal ', '3740616221651', 'Punjab', 'RAWALPINDI'),
(2426, 'Rabnawaz ', 'Ghulam Fareed ', '3120183163833', 'Punjab', 'BAHAWALPUR'),
(2427, 'Raees', 'Abdul Mateen', '1570440344701', 'KP', 'UPPER DIR (AT DIR)'),
(2428, 'Raees Khan', 'Muhammad Ramzan', '3710163280653', 'Punjab', 'ATTOCK'),
(2429, 'Rafaqat Ali ', 'Ghulam Ali ', '3320396548651', 'Punjab', 'JHANG'),
(2430, 'Rafeeq Jan', 'Saz Mir', '1710232013827', 'KP', 'CHARSADDA'),
(2431, 'Rafi ullah', 'Said ullah', '1530799633855', 'KP', 'LOWER DIR (AT TEMERGARA)'),
(2432, 'Rafi Ullah', 'Muhammad Raziq', '1570135812881', 'KP', 'UPPER DIR (AT DIR)'),
(2433, 'Rafi Ullah', 'Habib ur Rehman', '1550549283001', 'KP', 'SHANGLA (AT ALPURI)'),
(2434, 'Rafi Ullah', 'Hamid Ullah', '4200004091683', 'KP', 'MALAKAND P.A.'),
(2435, 'Rafiullah', 'Saleem @ Rabbani', '1560603550541', 'KP', 'SWAT (AT MINGORA)'),
(2436, 'Rafiullah ', 'Khalil ur Rehman', '1550546318275', 'KP', 'SHANGLA (AT ALPURI)'),
(2437, 'Raghib Hussain', 'Mian Ghullam Shabbir', '3320313669495', 'Punjab', 'Jhang'),
(2438, 'Raham Ali ', 'Phairan Khan', '3240453115377', 'Punjab', 'RAJANPUR'),
(2439, 'Raham Ghani', 'Abdul Ghani', '1570141125343', 'KP', 'UPPER DIR (AT DIR)'),
(2440, 'Rahamd Ullah', 'Rizwan Ullah', '1510112828857', 'KP', 'BUNER'),
(2441, 'Rahamdullah', 'Rizwan Ullah', '1510112828851', 'KP', 'SWAT (AT MINGORA)'),
(2442, 'Rahat Ullah', 'Hayat Ullah', '1570104454517', 'KP', 'UPPER DIR (AT DIR)'),
(2443, 'Raheem Javed', 'Javed lqbal', '3420182270339', 'Punjab', 'GUJRAT'),
(2444, 'Rahim Bakhsh', 'Naik Muhammad', '1510173020549', 'KP', 'BUNER'),
(2445, 'Rahim Gul', 'Khusamand Khan', '1560202448247', 'KP', 'SWAT (AT MINGORA)'),
(2446, 'Rahim Jaffari ', 'Ahmed Ali', '5440003952627', 'Balochistan', 'QUETTA'),
(2447, 'Rahim Khan', 'Razi Mand Khan', '1530799288963', 'KP', 'LOWER DIR (AT TEMERGARA)'),
(2448, 'Rahim Said', 'Ghulam Said', '4220104606489', 'KP', 'LOWER DIR (AT TEMERGARA)'),
(2449, 'Rahim Ullah s/o', 'Sahib Jan', '1560257795981', 'KP', 'Swat'),
(2450, 'Rahman Hakim', 'Sultanat .', '1570181660301', 'KP', 'UPPER DIR (AT DIR)'),
(2451, 'Rahmat Ali s/o', 'Akbar Ali', '1560298181407', 'KP', 'SWAT (AT MINGORA)'),
(2452, 'Rai Nadeem Abbas ', 'Arshad Muhammad ', '3330297591905', 'Punjab', 'TOBA TEK SINGH'),
(2453, 'Raj Wali', 'Shakir', '1730115543091', 'KP', 'PESHAWAR'),
(2454, 'Raja Habib Ur Rehman ', 'Raja Muhammad Akram ', '3710489573121', 'Punjab', 'ATTOCK'),
(2455, 'Raja Hamid Nawaz', 'Rab Nawaz', '3840194239133', 'Punjab', 'SARGODHA'),
(2456, 'Raja Khawar ', 'Walayat Khan', '3420204567807', 'Punjab', 'Gujrat'),
(2457, 'Raja Muhammad Nazuk', 'Kala Khan', '6110154782069', 'ICT', 'ISLAMABAD\r\n'),
(2458, 'Raja Nasir  ', 'Shah Sultan', '7150116332281', 'Gilgit-Baltistan', 'GILGIT'),
(2459, 'Raja Shahzad Mehmood ', 'Raja Khushhal Khan ', '3730357323935', 'Punjab', 'MANDI BAHAUDDIN'),
(2460, 'Raja Tahir Abbas ', 'Raja Muhammad Khan ', '3740505466131', 'Punjab', 'RAWALPINDI'),
(2461, 'Raja Waqas Khalid', 'Khalid Mehmood', '3840603404233', 'Punjab', 'SARGODHA'),
(2462, 'Rajab Ali', 'Lal Hussain', '3810105698199', 'Punjab', 'BHAKKAR'),
(2463, 'Ramzan Farooqi ', 'Syed Mohammad Naseem.', '5430379899223', 'Balochistan', 'PISHIN'),
(2464, 'Ramzan Khan ', 'Zangi Khan Rind', '4330466651793', 'Sindh', ' Sanghar '),
(2465, 'Rana Abdur Rehman alias Khushi ', 'Rana Farzand Ali ', '3130154828875', 'Punjab', 'RAHIM YAR KHAN'),
(2466, 'Rana Allah Yar', 'Muhammad Bakhsh', '3620224795333', 'Punjab', 'LODHRAN'),
(2467, 'Rana Amjad Ali ', 'Muhammad Afzal ', '3810236536235', 'Punjab', 'BHAKKAR'),
(2468, 'Rana Fakhar-ul-Islam Hamza  ', 'Rana Muhammad Yousaf', '3320370678363', 'Punjab', 'JHANG'),
(2469, 'Rana Muhammad Akram ', 'Rasheed Ahmad ', '3810209019197', 'Punjab', 'BHAKKAR'),
(2470, 'Rana Muhammad Asghar', 'Ali Muhammad ', '3310006161097', 'Punjab', 'Faisalabad'),
(2471, 'Rana Muhammad Khalil alias Nanha ', 'Muhammad Khan ', '3520246891245', 'Punjab', 'LAHORE'),
(2472, 'Rana Muhammad Mubeen alias Danial ', 'Muhammad Sana Ullah @ Mahar Caste Rajput', '3230104834137', 'Punjab', 'MUZAFFARGARH'),
(2473, 'Rana Naeem Abbas', 'Ghanzfar Ali', '3330351412725', 'Punjab', 'TOBA TEK SINGH'),
(2474, 'Rana Tufail', 'Abdul Shakoor', '3810127835229', 'Punjab', 'BHAKKAR'),
(2475, 'Rana Umar Farooq alias Umar Jhangbi ', 'Rana Habib Ullah ', '3640136096903', 'Punjab', 'PAKPATTAN'),
(2476, 'Rao Habib ur Rehman', 'Abdul Qayum', '3660151767603', 'Punjab', 'Vehari'),
(2477, 'Rao Karamat Ali ', 'Rao Liaqat Ali', '3130290742031', 'Punjab', 'RAHIM YAR KHAN'),
(2478, 'Rao Muhammad Javed Iqbal ', 'Rao Muhammad Iqbal', '3120393388081', 'Punjab', 'BAHAWALPUR'),
(2479, 'Rao Nadeem-ur-Rehman', 'Rao Aziz-ur-Rehman', '3660130365265', 'Punjab', 'Vehari'),
(2480, 'Rasheed Abbass', 'Muhammad Khan', '3840145671369', 'Punjab', 'SARGODHA'),
(2481, 'Rasheed Ahmad', 'Abdul Aziz', '3110585689199', 'Punjab', 'BAHAWALNAGAR'),
(2482, 'Rasheed Ahmad ', 'Ghulam Hussain ', '3120378844111', 'Punjab', 'BAHAWALPUR'),
(2483, 'Rasheed Ahmad ', 'Jumma Khan ', '3210330321849', 'Punjab', 'GUJRANWALA'),
(2484, 'Rasheed Ahmad Soomro ', 'Haji Ahmad Soomro ', '3130422511179', 'Punjab', 'RAHIM YAR KHAN'),
(2485, 'Rasheed Ahmed Alias Abdul Rasheed @Maovia @Ghalib', 'Muhammad Adrees (CNIC Father)', '3620293340885', 'Punjab', 'LODHRAN'),
(2486, 'Rashid', 'Shatamas', '1530515707775', 'KP', 'LOWER DIR (AT TEMERGARA)'),
(2487, 'Rashid Ahmad', 'Rasool Ahmad', '1530210004607', 'KP', 'LOWER DIR (AT TEMERGARA)'),
(2488, 'Rashid Javed ', 'Javed Iqbal', '3640250048463', 'Punjab', 'PAKPATTAN'),
(2489, 'Rashid khan', 'Sultani Room', '1530770996653', 'KP', 'LOWER DIR (AT TEMERGARA)'),
(2490, 'Rashid Mehmood Farooqi', 'Mian Muhammad', '3710115917505', 'Punjab', 'Attock    '),
(2491, 'Rasool Bakhsh ', 'Muhammad Noor', '5440172248025', 'Balochistan', 'QUETTA'),
(2492, 'Raz Muhammad ', 'Syed Muhammad', '1111111111125', 'KP', 'PESHAWAR'),
(2493, 'Raza Khan', 'Abdul Khaliq', '1730115706367', 'KP', 'PESHAWAR'),
(2494, 'Razzaq ', ' Muhammad Musa', '7150110011149', 'Gilgit-Baltistan', 'GILGIT'),
(2495, 'Reema', 'Tariq', '1111111111123', 'KP', 'PESHAWAR'),
(2496, 'Rehan Iqbal', 'Mohammad Iqbal ', '5440091003235', 'Balochistan', 'QUETTA'),
(2497, 'Rehan Mehmood Zia ', 'Zia Ul Rehman ', '3310503571377', 'Punjab', 'FAISALABAD'),
(2498, 'Rehan Waseem ', 'Sibqhat Ullah ', '3320226990159', 'Punjab', 'JHANG'),
(2499, 'Rehman Gul', 'Noor Ahmad Shah', '1620228270331', 'KP', 'SWABI'),
(2500, 'Rehman Shah', 'Faqeer', '1560153165223', 'KP', 'SWAT (AT MINGORA)'),
(2501, 'Rehman ud Din', 'Noor Muhammad Din', '1530209002855', 'KP', 'LOWER DIR (AT TEMERGARA)'),
(2502, 'Rehman ullah', 'Ghulam Qadar', '1530757432097', 'KP', 'LOWER DIR (AT TEMERGARA)'),
(2503, 'Rehman Ullah ', 'Malak Jan', '2120120135199', 'KP', 'KHYBER (AT PESHAWAR)'),
(2504, 'Rehmat Din', 'Nizam-ud-Din', '1520208109033', 'KP', 'CHITRAL'),
(2505, 'Rehmat Ullah ', 'Metho Khan ', '3520050897483', 'Punjab', 'LAHORE'),
(2506, 'Rehmatullah', 'Ghulam Rasool Rakshani.', '5140221972915', 'Balochistan', 'KHUZDAR'),
(2507, 'Riaz', 'Shams', '1530208493273', 'KP', 'LOWER DIR (AT TEMERGARA)'),
(2508, 'Riaz', 'Gulambar Khan', '1560220796305', 'KP', 'SWAT (AT MINGORA)'),
(2509, 'Riaz Ahmad ', 'Allah Bakhsh ', '3210209479895', 'Punjab', 'FAISALABAD'),
(2510, 'Riaz Ahmad', 'Bashir Ahmad', '3650252340279', 'Punjab', 'VEHARI'),
(2511, 'Riaz Ahmad', 'Muhammad Aslam', '3620298756881', 'Punjab', 'LODHRAN'),
(2512, 'Riaz Ahmad ', 'Ashiq Hussain ', '3310021723125', 'Punjab', 'FAISALABAD'),
(2513, 'Riaz Ali', 'Ali Sher', '3610476453251', 'Punjab', 'KHANEWAL'),
(2514, 'Riaz Ali Chandio', 'Rasool Bux Chandio ', '4250145802529', 'Sindh', 'KARACHI EAST'),
(2515, 'Riaz Hussain ', 'Allah Ditta ', '3230435819421', 'Punjab', 'MUZAFFARGARH'),
(2516, 'Riaz Hussain ', 'Muhammad Nawaz ', '1220168572741', 'Punjab', 'BHAKKAR'),
(2517, 'Riaz Hussain alias Saeed Hussain', 'Haq Nawaz', '3220286796525', 'Punjab', 'LAYYAH'),
(2518, 'Riaz Khan', 'Ayub', '1720136669179', 'KP', 'NOWSHERA'),
(2519, 'Riaz Shahid ', 'Ghuolam Jillani ', '3640108810443', 'Punjab', 'PAKPATTAN'),
(2520, 'Riaz-ul-Haq Haidri', 'Muhammad Ramzan', '3660209151929', 'Punjab', 'Vehari'),
(2521, 'Rifaqatullah', 'Muhammad Suleman Jarwar ', '4110442059149', 'Sindh', 'BADIN'),
(2522, 'Rizwan', 'Abdul Razzaq ', '4210179736049', 'Sindh', 'Karachi'),
(2523, 'Rizwan Ahmed @ Jimmy', 'Rasheed ', 'NIL', 'Sindh', 'Karachi'),
(2524, 'Rizwan Akbar', 'Muhammad Akbar', '3420103573139', 'Punjab', 'Gujrat'),
(2525, 'Rizwan Akbar ', 'Muhammad Akbar', '3420103573131', 'Punjab', 'GUJRAT'),
(2526, 'Rizwan Haider ', 'Taqi Hussain ', '3320213709795', 'Punjab', 'JHANG'),
(2527, 'Rizwan Haider ', 'Iqbal Hussain Gohar ', '3330339993907', 'Punjab', 'TOBA TEK SINGH'),
(2528, 'Rizwan Haider ', 'Muhammad Nawaz', '3340103609195', 'Punjab', 'CHINIOT'),
(2529, 'Rizwan Iqbal', 'Muhammad Iqbal', '3810261069009', 'Punjab', 'BHAKKAR'),
(2530, 'Rizwan Shah', 'Noorwas Sha', '1620210205793', 'KP', 'SWABI'),
(2531, 'Rizwan ullah', 'Abdul Wahab', '1530780978741', 'KP', 'LOWER DIR (AT TEMERGARA)'),
(2532, 'Rizwan ullah', 'Sofi Muahmmad', '1530585476359', 'KP', 'LOWER DIR (AT TEMERGARA)'),
(2533, 'Rizwan Ullah', 'Taj Mer', '1550544537391', 'KP', 'SHANGLA (AT ALPURI)'),
(2534, 'Rooh ul Wahab Alias Rooh Ullah', 'Said Rasool', '1620167244435', 'KP', 'SWABI'),
(2535, 'S. Kashif  Hussain Rizvi ', 'S.Salman Bahadur Rizvi', '4210116488299', 'Sindh', 'Karachi'),
(2536, 'Saad Abdur Rehman Jagranvi', 'Habib ur Rehman Jagranvi', '3520206393769', 'Punjab', 'LAHORE'),
(2537, 'Sabir', '. Kashar Khan', '1570113364881', 'KP', 'UPPER DIR (AT DIR)'),
(2538, 'Sabir Gul', 'Ghareeb Gul', '6110113309311', 'KP', 'KOHAT'),
(2539, 'sabir hussain ', 'Noor Muhammad', '3540311008321', 'Punjab', 'Nankana Sahib'),
(2540, 'Sabir Hussain Alvi ', 'Barkat Ali ', '3410116815721', 'Punjab', 'GUJRANWALA'),
(2541, 'Sabir Jamshaid ', 'Mushtaq Ahmad ', '3310007768889', 'Punjab', 'FAISALABAD'),
(2542, 'Sabir Rahman', 'Abdul Rehman', '1530119427053', 'KP', 'LOWER DIR (AT TEMERGARA)'),
(2543, 'Sabir Raza ', 'Zafar Au', '3660125602495', 'Punjab', 'VEHARI'),
(2544, 'Sadaf Ali Khan', 'Nasir Ali Khan', '3320385891081', 'Punjab', 'JHANG'),
(2545, 'Sadar Ahmad', 'Gul Mast', '1570474795779', 'KP', 'UPPER DIR (AT DIR)'),
(2546, 'Saddam Ahmed ', ' Gul Baz.', '7150198126527', 'Gilgit-Baltistan', 'GILGIT'),
(2547, 'Saddam Hussain', 'Bakht Biland', '1530579241269', 'KP', 'LOWER DIR (AT TEMERGARA)'),
(2548, 'Saddam Hussain', 'Noor Zada', '1710303784691', 'KP', 'CHARSADDA'),
(2549, 'Saddar Hayat @ Abu Sofyan', 'Wakeel Khan', '2220123854619', 'KP', 'BANNU'),
(2550, 'Sadiq Azeem ', 'Qaseemuddin', '', 'Sindh', 'Karachi'),
(2551, 'Sadique-u-Rehman ', 'Muhammad Bakhsh ', '3210208759717', 'Punjab', 'DERA GHAZI KHAN'),
(2552, 'Saeed', 'Mohammad Kareem', '1570119654189', 'KP', 'UPPER DIR (AT DIR)'),
(2553, 'Saeed Ahmad', 'Abdul Ghani', '3540143823989', 'Punjab', 'Sheikhupura'),
(2554, 'Saeed Ahmad ', 'Ameer Muhammad ', '3210399321467', 'Punjab', 'DERA GHAZI KHAN'),
(2555, 'Saeed Akhtar ', 'Munir Akhtar', '3410356804879', 'Punjab', 'GUJRANWALA'),
(2556, 'Saeed Ullah ', 'Muhammad Nawaz', '1220197975257', 'Punjab', 'BHAKKAR'),
(2557, 'Saeed Ullah', 'Amir Khan', '1620274555669', 'KP', 'SWABI'),
(2558, 'Saeed Ur Rehman', 'Nawab Khan', '3710465879401', 'Punjab', 'ATTOCK'),
(2559, 'Saeed-ur-Rehman', 'Habib Ur Rehman', '8220339201911', 'AJ&K', 'Haryala Danna Kacheli Muzaffarabad'),
(2560, 'Safdar Ali ', 'Muhammad Ilyas ', '3810256867375', 'Punjab', 'BHAKKAR'),
(2561, 'Safdar Ali', 'Sultan Ali ', '5440004380837', 'Punjab', 'FAISALABAD'),
(2562, 'Safdar Mehmood', 'Mian Muhammad ', '4220104427257', 'Punjab', 'SARGODHA'),
(2563, 'Safeer Hussain ', 'Muhammad Ali ', '3310525767523', 'Punjab', 'FAISALABAD'),
(2564, 'Safi Ud Din', 'Haq Nawaz', '6110198221913', 'Punjab', 'ATTOCK'),
(2565, 'Sagheer Hussain ', 'Muhammad Hussain', '9040601546103', 'Punjab', 'GUJRAT'),
(2566, 'Saghir Ahmad', 'Safeer Ahmed', '6110126779977', 'KP', 'KOHAT'),
(2567, 'Sahib Gul', 'Mian Gul', '1530751940941', 'KP', 'LOWER DIR (AT TEMERGARA)'),
(2568, 'Sahib Khan', 'Haji Ameenullah Caste Barrach', '5450120943947', 'Balochistan', 'NUSHKI'),
(2569, 'Sahib Ullah ', 'Saro Zarin', '4240199695019', 'KP', 'BATAGRAM (AT BANA)'),
(2570, 'Sahib Zada', 'Muhammad Umar', '1570199375663', 'KP', 'UPPER DIR (AT DIR)'),
(2571, 'Sahib Zada (Alias) Batangary', 'Muhammad', '1530209128167', 'KP', 'LOWER DIR (AT TEMERGARA)'),
(2572, 'Sahib Zada @ Sheena', 'Amir Muhammad', '1560277948585', 'KP', 'SWAT (AT MINGORA)'),
(2573, 'Sahib-ur-Rehman ', 'o Abdul Rehman', '4210180358277', 'Sindh', 'Karachi'),
(2574, 'Saib shah', 'Rasool Said', '1530513225251', 'KP', 'LOWER DIR (AT TEMERGARA)'),
(2575, 'Said Ahmad', 'Muhammad Yar', '3840172727149', 'Punjab', 'SARGODHA'),
(2576, 'Said Ahmad Shah', 'Said Laiq Shah', '1510105920629', 'KP', 'BUNER'),
(2577, 'Said Amil Shah', 'Said Mahboob Shah', '1550454849569', 'KP', 'SHANGLA (AT ALPURI)'),
(2578, 'Said Amin', 'Said Haroon', '1530208516967', 'KP', 'LOWER DIR (AT TEMERGARA)'),
(2579, 'Said Awal Shah', 'Said Qabil Shah', '1550428564779', 'KP', 'SHANGLA (AT ALPURI)'),
(2580, 'Said Bacha', 'Jalat', '1530729659505', 'KP', 'LOWER DIR (AT TEMERGARA)'),
(2581, 'Said Bayan Shah', 'Muhammad Tahir Shah', '1550564959223', 'KP', 'Shangla'),
(2582, 'Said Bayan Shah', 'Qabil Shah', '1550567959223', 'KP', 'SHANGLA (AT ALPURI)'),
(2583, 'Said Ghani', 'Said Ali', '1510154790233', 'KP', 'BUNER'),
(2584, 'Said Hayat Shah', 'Said Raghib Shah Shah', '1550502126531', 'KP', 'SHANGLA (AT ALPURI)'),
(2585, 'Said Ishfaq Ali Shah', 'Said Rasool Shah', '1720105101071', 'KP', 'NOWSHERA'),
(2586, 'Said Karim', 'Abdur Rahim', '1510108414789', 'KP', 'BUNER'),
(2587, 'Said Khan', 'Mohd: Akbar', '1570247575031', 'KP', 'UPPER DIR (AT DIR)'),
(2588, 'Said Muhammad', 'Umar Muhammad', '1530575015103', 'KP', 'LOWER DIR (AT TEMERGARA)'),
(2589, 'Said Muhammad .', 'Gul', '1570185526887', 'KP', 'UPPER DIR (AT DIR)'),
(2590, 'Said Nadeem Shah', 'Said Bakht Naeem Shah', '1540260050637', 'KP', 'MALAKAND P.A.'),
(2591, 'Said Qavi Shah', 'Said Ghazi', '3520212840309', 'KP', 'SHANGLA (AT ALPURI)'),
(2592, 'Said Ullah', 'Sher Mohammad', '1570184033539', 'KP', 'UPPER DIR (AT DIR)'),
(2593, 'Said Zaman', 'Shams ur Rahman', '1530560958803', 'KP', 'LOWER DIR (AT TEMERGARA)'),
(2594, 'Said Zubair Shah', 'Said Qabil Shah', '1550463499715', 'KP', 'SHANGLA (AT ALPURI)'),
(2595, 'Saif Ullah Khalid ', 'Abdul Hameed ', '3120103648911', 'Punjab', 'BAHAWALPUR'),
(2596, 'Saif ur Rehan ', 'Ghulam Mustafa ', '4210181033229', 'Sindh', 'Karachi'),
(2597, 'Saif ur Rehman', 'Abdur Rehman', '1310168133853', 'KP', 'ABBOTTABAD'),
(2598, 'Saif ur Rehman', 'Abdur Razzaq', '1210109696187', 'KP', 'DERA ISMAIL KHAN'),
(2599, 'SAIF UR REHMAN ', 'MUHAMMAD RAMZAN', '3640227061739', 'Punjab', 'Pakpattan'),
(2600, 'Saif ur Rehman ', 'Ghulam Rasool ', '3120340044351', 'Punjab', 'BAHAWALPUR'),
(2601, 'Saif-Ul-Islam', 'Muhammad Bux', '3240271753071', 'Punjab', 'RAJANPUR'),
(2602, 'Saif-ur-Rehman ', 'Haji Allah Dewaye ', '3630109733611', 'Punjab', 'MULTAN'),
(2603, 'Saif-ur-Rehman ', 'Bahadar Khan ', '3320280372813', 'Punjab', 'JHANG'),
(2604, 'Saifullah', 'Muhammad Hassan', '4240184637399', 'Sindh', 'Karachi'),
(2605, 'Sajawal Khan', 'Faiz Muhammad', '3810133031951', 'Punjab', 'BHAKKAR'),
(2606, 'Sajeel-ur-Rehman ', 'Ch. Abdul Rehman ', '3630247770751', 'Punjab', 'MULTAN'),
(2607, 'Sajid ', 'Ghuffar Awan', '8240163271087', 'AJ&K', 'Bhettik Baloch, Sudhnoti'),
(2608, 'Sajid', 'Abdul Ghafoor', '1570158916481', 'KP', 'UPPER DIR (AT DIR)'),
(2609, 'Sajid Ali', 'Allah Yar', '3320181620969', 'Punjab', 'CHINIOT'),
(2610, 'Sajid Hussain  ', 'Nazar Hussain', '3820147597939', 'Punjab', 'KHUSHAB'),
(2611, 'Sajid Hussain', 'Muhammad Ayub', '1330222007633', 'KP', 'ABBOTTABAD'),
(2612, 'Sajid Mehmood ', 'Muhammad Jamil ', '3440324266557', 'Punjab', 'MANDI BAHAUDDIN'),
(2613, 'Sajid Mehmood', 'Mehmood Ahmed', '3510262012995', 'Punjab', 'KASUR'),
(2614, 'Sajjad', 'Gulab', '1530689185497', 'KP', 'LOWER DIR (AT TEMERGARA)'),
(2615, 'Sajjad Ahmad', 'Jabin', '1510139873293', 'KP', 'BUNER'),
(2616, 'Sajjad Ahmed ', 'Muhammad Yar', '3640255387821', 'Punjab', 'PAKPATTAN'),
(2617, 'Sajjad Ahmed alias Sufi ', 'Muhammad Sharif ', '3420206850549', 'Punjab', 'GUJRAT'),
(2618, 'Sajjad Hussain ', 'Shah Muhammad ', '3120289391433', 'Punjab', 'BAHAWALPUR'),
(2619, 'Sajjad Hussain ', 'Rahim Bakhsh ', '3120373987757', 'Punjab', 'BAHAWALPUR'),
(2620, 'Sajjad Hussain alias Sajju ', 'Muhammad Nawaz ', '3230417441351', 'Punjab', 'MUZAFFARGARH'),
(2621, 'Sajjad Khan', 'Hayat Noor', '2120188095235', 'KP', 'KURRAM (AT PARACHINAR)'),
(2622, 'Sakhi', 'Lal Jan', '1570122659553', 'KP', 'HARIPUR'),
(2623, 'Saleem', 'Aman Khan', '1570470908673', 'KP', 'UPPER DIR (AT DIR)'),
(2624, 'Saleem Ahmed ', 'Feroz Ahmed', '4220190929621', 'Sindh', 'Karachi'),
(2625, 'Saleem Akhtar', 'Suleman', '3320360450997', 'Punjab', 'Jhang'),
(2626, 'Saleem Ilyas ', 'Muhammad Ilyas', '1310181860779', 'Sindh', 'Karachi'),
(2627, 'Saleem Khan', 'Umar Muhammad', '1540176176157', 'KP', 'MALAKAND P.A.'),
(2628, 'Saleem Ullah ', 'Abdul Salam  Rakhshani ', '5130191574263', 'Balochistan', 'KHARAN'),
(2629, 'Saleemullah Khan ', 'Mirdad Khan ', '4220175641963', 'Sindh', 'Karachi'),
(2630, 'Saleh Hayat', 'Perveez', '1610126401411', 'KP', 'MARDAN'),
(2631, 'Saleh Muhammad', 'Abdul Qadir', '1530119451045', 'KP', 'LOWER DIR (AT TEMERGARA)'),
(2632, 'Salim Ullah', 'Abdullah', '1530249246233', 'KP', 'LOWER DIR (AT TEMERGARA)'),
(2633, 'Salman Ahmad ', 'Muhammad Sharif ', '3630245223725', 'Punjab', 'MULTAN'),
(2634, 'Samad Siddique ', 'Shakeel Siddqiue', 'NIL', 'Sindh', 'Karachi'),
(2635, 'Sami uddin @ Pupo ', 'Qaiymuddin', '4230196049641', 'Sindh', 'Karachi'),
(2636, 'Sami Ullah', 'Bazir Khan', '1530651095573', 'KP', 'LOWER DIR (AT TEMERGARA)'),
(2637, 'Sami Ullah', 'Muhammad Riaz Khan', '1530550370633', 'KP', 'LOWER DIR (AT TEMERGARA)'),
(2638, 'Sami Ullah', 'Muhammad Ullah @ Saad Ullah', '1730135059893', 'KP', 'PESHAWAR'),
(2639, 'Sami Ullah', 'Abdul Ghafoor', '3610371949191', 'Punjab', 'Khanewal'),
(2640, 'Sami Ullah @ Sami Pashteen', 'Nawal Khan', '2170286105081', 'KP', 'DERA ISMAIL KHAN'),
(2641, 'Sami-ur-Rehman', 'Said ur Rahman', '1710109181355', 'KP', 'Charsada'),
(2642, 'Samiullah', 'Aurangzaib ', '5440172482085', 'Balochistan', 'QUETTA'),
(2643, 'Sammar Abbas ', 'Haq Nawaz', '3220243936385', 'Punjab', 'LAYYAH'),
(2644, 'Sammar Abbas Shah alias Shah G ', 'Mureed Kazim Shah ', '3810408731191', 'Punjab', 'BHAKKAR'),
(2645, 'Samra Jabeen', 'Muhammad Mehboob', '9040301403286', 'AJ&K', 'KOTLI'),
(2646, 'Sana ullah ', 'Muhammad Zareef', '5440134907123', 'Balochistan', 'QUETTA'),
(2647, 'Sana Ullah', 'GHULAM RASOOL ', '3220362100533', 'Punjab', 'LAYYAH'),
(2648, 'Sanaullah', 'Shahi Room', '1560258860721', 'KP', 'SWAT (AT MINGORA)'),
(2649, 'Saqlain Abu Bakar Saddiqi ', 'Saddique Ahmed Saddiqi ', '3320404343037', 'Punjab', 'JHANG'),
(2650, 'Saqlian Abbas', 'Muhammad Shafique ', '3310444100453', 'Punjab', 'FAISALABAD'),
(2651, 'Sar Zamin Khan', 'Syed Quresh', '1510150930811', 'KP', 'BUNER'),
(2652, 'Sardar Ahmad', 'Gul Ahmad', '1570144795779', 'KP', 'UPPER DIR (AT DIR)'),
(2653, 'SARDAR AHMAD', 'GHULAM HAIDER', '3640207542613', 'Punjab', 'PAKPATTAN'),
(2654, 'Sardar Ahmed @ Abu Mashab ', 'Ashiq Hussain Arain', 'NIL', 'Sindh', ''),
(2655, 'Sardar Hussain', 'Iqbal Hussain', '1560239606921', 'KP', 'SWAT (AT MINGORA)'),
(2656, 'Sardar Iqbal', 'Muhib ullah', '1510103248865', 'KP', 'BUNER'),
(2657, 'Sardar Khan', 'Ishaq', '1430179984529', 'KP', 'KOHAT'),
(2658, 'Sardar Munir Hussain Khan Dreshak ', 'Fazal Hussain Khan Dreshak ', '3240316205891', 'Punjab', 'RAJANPUR'),
(2659, 'Sardar ud Din', 'Nizam ud Din', '1530753862257', 'KP', 'LOWER DIR (AT TEMERGARA)'),
(2660, 'Sarfraz', 'Muhammad Raza', '5440091541489', 'Balochistan', 'QUETTA'),
(2661, 'Sarfraz Khan ', 'Ghulam Ali Khan ', '3520251029355', 'Punjab', 'RAJANPUR'),
(2662, 'Sarfraz Shamoon Khan', 'Muhammad Shamoon Khan', '3520014771073', 'Punjab', 'LAHORE'),
(2663, 'Sarmast Khan Alias Haji', 'Purdil', '1620125713139', 'KP', 'SWABI'),
(2664, 'Sarwat Ijaz Qadri President Pakistan Sunni Tehreek', '', 'NIL', 'Sindh', 'Karachi'),
(2665, 'Sayed Khawar Hussain', 'Sayed Nazar Hussain Shah', '3320281013327', 'Punjab', 'Jhang'),
(2666, 'Sayed Mohsin Raza Ali shah', 'Sayed Dubeer Hussain shah', '3320218426975', 'Punjab', 'Jhang'),
(2667, 'Sayed Qaisar Abbas Shah', 'Mazhar Hussain Hussain', '3320209375865', 'Punjab', 'Jhang'),
(2668, 'Sayed Zain ul Abdin Shah', 'Sayed Zulifqar Ali Shah', '3320295626403', 'Punjab', 'Jhang'),
(2669, 'Saz Mohammad', 'Qalandar', '1570151116369', 'KP', 'UPPER DIR (AT DIR)'),
(2670, 'Serajullah @ Zeshan ', 'Gulzaer Syed ', '4240117147061', 'Sindh', 'Karachi'),
(2671, 'Serajullah @ zeshan ', 'Gulzer Syed', '4240117147061', 'Sindh', 'Karachi'),
(2672, 'Shabbir Afzal ', 'Din Muhammad', '3330375499571', 'Punjab', 'TOBA TEK SINGH'),
(2673, 'Shabbir Ahmad ', 'Jamal Din ', '3130350519417', 'Punjab', 'RAHIM YAR KHAN'),
(2674, 'Shabbir Hussain ', 'Talib Hussain  ', '3410176573231', 'Punjab', 'GUJRANWALA'),
(2675, 'Shabbir Hussain ', 'Ghulam Muhammad', '4250132767623', 'Gilgit-Baltistan', 'KHARMANG'),
(2676, 'Shabeer Ahmad', 'Muhammad Shoaib', '1530781144709', 'KP', 'LOWER DIR (AT TEMERGARA)'),
(2677, 'Shabir', 'Jamshid', '1610105770315', 'KP', 'MARDAN'),
(2678, 'Shabir Husain Shah ', 'Manzoor Husain Shah ', '3310051248683', 'Punjab', 'FAISALABAD'),
(2679, 'Shafaqat Ali ', 'Muhammad Arshad ', '3310021330983', 'Punjab', 'FAISALABAD'),
(2680, 'Shafi Ullah', 'Abdul Malik', '1530487641015', 'KP', 'LOWER DIR (AT TEMERGARA)'),
(2681, 'Shafi Ullah', 'Muhammad Hayat', '1530233180909', 'KP', 'LOWER DIR (AT TEMERGARA)'),
(2682, 'Shafi Ullah alias Shafo Shah ', 'Pehlwan Khan ', '3210372307451', 'Punjab', 'DERA GHAZI KHAN'),
(2683, 'Shafi ur Rehman @ Shafi', 'Patang', '1110102960141', 'KP', 'Bannu'),
(2684, 'Shafiq', 'Mir Zafar', '1510131747359', 'KP', 'BUNER'),
(2685, 'Shafiq Ahmad Khan ', 'Misri Khan ', '3610496434845', 'Punjab', 'KHANEWAL'),
(2686, 'Shafiq Ur Rehman ', 'Nawab Deen ', '3320172793763', 'Punjab', 'CHINIOT'),
(2687, 'Shafiq(Shafi Mauvia)  ', 'M. Latif', '8230386910217', 'AJ&K', 'Jandali, District Poonch'),
(2688, 'Shafiq-ur-Rehman', 'Muhammad Sarwar', '6110158395265', 'ICT', 'ISLAMABAD\r\n'),
(2689, 'Shafiq-ur-Rehman ', 'Fateh Muhammad', '3460169024913', 'Punjab', 'SIALKOT'),
(2690, 'Shafique Ur Rehman', 'Muhammad Ismail', '3610201519125', 'Punjab', 'Khanewal'),
(2691, 'Shafique-ur-Rehman ', 'Bahadur Sher', '4240137590021', 'Sindh', 'Karachi'),
(2692, 'Shafqat Abbas', ' Riaz Hussian', '3660352286499', 'Punjab', 'Vehari'),
(2693, 'Shafqat Hussain', 'Muhammad Yar', '3840103738839', 'Punjab', 'SARGODHA'),
(2694, 'Shafqat Ullah', 'Awal Khan', '1120104120273', 'KP', 'LAKKI MARWAT'),
(2695, 'Shah Akbar Khan', 'Mir Jaffar', '4250113704981', 'KP', 'Swabi'),
(2696, 'Shah Alam', 'Noor Alam ', '4220196919445', 'KP', 'S.WAZIRISTAN (AT WANA)'),
(2697, 'Shah Fahad', 'Kishwar', '1620297061453', 'KP', 'SWABI'),
(2698, 'Shah Faisal @ Ganderi ', 'Abdul Raheem', '4210197790347', 'Sindh', 'Karachi'),
(2699, 'Shah Faisal Ghazi', 'Mehmood Sultan', '2170566866147', 'KP', 'DERA ISMAIL KHAN'),
(2700, 'Shah Hakeem', 'Zakir Khan', '1540261517423', 'KP', 'MALAKAND P.A.'),
(2701, 'Shah Hussain', 'Shah Sawar', '1720119715335', 'KP', 'NOWSHERA'),
(2702, 'Shah Jehan', 'Shereen', '1620107286609', 'KP', 'SWABI'),
(2703, 'Shah Karam', 'Sher Zaman', '1530208817829', 'KP', 'LOWER DIR (AT TEMERGARA)'),
(2704, 'Shah Khalid', 'Subhani  Gul', '1530633797267', 'KP', 'LOWER DIR (AT TEMERGARA)'),
(2705, 'Shah Khalid', 'Palas', '1510132437031', 'KP', 'BUNER'),
(2706, 'Shah Meer alias Shahzad ', 'Jannat Khan ', '3420183126613', 'Punjab', 'GUJRAT'),
(2707, 'Shah Muhammad', 'Gul Muhammad', '1111111111111', 'KP', 'MALAKAND P.A.'),
(2708, 'Shah Muhammad caste Khiazai bugti', 'Abdul Rehman', '3240368107749', 'Punjab', 'RAJANPUR'),
(2709, 'Shah Saood', 'Yar Gul', '', 'KP', 'Dir Lower'),
(2710, 'Shah Saood', 'Fateh Gul', '1530578848769', 'KP', 'LOWER DIR (AT TEMERGARA)'),
(2711, 'Shah Sawar', 'Muhammad Ali', '3640235683489', 'Punjab', 'PAKPATTAN'),
(2712, 'Shah Wazir', 'Mian Gul Khan', '1530553999345', 'KP', 'LOWER DIR (AT TEMERGARA)'),
(2713, 'Shah Zamin', 'Sher Alam', '1570111944517', 'KP', 'UPPER DIR (AT DIR)'),
(2714, 'Shah Zeb', 'Nasrai', '1530790778619', 'KP', 'LOWER DIR (AT TEMERGARA)'),
(2715, 'Shahab-ud-Din', 'Muhammad Shah', '1520157373571', 'KP', 'CHITRAL'),
(2716, 'SHAHAB-UD-DIN', 'MOBEEN ALI', '3630218674695', 'Punjab', 'Multan'),
(2717, 'Shahbaz Ahmad ', 'Fajru Khan ', '3520195567177', 'Punjab', 'LAHORE'),
(2718, 'Shahbaz Ali', 'Rafiq Ahmed Jokhio', '4530447698721', 'Sindh', 'N-Feroze'),
(2719, 'Shahbaz Ali ', 'Mushtaq Ahmed ', '3120103368739', 'Punjab', 'BAHAWALPUR'),
(2720, 'Shahbaz Khaliq ', 'Abdul Khaliq ', '3330337405817', 'Punjab', 'TOBA TEK SINGH'),
(2721, 'Shaheen Ahmed Talbani ', 'Shafiq Iqbal', '8240124623183', 'AJ&K', 'Danna Papa Nar, Sudhnoti'),
(2722, 'Shaheer Hassan alias Mustaqeem', 'Bashir Ahmed', '3220221738455', 'Punjab', 'LAYYAH'),
(2723, 'Shahen Shah', 'Tota', '1560224918157', 'KP', 'SWAT (AT MINGORA)'),
(2724, 'Shahid', 'Shams ul Haq', '1720170674137', 'KP', 'NOWSHERA'),
(2725, 'Shahid @ Karela', 'Abdur Raheem', '1210177939617', 'KP', 'DERA ISMAIL KHAN'),
(2726, 'Shahid Ali Haidri @ Muhammad Ramzan ', 'Muhammad Suleman Butt', '41201195932095', 'Sindh', 'Dadu'),
(2727, 'Shahid Ali Khan ', 'Shah Zaman', '1560138978621', 'KP', 'SWAT (AT MINGORA)'),
(2728, 'Shahid Bibkik ', 'Khair Muhammad', '4210135880469', 'Sindh', 'Karachi'),
(2729, 'Shahid Hussain ', 'Mayoon Shah', '7150129682969', 'Gilgit-Baltistan', 'GILGIT'),
(2730, 'Shahid Hussain ', 'Mulazim Hussain ', '3120485422041', 'Punjab', 'BAHAWALPUR'),
(2731, 'Shahid Hussain ', 'Nazar Hussain', '3630203404239', 'Punjab', 'MULTAN'),
(2732, 'Shahid Imran alias Ramzan Shahdi ', 'Muhammad Sharif ', '3330178347857', 'Punjab', 'TOBA TEK SINGH'),
(2733, 'Shahid Iqbal ', 'Allah Ditta ', '3740698007765', 'Punjab', 'MUZAFFARGARH'),
(2734, 'Shahid Irfan', 'Nayamat Ali ', '3520229749001', 'Punjab', 'LAHORE'),
(2735, 'Shahid Khan', 'Abdul Azeem', '1530774335517', 'KP', 'LOWER DIR (AT TEMERGARA)'),
(2736, 'Shahid Khan @ Khalifa Muhammad ', 'Saib Khan', '2170467394459', 'Sindh', 'Karachi'),
(2737, 'Shahid Khan Shirani', 'Ibrahim Shirani', '1210179898793', 'KP', 'DERA ISMAIL KHAN'),
(2738, 'Shahid Mahmood', 'Muhammad Aslam', '3310008176211', 'Punjab', 'FAISALABAD'),
(2739, 'Shahid Mehmood', 'Khalid Iqbal ', '3130395390483', 'Punjab', 'RAHIM YAR KHAN'),
(2740, 'Shahid Munir ', 'Muhammad Younas ', '3520116940403', 'Punjab', 'LAHORE'),
(2741, 'Shahid Raza ', 'Ziaullah', '4420327785751', 'Sindh', 'SANGHAR'),
(2742, 'Shahid Zarin', 'Khan Zarin', '1530501300727', 'KP', 'LOWER DIR (AT TEMERGARA)'),
(2743, 'Shahnoor Rehman ', 'Asal Jan', '2170657146759', 'KP', 'S.WAZIRISTAN (AT WANA)'),
(2744, 'Shahzad ', ' Baba Jan.', '7150141341369', 'Gilgit-Baltistan', 'GILGIT'),
(2745, 'SHAHZAD AHMAD', 'MUHAMMAD ASLAM', '3420104235505', 'Punjab', 'Gujrat'),
(2746, 'SHAHZAD AKRAM', 'MUHAMMAD AKRAM', '3420275585861', 'Punjab', 'Gujrat'),
(2747, 'Shahzad Shafique ', 'Muhammad Shafique', '3520230251397', 'Punjab', 'LAHORE'),
(2748, 'Shahzada Ghulam Hussain', 'Inayat Hussain', '3520201358705', 'Punjab', 'LAHORE'),
(2749, 'Shaikh Izhar @ Imran ', 'Shaikh Ansar Ahmed', '4240119988075', 'Sindh', 'Karachi'),
(2750, 'Shaikh Muhammad Adeel', 'Abdul Shakoor', '0000000000004', 'Sindh', 'KARACHI SOUTH'),
(2751, 'Shair Muhammad (Caste Rajpoot Bhatti)', 'Noor Hassan', '3620110008829', 'Punjab', 'LODHRAN'),
(2752, 'Shakeel', 'Gul Mohammad', '1610163687437', 'KP', 'UPPER DIR (AT DIR)'),
(2753, 'Shakeel', 'Faqir Hussain', '1730146224531', 'KP', 'PESHAWAR'),
(2754, 'Shakeel', 'Janat Khan', '6110163560317', 'KP', 'KOHAT'),
(2755, 'Shakeel Afridi', 'as', '1111111111136', 'KP', 'PESHAWAR'),
(2756, 'Shakeel Ahmad ', 'Abdul Jabbar', '3530136948373', 'Punjab', 'OKARA'),
(2757, 'Shakeel Ahmad Rashid ', 'Huji Muhammad Sharif', '3660116095911', 'Punjab', 'VEHARI'),
(2758, 'Shakeel Ahmed', 'Muhammad Aslam', '3740681977161', 'Punjab', 'RAWALPINDI'),
(2759, 'Shakeel Ahmed ', 'Abdul Hameed.', '7150190255983', 'Gilgit-Baltistan', 'GILGIT'),
(2760, 'Shakeel Ahmed ', 'Shabir Ahmed Ghangro ', '4530243635019', 'Sindh', 'NAUSHAHRO FEROZE'),
(2761, 'Shakeel Ahmed @ Hanzala ', 'Imam Bux', '4240123841233', 'Sindh', 'Karachi'),
(2762, 'Shakeel Ahmed Alias Ali', 'Abid Hussain', '3320169843199', 'Punjab', 'CHINIOT'),
(2763, 'Shakeel Haider', 'Zawar Hussain', '3810235456245', 'Punjab', 'Bhakkar   '),
(2764, 'Shakeel Shahzad ', 'Muhammad Sharif', '3420103444669', 'Punjab', 'GUJRAT'),
(2765, 'Shakir', 'Habib Khan', '1570109558327', 'KP', 'UPPER DIR (AT DIR)'),
(2766, 'Shakir', 'Mohammad Rahim', '3520227550973', 'KP', 'UPPER DIR (AT DIR)'),
(2767, 'Shakir Hussain', 'Muhammad Hussain', '3220378907493', 'Punjab', 'LAYYAH'),
(2768, 'Shakir Hussain Naqvi', 'Nazar Husain Shah Naqvi', '3710160565093', 'Punjab', 'Attock    '),
(2769, 'Shakir Hussain s', 'Muhammad Hussain', '1620265032377', 'KP', 'SWABI'),
(2770, 'Shalyar', 'Muhammad Arif', '1570142187285', 'KP', 'UPPER DIR (AT DIR)'),
(2771, 'Shamas Ul Haq ', 'Abdul Hameed ', '3710557304823', 'Punjab', 'Attock    '),
(2772, 'Shams ul Hadi', 'Fazal Rabi @ Koka', '1510196288183', 'KP', 'BUNER'),
(2773, 'Shams ul Nabi Moavia', 'Chashti Khan', '1520214818923', 'KP', 'PESHAWAR'),
(2774, 'Shams ul Qamar', 'Ismail', '1620209835511', 'KP', 'SWABI'),
(2775, 'Shams-ud-Din', 'Mohammad Usman Nothani.', '5410122945281', 'Balochistan', 'Khuzdar'),
(2776, 'Shamshad Ahmad alias Abu Hanzala', 'Muhammad Sakhi', '3810106165847', 'Punjab', 'BHAKKAR'),
(2777, 'Shamsher', 'Rahman Zarin', '1570154586681', 'KP', 'UPPER DIR (AT DIR)'),
(2778, 'Shamsher', 'Faiz Ali', '1570176838991', 'KP', 'UPPER DIR (AT DIR)'),
(2779, 'Shan Hussain ', 'Amjad Hussain ', '3630234100255', 'Punjab', 'MULTAN'),
(2780, 'Shaukat Abbas ', 'Muhammad Afzal ', '3320213382031', 'Punjab', 'JHANG'),
(2781, 'Shaukat Ali ', 'Kazim Ali', '3320342479557', 'Punjab', 'JHANG'),
(2782, 'Shaukat Ali', 'Habib Ullah', '1560218332633', 'KP', 'SWAT (AT MINGORA)'),
(2783, 'Shaukat Hussain', 'Sakhawat Hussain', '3320285157663', 'Punjab', 'Jhang'),
(2784, 'Shedi Khan', 'Muhammad Shareef', '3710421371565', 'Punjab', 'Attock    '),
(2785, 'Shehbaz Khan', 'Muhammad Arif', '1570111684067', 'KP', 'UPPER DIR (AT DIR)'),
(2786, 'Shehriyar', 'Alamgir', '1220127170239', 'KP', 'S.WAZIRISTAN (AT WANA)'),
(2787, 'Shehzad', 'Sher Dil Khan', '1310163266011', 'KP', 'ABBOTTABAD'),
(2788, 'Shehzad Haider Danish ', 'Laal Khan ', '3230347726953', 'Punjab', 'MUZAFFARGARH'),
(2789, 'Shehzad Hussain ', 'Miraj Din ', '3310226563357', 'Punjab', 'FAISALABAD'),
(2790, 'Shehzada', 'Said Haleem', '1530522234017', 'KP', 'LOWER DIR (AT TEMERGARA)'),
(2791, 'Sheikh Mirza Ali ', 'Mohsin Ali.', '7150311820071', 'Gilgit-Baltistan', 'GILGIT'),
(2792, 'Sheikh Qaisar ', 'Hussain', '4220140089625', 'Gilgit-Baltistan', 'GILGIT'),
(2793, 'Sheikh Sarwar Hussain ', 'Muhammad Deen', '4240170662981', 'Sindh', 'Karachi'),
(2794, 'Sher Afzal', 'Qari @ Kakoray', '1510146844485', 'KP', 'BUNER'),
(2795, 'Sher Afzal ', 'Rehman ', '3740114570373', 'Punjab', 'MANDI BAHAUDDIN'),
(2796, 'Sher Afzal Khan', 'Abdul Majeed', '1310128377385', 'KP', 'Abbottabad'),
(2797, 'Sher Alam', 'Siraj', '1730141777157', 'KP', 'PESHAWAR'),
(2798, 'Sher Ali', 'Gul Zaman @ Sher Zaman', '2110654122273', 'KP', 'LOWER DIR (AT TEMERGARA)'),
(2799, 'Sher Ali', 'Gul Sher', '4220125018053', 'KP', 'BUNER'),
(2800, 'Sher Ali Khan ', 'Lateef Khan ', '4240161566557', 'Sindh', 'Karachi'),
(2801, 'Sher Azim', 'Zarawar', '1570111738409', 'KP', 'UPPER DIR (AT DIR)'),
(2802, 'Sher Gul', 'Ghani @ Essa', '1510144592919', 'KP', 'BUNER'),
(2803, 'Sher Jan ', 'Khalid Jan ', '7150175592917', 'Gilgit-Baltistan', 'GILGIT'),
(2804, 'Sher Muhammad', 'Muhammad Yousuf', '1430177160505', 'KP', 'KOHAT'),
(2805, 'Sher Muhammad', 'Taj Muhammad', '1530209454465', 'KP', 'LOWER DIR (AT TEMERGARA)'),
(2806, 'Sher Ullah', 'Khyber', '1570174717787', 'KP', 'UPPER DIR (AT DIR)'),
(2807, 'Sher Zada', 'Shams ur Rahman', '1570155482317', 'KP', 'UPPER DIR (AT DIR)'),
(2808, 'Shezan Rasheed ', 'M. Rasheed', '8240138335533', 'AJ&K', 'Sudhnoti'),
(2809, 'Shiekh Bilal Sumairi ', ' Dayood.', '4220175653929', 'Gilgit-Baltistan', 'NAGAR'),
(2810, 'Shifa Ullah', 'Allah Bakhsh', '3610207831387', 'Punjab', 'BHAKKAR'),
(2811, 'Shoaib', 'Habib Ur Rehman', '2110420690813', 'KP', 'BAJAUR (AT KHAR BAJAUR)'),
(2812, 'Shoaib ', 'Ibadat.', '7150149549911', 'Gilgit-Baltistan', 'GILGIT'),
(2813, 'Shoaib ', 'Aqal Khan', '1410203707447', 'KP', 'HANGU'),
(2814, 'Shoaib', 'Shamraiz, Caste Pathan', '1310151908115', 'KP', 'ABBOTTABAD'),
(2815, 'Shoaib', 'Nazir', '1730171737825', 'KP', 'LOWER DIR (AT TEMERGARA)'),
(2816, 'Shoaib', 'Gul Rehman', '1560276759643', 'KP', 'SWAT (AT MINGORA)'),
(2817, 'Shoaib Dawood Sheikh ', 'Sheikh Ahmed Dawood ', '3520257370559', 'Punjab', 'LAHORE'),
(2818, 'Shoaib Nadeem ', 'Abdul Ghafoor Nadeem', '4210103361935', 'Sindh', 'Karachi'),
(2819, 'Shoukat Ali ', 'Syed Muhammad Shafi Shah ', '3540375391147', 'Punjab', 'FAISALABAD'),
(2820, 'SHOUKAT HAYAT', 'SIRAJ GULL', '1620159932941', 'Punjab', 'Okara'),
(2821, 'Shoukat Naz ', 'Murad Ali Sumalani.', '5410157303397', 'Balochistan', 'CHAGAI (AT DALBANDIN)'),
(2822, 'Siddique Akbar @ Babu ', 'Muhammad Asghar Ali', '4210118310725', 'Sindh', 'Karachi'),
(2823, 'Sifat Ullah', 'Umar Gul', '1111111111115', 'KP', 'PESHAWAR'),
(2824, 'Sijjad Bajwa ', 'Muhammad Ismaeel', '3430118002045', 'Punjab', 'HAFIZABAD'),
(2825, 'Sikandar Hayat (Caste Awan)', 'Muhammad Hayat', '3840475600881', 'Punjab', 'SARGODHA'),
(2826, 'Sikander Raza ', 'Muhammad Raza', '421015256349', 'Sindh', 'Karachi'),
(2827, 'Sikander Shah ', 'Mir Muhammad Shah', '4130155987365', 'Sindh', 'Matiari'),
(2828, 'Sir Zamin', 'Majeed Khan', '1570111861509', 'KP', 'UPPER DIR (AT DIR)'),
(2829, 'Siraj Ahmad', 'Mukhtar Ahmad', '1620214324313', 'KP', 'SWABI'),
(2830, 'Siraj Uddin', 'Muhib Mohammad .', '1570105812563', 'KP', 'UPPER DIR (AT DIR)'),
(2831, 'Siraj Ullah @ Qari Siraj', 'Gulzar Saeed ', 'NIL', 'Sindh', 'Karachi'),
(2832, 'Sohail', 'Azat Khan', '1530606754415', 'KP', 'LOWER DIR (AT TEMERGARA)'),
(2833, 'Sohail Anjum ', 'Muhammad Yasin ', '3440268253395', 'Punjab', 'MANDI BAHAUDDIN'),
(2834, 'Sohail Aslam alias Zakki ', 'Haq Nawaz ', '3320244641633', 'Punjab', 'JHANG'),
(2835, 'Sohail Ijaz ', 'Ijaz Hussain ', '3810138302127', 'Punjab', 'BHAKKAR'),
(2836, 'Sohail Imran ', 'Muhammad Shafi', '3320246267483', 'Punjab', 'JHANG'),
(2837, 'Subhan Ullah', 'Abdul Hamid', '1570196175309', 'KP', 'UPPER DIR (AT DIR)'),
(2838, 'Subhan Ullah', 'Yousaf Khan', '', 'KP', 'Dir Lower'),
(2839, 'Subhan-e-Mulk', 'Dilawar Khan', '1530572587017', 'KP', 'LOWER DIR (AT TEMERGARA)'),
(2840, 'Suleman', 'Jahanzeb', '1720166178189', 'KP', 'NOWSHERA'),
(2841, 'Sultan @ Sultany', 'Mehmood', '1530209228939', 'KP', 'LOWER DIR (AT TEMERGARA)'),
(2842, 'Sultan Ahmed Alias Bahoo', 'Noor Muhammad', '3710503775065', 'Punjab', 'ATTOCK'),
(2843, 'Sultan Mehmood', 'Shaukat Ali', '3320313831623', 'Punjab', 'Jhang'),
(2844, 'Sultan Mehmood Buneri @ Saifullah ', 'Syed Talib ', '4210116892587', 'Sindh', 'Karachi'),
(2845, 'Sultan Mohammad', 'Rahman Gul', '1570128335385', 'KP', 'Dir Upper'),
(2846, 'Sultan Rahman', 'Yousif', '1570111654285', 'KP', 'UPPER DIR (AT DIR)'),
(2847, 'Sultan Wali', 'Ghulam Farooq', '1520187900597', 'KP', 'CHITRAL'),
(2848, 'Sultan Zeb', 'Walab', '1510182019287', 'KP', 'BUNER'),
(2849, 'Syed Abbas Ali', 'Syed Ibrahim Shah', '5440005528697', 'Balochistan', 'QUETTA'),
(2850, 'Syed Abbas Hamdani Aka Abbas Mohsin', 'Syed Mohsin Raza', '3410101290695', 'Punjab', 'GUJRANWALA'),
(2851, 'Syed Abbas Hussain ', 'Syed Bashir Hussain Shah ', '3810255655789', 'Punjab', 'BHAKKAR'),
(2852, 'Syed Afzaal Hussain Shah ', 'Syed Sajjad Hussain Shah', '3520228170497', 'Punjab', 'LAHORE'),
(2853, 'Syed Agha Imran Mohsan Naqvi', 'Syed Agha Zameer-ul-Hassan Naqvi ', '3220225363711', 'Punjab', 'LAYYAH'),
(2854, 'Syed Ahmed Abbas', 'Syed Muhammad Askar', '1430194472011', 'KP', 'KOHAT'),
(2855, 'Syed Ahmed Ali Shah', 'Syed Abid Hussain Shah (Late)', '3720117584191', 'Punjab', 'CHAKWAL'),
(2856, 'Syed Ahmed Raza @ Hunzala ', 'Syed Shabbir Hussain ', 'NIL', 'Sindh', 'Karachi'),
(2857, 'Syed Ali Muhammad Naqvi ', 'Taswar Hussain ', '4230118350235', 'Sindh', 'Karachi'),
(2858, 'Syed Ali Raza ', 'Manzoor Hussain ', '3460321551227', 'Punjab', 'SIALKOT'),
(2859, 'Syed Ali Zain-ul-Abideen ', 'Syed Ajaib Ali', '3820151773203', 'Punjab', 'KHUSHAB'),
(2860, 'Syed All Abbas Shah', 'Riaz Hussain', '3330243338965', 'Punjab', 'TOBA TEK SINGH'),
(2861, 'Syed Ameer Haider Sherazi ', 'Syed Mureed Hussain Sherazi ', '3820112111743', 'Punjab', 'KHUSHAB'),
(2862, 'Syed Amjad Ali Naqvi', 'Syed Shabbir Hussain Naqvi', '3630262265457', 'Punjab', 'LODHRAN'),
(2863, 'Syed Anees Abbas Zaidi', 'Syed Zaigham Abbas Zaidi', '3320110886811', 'Punjab', 'CHINIOT'),
(2864, 'Syed Anjum Abbas Naqvi ', 'Syed Ikram Ali Shah ', '3520232234577', 'Punjab', 'LAHORE'),
(2865, 'Syed Anjum Hussain Bukhari', 'Intazar Hussain Shah Bukhari ', '3420225647729', 'Punjab', 'GUJRAT'),
(2866, 'Syed Anwar Ali Shah', 'Syed Atta Hussain Shah', '3630297579901', 'Punjab', 'Multan'),
(2867, 'Syed Anwar Hussain Shamsi ', 'Syed Nazar Hussain Shamsi ', '3130254392477', 'Punjab', 'RAHIM YAR KHAN'),
(2868, 'Syed Asad Abbas', 'Syed Manzoor Hussain', '3440114227999', 'Punjab', 'MANDI BAHAUDDIN'),
(2869, 'Syed Asad Ali', 'Ghulam Haider', '3840118930469', 'Punjab', 'SARGODHA'),
(2870, 'Syed Asad Ullah ', 'Syed Atta Ullah ', '3460379753823', 'Punjab', 'SIALKOT'),
(2871, 'Syed Asghar Abbas Naqvi', 'Karam Hussain Shah', '6110135552347', 'ICT', 'ISLAMABAD\r\n'),
(2872, 'Syed Ashiq Hussain Bukhari ', 'Manzoor Hussain  Shah', '3320108872477', 'Punjab', 'CHINIOT'),
(2873, 'Syed Atif Raza ', 'Syed Rehmat Ali Naqvi Bukhari ', '3520227179359', 'Punjab', 'LAHORE'),
(2874, 'Syed Azhar Hussain Rizvi @ Major ', 'Syed Shabbir Hussain ', '4210177692623', 'Sindh', 'Karachi'),
(2875, 'Syed Bakht Bedar  Hussain ', 'Syed Nazar Hussain Shah', '3320115927903', 'Punjab', 'CHINIOT'),
(2876, 'Syed Baqir Hussain', 'Syed Bashir Hussain ', '3810190871031', 'Punjab', 'BHAKKAR'),
(2877, 'Syed Chan Peer ', 'Syed Sardar Shah ', '3120372292503', 'Punjab', 'BAHAWALPUR'),
(2878, 'Syed Ejaz Haider ', 'Syed Shabbir Hussain Shah ', '3740649728261', 'Punjab', 'RAWALPINDI'),
(2879, 'Syed Faisal Ali Shah ', 'Ghulam Akbar Shah ', '3320201949857', 'Punjab', 'JHANG'),
(2880, 'Syed Farooq Shah ', 'Mehmood Shah', '4520488797481', 'Sindh', 'Khairpur'),
(2881, 'Syed Fazal Hussain Shah', 'Syed Atta Hussain Shah', '3130324357097', 'Punjab', 'Rahim Yar Khan'),
(2882, 'Syed Ghulam Kazim Shah ', 'Syed Raham Ali Shah ', '3120317331497', 'Punjab', 'BAHAWALPUR'),
(2883, 'Syed Haider Abbas Naqvi ', 'Syed Imtiaz Hussain Shah ', '3320259902051', 'Punjab', 'JHANG'),
(2884, 'Syed Haider Ali Shah ', 'Syed Sakhawat Hussain Shah ', '1350330802289', 'Punjab', 'RAWALPINDI'),
(2885, 'Syed Hasnain Raza ', 'Syed Ghulam Murtaza ', '3130315478367', 'Punjab', 'RAHIM YAR KHAN'),
(2886, 'Syed Hassan Mahndi Zaidi ', 'Syed Zahoor Hussain Zaidi ', '3640157935349', 'Punjab', 'PAKPATTAN'),
(2887, 'Syed Hassan Shah Kazmi ', ' Abdullah Shah', '7150185529413', 'Gilgit-Baltistan', 'GILGIT'),
(2888, 'Syed Ibrar Ali Shah', 'Mushtaq Ali Shah', '1730149756553', 'KP', 'PESHAWAR'),
(2889, 'Syed Iftikhar Hussain Shah ', 'Syed Khadim Hussain Shah ', '3810223323935', 'Punjab', 'BHAKKAR'),
(2890, 'Syed Ijaz Hussain Shah ', 'Syed Ashiq Hussain ', '3730242063889', 'Punjab', 'MANDI BAHAUDDIN'),
(2891, 'Syed Ikhlaq Hussain Shah ', 'Syed Ghulam Murtaza Shah ', '3320110442523', 'Punjab', 'CHINIOT'),
(2892, 'Syed Imran Ali Gillani Caste Syed', 'Syed Sajjad Haider ', '3420198520763', 'Punjab', 'GUJRAT'),
(2893, 'Syed Imtiaz Husssain Shah ', 'Syed Zamir Hussain Shah', '4520331220391', 'Sindh', 'Khairpur'),
(2894, 'Syed Intizar Hussain Shah ', 'Syed Bashir Hussain Shah ', '3450119625579', 'Punjab', 'NAROWAL'),
(2895, 'Syed Irfan Ali ', 'Haji Syed Dilbar Hussain ', '3410361133333', 'Punjab', 'GUJRANWALA'),
(2896, 'Syed Ittehad Shah ', 'Muhammad Rafiq', '4220169774089', 'Sindh', 'Karachi'),
(2897, 'Syed Khadim Hussain ', 'Syed Gulzar Hussain Shah ', '3110295801613', 'Punjab', 'BAHAWALNAGAR'),
(2898, 'Syed lmran Hussain', 'Syed Munawar Hussain Shah', '3840103140261', 'Punjab', 'SARGODHA'),
(2899, 'Syed Mazhar Abbas alis Shah G ', 'Sher Muhammad ', '3310097789521', 'Punjab', 'FAISALABAD'),
(2900, 'Syed Mehmood Haider Shah Bukhari (CAste Syed Bukha', 'Javed Haider Shah', '3460207253937', 'Punjab', 'SIALKOT'),
(2901, 'Syed Mohib Ullah', 'Syed Haji Ahmed Ullah', '5440090472801', 'Balochistan', 'QUETTA'),
(2902, 'Syed Mudassir Abbas', 'Syed Abid Hussain Shah', '3710116818387', 'Punjab', 'Attock    '),
(2903, 'Syed Muhammad ', 'Naik Muhammad / yar Muhammad', '5440042981825', 'Balochistan', 'QUETTA'),
(2904, 'Syed Muhammad Arif Rizvi', 'Syed Muhammad Anwar ', 'NIL', 'Sindh', 'Karachi'),
(2905, 'Syed Muhammad Athar Jillani', 'Munawar Hussain Jillani', '3240389190513', 'Punjab', 'KHANEWAL'),
(2906, 'Syed Muhammad Hashim ', 'Syed Abdul Qadeer ', '3120101067329', 'Punjab', 'BAHAWALPUR'),
(2907, 'Syed Muhammad Hassan Zaidi ', 'Syed Zulfiqar Hussain Zaidi', '3230183985181', 'Punjab', 'MUZAFFARGARH'),
(2908, 'Syed Muhammad Raza Kazmi ', 'Syed Ashraf Hussain ', '3130310646765', 'Punjab', 'RAHIM YAR KHAN'),
(2909, 'Syed Muhammad Siddique Jillani', 'Munawar Hussain Jillani', '3240377346453', 'Punjab', 'KHANEWAL'),
(2910, 'Syed Mujahid Ali Shah ', 'Syed Habdar Hussain Shah ', '6110198887559', 'Punjab', 'RAWALPINDI'),
(2911, 'Syed Mujtaba Haider ', 'Syed Walayat Ali Shah ', '3440179120985', 'Punjab', 'MANDI BAHAUDDIN'),
(2912, 'Syed Munir Hussain Shah ', 'Syed Mukhtar Hussain Shah ', '3740631948723', 'Punjab', 'RAWALPINDI'),
(2913, 'Syed Musarrat Hussain.', 'Syed Agha Hussain', '5440019018569', 'Balochistan', 'QUETTA'),
(2914, 'Syed Mussarat Shah', 'Syed Kewan Shah ', '1430125130731', 'KP', 'KOHAT'),
(2915, 'Syed Naeem Hyder Najfi @ Bara', 'Syed Najaf Hussan ', '4210161885766', 'Sindh', 'Karachi'),
(2916, 'Syed Nasir Abbas ', 'Taqi Abbas ', '3440318355285', 'Punjab', 'MANDI BAHAUDDIN'),
(2917, 'Syed Naveed Akhtar ', 'Syed Akhtar Ali ', '3810210423881', 'Punjab', 'BHAKKAR'),
(2918, 'Syed Nazar Abbas ', 'Syed Riaz Hussain', '3660376863621', 'Punjab', 'VEHARI'),
(2919, 'Syed Niaz Rahim', 'Syed Sharif Hakim', '1111111111111', 'KP', 'MALAKAND P.A.'),
(2920, 'Syed Nizar Shah ', 'Syed Ghuldan Shah', '1520248675603', 'KP', 'CHITRAL'),
(2921, 'Syed Qaim Raza ', 'Syed Muhammad Ishati', '4210163460605', 'Sindh', 'Karachi'),
(2922, 'Syed Qamar Hussain Zaidi ', 'Syed Razi Shah ', '3130377940757', 'Punjab', 'RAHIM YAR KHAN'),
(2923, 'Syed Qasim Raza ', 'Imam Ali Shah ', '3440129115003', 'Punjab', 'MANDI BAHAUDDIN'),
(2924, 'Syed Qasir Ameer', 'Syed Ameer Hussain Shah', '3120268141949', 'Punjab', 'BAHAWALPUR'),
(2925, 'Syed Qayim  Ali Shah Kazmi ', 'Syed Ibrahim Shah Kazmi', '4220198699569', 'Gilgit-Baltistan', 'GILGIT'),
(2926, 'Syed Rashid Ali Shah ', 'Syed Zeeshan Ali Shah ', '3340103638973', 'Punjab', 'Chiniot'),
(2927, 'Syed Raza Abbas Hamdani', 'Syed Shafqat Ali Shah Hamdani', '3650274842975', 'Punjab', 'SAHIWAL'),
(2928, 'Syed Raza Hussain Shah', 'Safdar Ali Shah ', '3310010252441', 'Punjab', 'FAISALABAD'),
(2929, 'Syed Rizwan Haider', 'Syed Safdar Hussain ', '3440186174087', 'Punjab', 'MANDI BAHAUDDIN'),
(2930, 'Syed Saim Ali ', 'Syed Asim Ali', '4220163257639', 'Sindh', 'Karachi'),
(2931, 'Syed Sajawal Munir', 'Munir Hussain Shah', '3420294963761', 'Punjab', 'GUJRAT'),
(2932, 'Syed SAJID ALI ', 'Syed ZAWAR HUSSAIN Shah', '3320114468689', 'Punjab', 'CHINIOT'),
(2933, 'Syed Sajid Ali Naqvi ', 'Muhammad Ali ', '3460321416923', 'Punjab', 'SIALKOT'),
(2934, 'Syed Samar Abbas ', 'Syed Alamdar Hussain', '3110116580213', 'Sindh', 'Karachi'),
(2935, 'Syed Sardar Shah ', 'Syed Zameer Haider Shah ', '3120482138481', 'Punjab', 'BAHAWALPUR'),
(2936, 'SYED SHAFQAT HUSSAIN SHAH', 'SYED QAISAR ALI SHAH', '3420195217969', 'Punjab', 'GUJRAT'),
(2937, 'Syed Shahid Hussain alias Shade Shah ', 'Inayat Ali ', '3520151609455', 'Punjab', 'LAHORE'),
(2938, 'Syed Shakeel Ali Raza Naqvi ', 'Syed Sajjad Hussain Shah Naqvi ', '3740698217259', 'Punjab', 'RAWALPINDI'),
(2939, 'Syed Shakir Hussain ', 'Syed Abbas Ali Shah ', '3120273022183', 'Punjab', 'BAHAWALPUR'),
(2940, 'Syed Suleman Saqib @ Ali Junaid', 'Abdul Rauf', '4250110488289', 'Sindh', 'KARACHI SOUTH'),
(2941, 'Syed Tahir Ali ', 'Syed Riaz Hussain ', '3240480410739', 'Punjab', 'RAJANPUR'),
(2942, 'Syed Wasim Abbas Shah ', 'Syed Ahmad Ali Shah ', '3120429629767', 'Punjab', 'BAHAWALPUR'),
(2943, 'Syed Yasir Abbas', 'Syed Azmat Ali  Shah', '3740681015857', 'Punjab', 'RAWALPINDI'),
(2944, 'Syed Zafar Ali Shah ', 'Syed Said Ali Shah   ', '3120219646999', 'Punjab', 'BAHAWALPUR'),
(2945, 'Syed Zahid Alisha', 'Khadim Hussain', '1730107107977', 'KP', 'PESHAWAR'),
(2946, 'Syed Zaigham Abbas Kazmi', 'Syed Nisar Hussain Kazmi', '3420174547993', 'Punjab', 'GUJRAT'),
(2947, 'Syed Zakir Hussain', 'Juma', '5440020019573', 'Balochistan', 'QUETTA'),
(2948, 'Syed Zeeshan Abbas Shah Hamdani', 'Syed Ghulam Abbas Shah ', '3310577112099', 'Punjab', 'FAISALABAD'),
(2949, 'Syed Zia Hussain Shah ', 'Khalid Hussain Shah', '4240118747173', 'Sindh', 'Karachi'),
(2950, 'Tabasam Sibtain Ali ', 'Nazeer Hussain Shah ', '1210187015741', 'Punjab', 'BHAKKAR'),
(2951, 'Tabassum Raza', 'Nayyar Hussain Zaidi', '3320116104761', 'Punjab', 'CHINIOT'),
(2952, 'Tabbasum Abbas', 'Ejaz Hussain', '3720178576793', 'ICT', 'ISLAMABAD\r\n'),
(2953, 'Taha @ Viki ', 'Badar Ahmed', '42101878012883', 'Sindh', 'Karachi'),
(2954, 'Tahir', 'Juma Khan', '1610159777359', 'KP', 'MARDAN'),
(2955, 'Tahir Abbas @ Bawa', 'Zameer Hussain Shah @ Hubdar Hussain', '1330277071443', 'KP', 'HARIPUR'),
(2956, 'Tahir Abdullah', 'Nawab Din', '3320355349181', 'Punjab', 'JHANG'),
(2957, 'Tahir Hayat Abbasi ', 'Hafiz Abdul Kareem Abbasi ', '3120215825655', 'Punjab', 'BAHAWALPUR'),
(2958, 'Tahir Mehmood Haidri ', 'Muhammad Tufail Haidri ', '3740271084931', 'Punjab', 'RAWALPINDI'),
(2959, 'Tahir Sardar alias Baksha', 'Sardar Ahmad', '3840125063031', 'Punjab', 'SARGODHA'),
(2960, 'Taj Ali @ Taju', 'Sayada Khan', '4240132428657', 'Sindh', 'Karachi'),
(2961, 'Taj Mohammad', 'Khan Mohammad', '5210357794367', 'Balochistan', 'GWADAR'),
(2962, 'Taj Muhammad', 'Noor Muhammad', '1720182258065', 'KP', 'NOWSHERA'),
(2963, 'Taj Muhammad alias Qari Taj Muhammad Saqib ', 'Fateh Muhammad', '3230341159945', 'Punjab', 'MUZAFFARGARH'),
(2964, 'Taj Muhammad Hanfi ', 'Nazeer Khan ', '1520206574661', 'Sindh', 'Karachi'),
(2965, 'Talib Hussain', 'Shafi Muhammad ', '3110339801651', 'Punjab', 'BAHAWALNAGAR'),
(2966, 'Talib Hussain', 'Malik Mahir', '3240354939993', 'Punjab', 'Rajanpur'),
(2967, 'Talib Hussain', 'Imam Din Mamoo', '3320220373535', 'Punjab', 'Jhang'),
(2968, 'Talib Hussain ', 'Muhammad Nawaz ', '3120369561757', 'Punjab', 'BAHAWALPUR');
INSERT INTO `dnfbp` (`id`, `name`, `fname`, `cnic`, `district`, `province`) VALUES
(2969, 'Talib Hussain ', 'Abdul Hakeem ', '3130324206841', 'Punjab', 'RAHIM YAR KHAN'),
(2970, 'Talib Hussain alias Fani ', 'Muhammad Sadiq', '3660313217187', 'Punjab', 'VEHARI'),
(2971, 'Talimand', 'Hasham', '1510146414061', 'KP', 'BUNER'),
(2972, 'TANVEER ABBAS', 'GHULAM AKBAR', '3220395473941', 'Punjab', 'LAYYAH'),
(2973, 'Tanveer Ahmad ', 'Abdul Shakoor ', '3660388741951', 'Punjab', 'BAHAWALPUR'),
(2974, 'Tanveer Ahmad @ Jarrar', 'Basheer Ahmad', '1220140166615', 'KP', 'S.WAZIRISTAN (AT WANA)'),
(2975, 'Tanveer Ahmed ', 'Bashir Ahmed ', '3710198143981', 'Punjab', 'CHAKWAL'),
(2976, 'Tanveer Anwar ', 'Muhammad  Anwar', '4210163501569', 'Sindh', 'Karachi'),
(2977, 'Tanveer Hussain ', 'Muhammad Hussain ', '3460156037073', 'Punjab', 'SIALKOT'),
(2978, 'Tanvir Sajjad ', 'Muhammad Inayat alias Maroofia ', '3420108530829', 'Punjab', 'GUJRAT'),
(2979, 'Taqi Ullah', 'Ahmad Shah ', '3310277864651', 'Punjab', 'FAISALABAD'),
(2980, 'Taraj Ahmed', 'Rahmat Gul', '1710103684801', 'KP', 'CHARSADDA'),
(2981, 'Tariq', 'Ashraf', '1111111111122', 'KP', 'PESHAWAR'),
(2982, 'Tariq Abbas ', 'Basheer Hussain Khan ', '3810113718663', 'Punjab', 'BHAKKAR'),
(2983, 'Tariq Abbas', 'Muhammad Rafiq', '3220176987201', 'Punjab', 'LAYYAH'),
(2984, 'Tariq Aziz', 'Fazal Aziz', '1710104024287', 'KP', 'Charsada'),
(2985, 'Tariq Bilal ', 'Muhammad Iqbal ', '3210357909465', 'Punjab', 'DERA GHAZI KHAN'),
(2986, 'Tariq Jafari.', 'Sher Ahmed', '5440016979471', 'Balochistan', 'QUETTA'),
(2987, 'Tariq Khan', 'Naik Rehman', '1560168937581', 'KP', 'SWAT (AT MINGORA)'),
(2988, 'Tariq Mahmood ', 'Ghous Bakhsh ', '3240327639833', 'Punjab', 'RAJANPUR'),
(2989, 'Tariq Mahmood', ' Noor Muhammad ', '3460111729761', 'Punjab', 'SIALKOT'),
(2990, 'Tariq Mahmood ', 'Abdul Majeed Khan ', '3120327032265', 'Punjab', 'BAHAWALPUR'),
(2991, 'Tariq Mehmood ', 'Shadi khan ', '3540218497577', 'Punjab', 'Nankana Sahib'),
(2992, 'Tariq Mehmood ', 'Hazoor Ahmad      ', '3120545082295', 'Punjab', 'BAHAWALPUR'),
(2993, 'Tariq Mehmood Abbasi ', 'Abdul Ghafoor Abbasi ', '3740418854013', 'Punjab', 'RAWALPINDI'),
(2994, 'Tasawar Ameen Caste Awan', 'Muhammad Ameen', '3840393193701', 'Punjab', 'KHUSHAB'),
(2995, 'Tasawar Hussain ', 'Ghulam Shabeer ', '3810106261119', 'Punjab', 'BHAKKAR'),
(2996, 'Tasawar Hussain ', 'Muhammad Riaz ', '3330386659219', 'Punjab', 'TOBA TEK SINGH'),
(2997, 'Tayyab Hussain Shah ', 'Muhammad Sarwar ', '3630223387701', 'Punjab', 'MULTAN'),
(2998, 'Taz Meen', 'Fazal Qadar', '1530589970533', 'KP', 'LOWER DIR (AT TEMERGARA)'),
(2999, 'Tehseen Askari', 'Munir Hussain Sethi', '3420290110159', 'Punjab', 'GUJRAT'),
(3000, 'Tila Muhammad', 'Babrak Khan', '', 'KP', 'SWA'),
(3001, 'Toor Khan', 's/o Abdul Majeed .', '1570111877141', 'KP', 'UPPER DIR (AT DIR)'),
(3002, 'Toor Mohammad', 'Qabil', '1570141141867', 'KP', 'UPPER DIR (AT DIR)'),
(3003, 'Toti', 'Sadbar', '1560204170823', 'KP', 'SWAT (AT MINGORA)'),
(3004, 'Touqeer Abbas ', 'Muhammad Ramzan ', '3810215745385', 'Punjab', 'BHAKKAR'),
(3005, 'Touqeer Abbas alias Taqi Shah ', 'Akhtar Abbas ', '3320352473055', 'Punjab', 'JHANG'),
(3006, 'Touqeer Abbasi ', 'Syed Akbar', '8230313949867', 'AJ&K', 'Jhandala, Rawalakot'),
(3007, 'Touseef Ishtiaq', 'Ishtiaq Hussain ', '3720181042391', 'Punjab', 'CHAKWAL'),
(3008, 'Touseef Khan code name Molvi  Akhter ', 'Talib Hussain', '3740569368513', 'AJ&K', 'Harna Mera Rawalakot'),
(3009, 'TS Commander Molvi Azmat Ullah @ Lala', 'Rabistan', '2170603746263', 'KP', 'S.WAZIRISTAN (AT WANA)'),
(3010, 'Ubaid Ullah', 'Muhammad Ashraf Ali', '3110491349377', 'Punjab', 'BAHAWALNAGAR'),
(3011, 'UBAID ULLAH ANWAR', 'Khalil Ahmad ', '3220238480119', 'Punjab', 'LAYYAH'),
(3012, 'Ubaid ur Rehman Qamar ', 'Abdul Hakeem ', '3120538922375', 'Punjab', 'BAHAWALPUR'),
(3013, 'Ubaid Ur Rehman Siddiqui ', 'Abdul Rehman Siddiqui ', '3220320331645', 'Punjab', 'LAYYAH'),
(3014, 'Ubaid-Ur-Rehman', 'Ghulam Sarwar', '3110416908913', 'Punjab', 'BAHAWALNAGAR'),
(3015, 'UBAIDULLAH', 'MUHAMMAD ZAHID', '3640223527319', 'Punjab', 'Pakpattan'),
(3016, 'Ubeedullah @ Hussain @ Sajad @ Oragzai ', 'Abdullah Oragzai Pathan ', '4410391607759', 'Sindh', 'Mirpurkhas'),
(3017, 'ulla', '0', '', 'KP', 'Dir Upper'),
(3018, 'Umair Sajjad', 'Sajjad Akhtar ', '3740665328515', 'Punjab', 'RAWALPINDI'),
(3019, 'Umar Ali  ', 'Muhammad Ramzan', '3320204452845', 'Punjab', 'JHANG'),
(3020, 'Umar Badshah', 'Shams ul Hamid', '1530203841383', 'KP', 'LOWER DIR (AT TEMERGARA)'),
(3021, 'Umar Farooq', 'Mushtaq ahmad', '3710502003135', 'Punjab', 'Attock    '),
(3022, 'Umar Farooq', 'Dost Muhammad', '3740559815317', 'Punjab', 'Attock    '),
(3023, 'UMAR FAROOQ', 'MUHAMMAD SIDDIQUE', '3650179875579', 'Punjab', 'SAHIWAL'),
(3024, 'Umar Farooq', 'Hafiz Habib Ellahi Mansoor', '3710117650237', 'Punjab', 'Attock    '),
(3025, 'Umar Farooq', 'Moulana Abdu-ur-Rauf Nomani', '3660147229181', 'Punjab', 'Vehari'),
(3026, 'Umar Farooq', 'Muhammad Maqbool', '3320166698975', 'Punjab', 'CHINIOT'),
(3027, 'Umar Farooq', 'Sajid Mehmood ', '3740659168477', 'Punjab', 'RAWALPINDI'),
(3028, 'Umar Farooq @ Umer', 'Allah Wasaya ', '4220186421355', 'Sindh', 'Karachi'),
(3029, 'Umar Farooq alias Sardar Mithu', 'Muhammad Sabir', '3840376092279', 'Punjab', 'SARGODHA'),
(3030, 'Umar Hayat', 'Mustafa', '1530680328165', 'KP', 'LOWER DIR (AT TEMERGARA)'),
(3031, 'Umar Rehman', 'Fazal Rehamn', '1530222357105', 'KP', 'LOWER DIR (AT TEMERGARA)'),
(3032, 'Umar Rehman', 'Ghazi Khan', '1570349317955', 'KP', 'UPPER DIR (AT DIR)'),
(3033, 'Umar Said', 'Momin', '1570168837797', 'KP', 'UPPER DIR (AT DIR)'),
(3034, 'Umar Wahid', 'Haji Wali', '1530625392565', 'KP', 'LOWER DIR (AT TEMERGARA)'),
(3035, 'Umer Farooq', 'Muhammad Siddique', '3230429340769', 'Punjab', 'Muzaffargarh'),
(3036, 'Umer Farooq ', 'Noor Hassan', '3130328660949', 'Punjab', 'RAHIM YAR KHAN'),
(3037, 'Umer Khayam ', 'Sulah-ud-Din ', '3520271182373', 'Punjab', 'LAHORE'),
(3038, 'Umer Saeed ', 'Syed Muhammad ', '5440007615239', 'Balochistan', 'QUETTA'),
(3039, 'Umer Zada Alias Dildar', 'Bacha Gul', '1560154038675', 'KP', 'SWAT (AT MINGORA)'),
(3040, 'Ummar Zada ', 'Zainullah ', '1560224505681', 'Sindh', 'Karachi'),
(3041, 'Usama Hamid', 'Bashir Ahmed Hamid', '3130371492117', 'Punjab', 'RAHIM YAR KHAN'),
(3042, 'Usma Ali Qureshi', 'Noor Bazz', '7120235749015', 'Gilgit-Baltistan', 'DIAMIR (AT CHILAS)'),
(3043, 'Usman', 'Nazir', '1730115726037', 'KP', 'PESHAWAR'),
(3044, 'Usman Ghani', 'Abdul Ghani', '1530208619253', 'KP', 'LOWER DIR (AT TEMERGARA)'),
(3045, 'Usman Ghani', 'Abdul Shakoor ', '3310058860369', 'Punjab', 'FAISALABAD'),
(3046, 'Usman Haider', 'Ghulam Haider', '3710440263707', 'Punjab', 'ATTOCK'),
(3047, 'Usman Hanif ', 'Muhammad Hanif', '3540505249301', 'Sindh', 'Karachi'),
(3048, 'Usman Sabir alias Tayyab Pehlwan', 'Muhammad Sabir ', '3310266636469', 'Punjab', 'FAISALABAD'),
(3049, 'Venumdhave Dongara', 'a', '1111111111116', 'KP', 'PESHAWAR'),
(3050, 'Waheed Ahmad alias Kashi ', 'Nazir Ahmad ', '3330304044809', 'Punjab', 'TOBA TEK SINGH'),
(3051, 'Waheed Ahmed', 'Zahoor Ahmed', '3440106413719', 'Punjab', 'MANDI BAHAUDDIN'),
(3052, 'Waheed Ullah Khan', 'Sher Gul', '1111111111111', 'KP', 'MALAKAND P.A.'),
(3053, 'Wahid ullah', 'Mian Gul', '1530554884653', 'KP', 'LOWER DIR (AT TEMERGARA)'),
(3054, 'Wajahat Hussain Farooqi ', 'Sakhawat Hussain Caste Malik ', '3240474614841', 'Punjab', 'RAJANPUR'),
(3055, 'Wakeel Ahmad', 'Muhammad Talib', '3430170446681', 'Punjab', 'HAFIZABAD'),
(3056, 'Walayat Ullah ', 'Muhammad Ishaq ', '3410166843847', 'Punjab', 'GUJRANWALA'),
(3057, 'Wali Mohammad', 'Mir Dost', '1570179616169', 'KP', 'UPPER DIR (AT DIR)'),
(3058, 'Wali Muhammad', 'Haji Sharif', '1730166139621', 'KP', 'Peshawar'),
(3059, 'Wali Muhammad', 'Haji Sharif', '1730163513319', 'KP', 'PESHAWAR'),
(3060, 'Wali Muhammad', 'Muhammad Ali Chandio', '4410402418245', 'Sindh', 'Umerkot'),
(3061, 'Wali Rahman', 'Badshah Khan', '1570147919103', 'KP', 'UPPER DIR (AT DIR)'),
(3062, 'Wali Ullah', 'Rafi Ullah', 'Gx 11058463721', 'KP', 'Dir Lower'),
(3063, 'Wali Ullah Awan ', 'Ahsanullah Awan', '4240135443717', 'Sindh', 'Karachi'),
(3064, 'Waliullah', 'Rafiq Ahmad', '1550595767695', 'KP', 'SHANGLA (AT ALPURI)'),
(3065, 'Waqar Ahmed alias Qari ', 'Muhammad Sardar ', '3640243242929', 'Punjab', 'PAKPATTAN'),
(3066, 'Waqas Abid ', 'Malik Abid Hussain Awan ', '3460398708497', 'Punjab', 'SIALKOT'),
(3067, 'Waqas Ahmad', 'Muhammad Ibrahim', '3410186986503', 'Punjab', 'GUJRANWALA'),
(3068, 'Waqas Ahmed ', 'M. Shafi', '8230310126233', 'AJ&K', 'Chak Dhamni,District Poonch'),
(3069, 'Waqas Ahmed ', 'Dilawar Khan.', '7150112539873', 'Gilgit-Baltistan', 'GILGIT'),
(3070, 'Waqas Haider', 'Waris Ali', '3810399921625', 'Punjab', 'BHAKKAR'),
(3071, 'Waqas Hussain ', 'Nazar Hussain', '3810107733825', 'Punjab', 'BHAKKAR'),
(3072, 'Waqas Shafique Ghuncha', 'Shafique Ahmad Ghuncha ', '3220225266197', 'Punjab', 'LAYYAH'),
(3073, 'Wasal', 'Syed Muhammad', '1111111111124', 'KP', 'PESHAWAR'),
(3074, 'Waseem Abbas ', 'Ghulam Ali ', '3440309982317', 'Punjab', 'MANDI BAHAUDDIN'),
(3075, 'Waseem Abbas ', 'Manzoor Hussain ', '3740503412049', 'Punjab', 'RAWALPINDI'),
(3076, 'Waseem Abbas ', 'Zahoor u Din ', '3320385261729', 'Punjab', 'JHANG'),
(3077, 'Waseem Ahmed Baroodi ', 'Sami Ahmed ', '50472189844', 'Sindh', 'Karachi'),
(3078, 'Waseem Hashmi ', 'Muhammad Sadiq ', '3120204596727', 'Punjab', 'BAHAWALPUR'),
(3079, 'Waseem Sajjad Shah ', 'Sajjad Hussain Shah ', '3810209058013', 'Punjab', 'BHAKKAR'),
(3080, 'Wasif Raza ', 'Mulazim Hussain ', '3320279246369', 'Punjab', 'JHANG'),
(3081, 'Wazir Ahmad ', 'Sawan Khan ', '3210208042123', 'Punjab', 'DERA GHAZI KHAN'),
(3082, 'WAZIR AHMED', 'ALLAH DAWAYA', '3630308059541', 'Punjab', 'Multan'),
(3083, 'Wazir Zada', 'Bakhat Zada', '1710184006171', 'KP', 'CHARSADDA'),
(3084, 'Yaeen @ Khalid Bugti ', 'Ghulam Nabi. ', '5440004500301', 'Balochistan', 'QUETTA'),
(3085, 'Yahya Khan', 'Khudai Rahim', '5310312708051', 'Balochistan', 'KACHHI (BOLAN) (AT DHADAR)'),
(3086, 'Yasir', 'Muhammad Ijaz caste Awan', '1310118805783', 'KP', 'ABBOTTABAD'),
(3087, 'Yasir Akhlas ', 'Muhammad Akhlas ', '4220177827007', 'Sindh', 'Karachi'),
(3088, 'Yasir Ali ', 'Saif Ullah Khan ', '3810104980707', 'Punjab', 'BHAKKAR'),
(3089, 'Yasir Irfat', 'Fazal-e-Wadood', '1530360895297', 'KP', 'LOWER DIR (AT TEMERGARA)'),
(3090, 'Yasir Rehman Jaghranvi', 'Abdul Rehman Jughranvi ', '3520228865045', 'Punjab', 'LAHORE'),
(3091, 'Yawar Abbas ', ' Bakht Ali', '7170403481273', 'Gilgit-Baltistan', 'NAGAR'),
(3092, 'Yousaf', 'Munir', '1730117791609', 'KP', 'PESHAWAR'),
(3093, 'Yousaf Khan', 'Abdul Hakim', '1710203777111', 'KP', 'CHARSADDA'),
(3094, 'Yousaf Shah', 'Ibrahim Shah', '1510103731543', 'KP', 'SWAT (AT MINGORA)'),
(3095, 'Yousaf Shah', 'Ibrahim Shah', '1510103731541', 'KP', 'BUNER'),
(3096, 'Zabeeh Ullah', 'Abdullah', '', 'KP', 'Dir Lower'),
(3097, 'Zafar', 'Mohammad Arif', '1570137511501', 'KP', 'UPPER DIR (AT DIR)'),
(3098, 'Zafar Ali Khan', 'Jamil Ahmad', '1530209178981', 'KP', 'LOWER DIR (AT TEMERGARA)'),
(3099, 'Zafar Ali Shah', 'Zamin Shah', '1530517487375', 'KP', 'LOWER DIR (AT TEMERGARA)'),
(3100, 'Zafar All', 'Ghulam Haider', '3840156288469', 'Punjab', 'SARGODHA'),
(3101, 'Zafar Iqbal', 'Pir Muhammad Khan', '1560232171003', 'KP', 'SWAT (AT MINGORA)'),
(3102, 'Zafar Iqbal ', 'Ahmed Iqbal', '', 'Sindh', 'Hyderabad'),
(3103, 'Zafar Iqbal', 'Muhammad Ejaz', '3710230263867', 'Punjab', 'ATTOCK'),
(3104, 'Zafar Iqbal alias Fauji ', 'Ahmad Ali ', '3420182268963', 'Punjab', 'GUJRAT'),
(3105, 'Zafar Iqbal alias Zafar Farooqi ', 'Nazar Muhammad ', '3440303019551', 'Punjab', 'MANDI BAHAUDDIN'),
(3106, 'Zafar Khursheed', 'Dil Khursheed', '3710485359485', 'Punjab', 'ATTOCK'),
(3107, 'Zafar Mehmood', 'Abdul Ghani', '6110186086381', 'ICT', 'ISLAMABAD\r\n'),
(3108, 'Zafeer Ahmad ', 'Muhammad Fazal-ul-Haq ', '3130152770757', 'Punjab', 'RAHIM YAR KHAN'),
(3109, 'Zafran Khan caste Kakozai ', 'Haji Wazir Khan', '5420311723221', 'Balochistan', 'KILLA ABDULLAH'),
(3110, 'Zahid Abbas ', 'Muhammad Afzal ', '3630247231969', 'Punjab', 'MULTAN'),
(3111, 'Zahid Akram', 'Allah Bakhsh', '3660209892337', 'Punjab', 'Vehari'),
(3112, 'Zahid Anwar Niazi', 'Muhammad Anwar (Late)', '3630203357751', 'Punjab', 'Multan'),
(3113, 'Zahid Bacha', 'Anwar Khan', '1570139257941', 'KP', 'UPPER DIR (AT DIR)'),
(3114, 'Zahid Gul', 'Mera Khan', '1720121248483', 'KP', 'NOWSHERA'),
(3115, 'Zahid Gul @ Hamza ', 'Ghulam Fareed ', '', 'Sindh', 'Karachi'),
(3116, 'Zahid Hussain ', 'Ashiq Hussain ', '4230196085917', 'Sindh', 'Karachi'),
(3117, 'Zahid iqbal', 'Zafar iqbal', '3320403917323', 'Punjab', 'Jhang'),
(3118, 'Zahid Khan', 'Master Abdul Aziz', '1330204930211', 'KP', 'ABBOTTABAD'),
(3119, 'Zahid Mehmood', 'Feroz din', '3460290675373', 'Punjab', 'Sialkot'),
(3120, 'Zahid Mushtaq ', 'Muhammad Mushtaq ', '3410182806289', 'Punjab', 'GUJRANWALA'),
(3121, 'Zahid Shah', 'Javed', '1210197974691', 'KP', 'DERA ISMAIL KHAN'),
(3122, 'Zahid Ullah', 'Abdul Wahab', '', 'KP', 'Dir Lower'),
(3123, 'Zahoor Abbass', 'Muhammad Yousaf.', '7150127558615', 'Gilgit-Baltistan', 'GILGIT'),
(3124, 'Zahoor Ahmad', 'Rehmat Ali', '3640215737891', 'Punjab', 'PAKPATTAN'),
(3125, 'Zahoor Ahmad Gorsi ', 'Ubaid Ul Haq ', '3520099233617', 'Punjab', 'LAHORE'),
(3126, 'Zahoor Ahmed', 'Mehr Mapal', '3320403875181', 'Punjab', 'Jhang'),
(3127, 'Zahoor Hashmi ', 'Mohiuddin Pathan', '4240101084685', 'Sindh', 'Karachi'),
(3128, 'Zahoor Khan', 'Malook Taj', '1720108772038', 'KP', 'NOWSHERA'),
(3129, 'Zahoor-ul-Ameen Hashmi', 'Muhammad Amin Hashmi', '3420216712671', 'Punjab', 'GUJRAT'),
(3130, 'Zaid Mustafa', 'Ghulam Rabbani', '3840396112325', 'Punjab', 'SARGODHA'),
(3131, 'Zaigham Naeem', 'Muhammad Naeem', '3240253074761', 'Punjab', 'RAJANPUR'),
(3132, 'Zain Shahid ', 'Shahid Kamal ', '4210189312781', 'Sindh', 'Karachi'),
(3133, 'Zain-ul-Abdin ', 'Abdul Muneen.', '7150123839137', 'Gilgit-Baltistan', 'GILGIT'),
(3134, 'Zain-ul-Abideen', 'Mirza Zafar Iqbal', '3320404474885', 'Punjab', 'JHANG'),
(3135, 'Zaki Raza ', 'Raja Muhammad Saddique', '3740107057871', 'Punjab', 'RAWALPINDI'),
(3136, 'Zakir Ullah', 'Ihsan Ullah', '1530773159715', 'KP', 'LOWER DIR (AT TEMERGARA)'),
(3137, 'Zakir Ullah', 'Nowsher Rawan', '1540232969029', 'KP', 'UPPER DIR (AT DIR)'),
(3138, 'Zakria Kalim Ullah', 'Molana Atta Ullah ', '3710409673177', 'Punjab', 'ATTOCK'),
(3139, 'Zameer / Zahir Ahmad / Kabeer Ahmad', 'Sagheer/ Zafeer Ahmad', '1310161837275', 'KP', 'ABBOTTABAD'),
(3140, 'Zamin Khan', 'Afridi', '1510103657877', 'KP', 'BUNER'),
(3141, 'Zar Mehmood', 'Sarfaraz', '1530630429395', 'KP', 'LOWER DIR (AT TEMERGARA)'),
(3142, 'Zar Muhammad', 'Yar Muhammad', '1730104724633', 'KP', 'PESHAWAR'),
(3143, 'Zarawar', 'Khalid Khan', '1570108051207', 'KP', 'UPPER DIR (AT DIR)'),
(3144, 'Zardad Khan @ Fateh Gul ', 'Sher Adat Khan', '4130325893919', 'Sindh', 'Hyderabad'),
(3145, 'Zareen Abbas', 'Kazam Ali', '3320393709645', 'Punjab', 'JHANG'),
(3146, 'Zarizadgei @ Perveen ', 'Mewa Khan', '1111111111119', 'KP', 'PESHAWAR'),
(3147, 'Zarmeen Said', 'Amanat Khan', '1620216144887', 'KP', 'SWABI'),
(3148, 'Zawar Hussain Jaffari ', 'Riaz Hussain ', '3320382607307', 'Punjab', 'JHANG'),
(3149, 'Zayed Ahmed Zubair', 'Zubair Ahmed', '4220148251407', 'Punjab', 'Rahim Yar Khan'),
(3150, 'Zeeshan Haider', 'Matloob Hussain Jafri ', '3720198784075', 'Punjab', 'CHAKWAL'),
(3151, 'Zeeshan Haider alias Shani ', 'Khawaja Zahid ', '3440278053295', 'Punjab', 'MANDI BAHAUDDIN'),
(3152, 'Zeeshan Mauvia', 'Hafiz Mehboob', '1330281054861', 'KP', 'HARIPUR'),
(3153, 'Zewar Ahmad', 'Shahir Habib', '1610162397115', 'KP', 'MARDAN'),
(3154, 'Zia Hussain', 'Fida Hussain ', '3820126019459', 'Punjab', 'KHUSHAB'),
(3155, 'Zia Mairaj', 'Mairaj Ud Din Ahmad ', '3520229219367', 'Punjab', 'LAHORE'),
(3156, 'Zia Ud Din', 'Mian Said Laiq', '', 'KP', 'Swat'),
(3157, 'Zia Ullah Shah', 'Sultan Ghani', '1610175854667', 'KP', 'MARDAN'),
(3158, 'Zia ur Raheem ', 'Shams ul Zareen ', '1320151902609', 'KP', 'BATAGRAM (AT BANA)'),
(3159, 'Zia ur Rehman', 'Noor Muhammad', '3710403562369', 'Punjab', 'Attock    '),
(3160, 'Zil E Hussnain Zaidi ', 'Muhammad Ashraf Shah ', '3330221947753', 'Punjab', 'TOBA TEK SINGH'),
(3161, 'Zohaib', 'Muhammad Kareem', '5220329733335', 'Balochistan', 'KECH (AT TURBAT)'),
(3162, 'Zohaib Fiaz', 'Muhammad Fiaz', '3840191009013', 'Punjab', 'SARGODHA'),
(3163, 'Zohaib Hassan Khan @ Pashteen', 'Muhammad Qaddafi', '1220148083689', 'KP', 'S.WAZIRISTAN (AT WANA)'),
(3164, 'Zor Zamin Khan', 'Ferdos Khan', '1530209694525', 'KP', 'LOWER DIR (AT TEMERGARA)'),
(3165, 'Zubair Ahmad ', 'Zahoor Ahmad ', '3340105584919', 'Punjab', 'CHINIOT'),
(3166, 'Zubair Shaheen', 'Abdul Sattar', '1210109109629', 'KP', 'DERA ISMAIL KHAN'),
(3167, 'Zulfiqar Ahmad ', 'Ghulam Rasool ', '3410423343787', 'Punjab', 'GUJRANWALA'),
(3168, 'Zulfiqar Ali ', 'Talib Hussain ', '3310088810677', 'Punjab', 'FAISALABAD'),
(3169, 'Zulfiqar Ali ', 'Mansab Ali ', '3310456127699', 'Punjab', 'FAISALABAD'),
(3170, 'Zulfiqar Ali ', 'Ghulam Akbar ', '3810106697029', 'Punjab', 'BHAKKAR'),
(3171, 'Zulfiqar Au Muavia alias Muavia', 'Taj Muhammad', '3840594928377', 'Punjab', 'SARGODHA'),
(3172, 'Zulfiqar Sasoli ', 'Mir Hassan Khan.', '5140193123225', 'Balochistan', 'KHUZDAR');

-- --------------------------------------------------------

--
-- Table structure for table `employees`
--

CREATE TABLE `employees` (
  `id` int(10) UNSIGNED NOT NULL,
  `basic_salary` double NOT NULL DEFAULT '0',
  `employee_id` varchar(191) COLLATE utf8mb4_unicode_ci DEFAULT NULL,
  `manager_id` int(10) UNSIGNED DEFAULT NULL,
  `department_id` int(10) UNSIGNED DEFAULT NULL,
  `designation_id` int(10) UNSIGNED DEFAULT NULL,
  `start_date` date DEFAULT NULL,
  `status` tinyint(1) NOT NULL DEFAULT '1',
  `employee_type` int(11) NOT NULL DEFAULT '1',
  `working_hours` int(11) NOT NULL,
  `working_days` int(11) NOT NULL DEFAULT '5',
  `bank_name` varchar(191) COLLATE utf8mb4_unicode_ci DEFAULT NULL,
  `account_name` varchar(191) COLLATE utf8mb4_unicode_ci DEFAULT NULL,
  `account_number` varchar(191) COLLATE utf8mb4_unicode_ci DEFAULT NULL,
  `name` varchar(191) COLLATE utf8mb4_unicode_ci DEFAULT NULL,
  `email` varchar(191) COLLATE utf8mb4_unicode_ci DEFAULT NULL,
  `phone_number` varchar(191) COLLATE utf8mb4_unicode_ci DEFAULT NULL,
  `address` varchar(191) COLLATE utf8mb4_unicode_ci DEFAULT NULL,
  `gender` tinyint(1) NOT NULL DEFAULT '1',
  `dob` date DEFAULT NULL,
  `emer_person` varchar(191) COLLATE utf8mb4_unicode_ci DEFAULT NULL,
  `emer_relation` varchar(191) COLLATE utf8mb4_unicode_ci DEFAULT NULL,
  `emer_phone_number` varchar(191) COLLATE utf8mb4_unicode_ci DEFAULT NULL,
  `emer_email` varchar(191) COLLATE utf8mb4_unicode_ci DEFAULT NULL,
  `created_at` timestamp NULL DEFAULT NULL,
  `updated_at` timestamp NULL DEFAULT NULL,
  `reference` varchar(50) COLLATE utf8mb4_unicode_ci DEFAULT NULL
) ENGINE=InnoDB DEFAULT CHARSET=utf8mb4 COLLATE=utf8mb4_unicode_ci;

-- --------------------------------------------------------

--
-- Table structure for table `employee_documents`
--

CREATE TABLE `employee_documents` (
  `employee_id` int(11) NOT NULL,
  `url` text NOT NULL,
  `created_at` timestamp NULL DEFAULT NULL,
  `updated_at` timestamp NULL DEFAULT NULL,
  `id` int(11) NOT NULL
) ENGINE=InnoDB DEFAULT CHARSET=latin1;

-- --------------------------------------------------------

--
-- Table structure for table `employee_policies`
--

CREATE TABLE `employee_policies` (
  `id` int(10) UNSIGNED NOT NULL,
  `employee_id` int(10) UNSIGNED NOT NULL,
  `policy_id` int(10) UNSIGNED NOT NULL,
  `created_at` timestamp NULL DEFAULT NULL,
  `updated_at` timestamp NULL DEFAULT NULL
) ENGINE=InnoDB DEFAULT CHARSET=utf8mb4 COLLATE=utf8mb4_unicode_ci;

-- --------------------------------------------------------

--
-- Table structure for table `expenses`
--

CREATE TABLE `expenses` (
  `id` int(10) UNSIGNED NOT NULL,
  `category_id` int(11) NOT NULL,
  `vendor_id` int(11) DEFAULT NULL,
  `amount` double DEFAULT NULL,
  `bill_number` int(11) DEFAULT NULL,
  `billed_at` date DEFAULT NULL,
  `due_at` date DEFAULT NULL,
  `created_at` timestamp NULL DEFAULT NULL,
  `updated_at` timestamp NULL DEFAULT NULL,
  `image_url` text COLLATE utf8mb4_unicode_ci,
  `status` tinyint(1) NOT NULL,
  `notes` text COLLATE utf8mb4_unicode_ci,
  `expense_type` int(11) DEFAULT NULL,
  `is_book` tinyint(1) DEFAULT '0',
  `entry_no` int(11) DEFAULT NULL
) ENGINE=InnoDB DEFAULT CHARSET=utf8mb4 COLLATE=utf8mb4_unicode_ci;

-- --------------------------------------------------------

--
-- Table structure for table `expense_categories`
--

CREATE TABLE `expense_categories` (
  `id` int(11) NOT NULL,
  `name` varchar(100) NOT NULL,
  `status` tinyint(1) NOT NULL,
  `created_at` timestamp NULL DEFAULT NULL,
  `updated_at` timestamp NULL DEFAULT NULL
) ENGINE=InnoDB DEFAULT CHARSET=utf8mb4;

-- --------------------------------------------------------

--
-- Table structure for table `expense_payments`
--

CREATE TABLE `expense_payments` (
  `id` int(11) NOT NULL,
  `bill_id` int(11) NOT NULL,
  `amount` double NOT NULL,
  `account_id` int(11) NOT NULL,
  `date` date NOT NULL,
  `notes` text,
  `reference` text,
  `payment_method` int(11) NOT NULL,
  `created_at` timestamp NULL DEFAULT NULL,
  `updated_at` timestamp NULL DEFAULT NULL,
  `approval_status` tinyint(1) DEFAULT NULL,
  `file` text,
  `is_reconciled` tinyint(1) DEFAULT '1',
  `is_book` tinyint(1) NOT NULL DEFAULT '0'
) ENGINE=InnoDB DEFAULT CHARSET=utf8mb4;

-- --------------------------------------------------------

--
-- Table structure for table `fixed_assets`
--

CREATE TABLE `fixed_assets` (
  `id` int(11) NOT NULL,
  `name` varchar(50) DEFAULT NULL,
  `asset_tag` varchar(50) DEFAULT NULL,
  `item_id` int(10) DEFAULT NULL,
  `warranty` int(10) DEFAULT NULL,
  `asset_location` int(11) DEFAULT NULL,
  `status` enum('in_use','in_storage') NOT NULL DEFAULT 'in_storage',
  `serial` varchar(100) DEFAULT NULL,
  `cost` double DEFAULT NULL,
  `purchase_date` date DEFAULT NULL,
  `description` text,
  `asset_type` varchar(50) DEFAULT NULL,
  `physical_status` enum('in_use','sold') NOT NULL DEFAULT 'in_use',
  `created_at` timestamp NULL DEFAULT NULL,
  `updated_at` timestamp NULL DEFAULT NULL
) ENGINE=InnoDB DEFAULT CHARSET=latin1;

--
-- Dumping data for table `fixed_assets`
--

INSERT INTO `fixed_assets` (`id`, `name`, `asset_tag`, `item_id`, `warranty`, `asset_location`, `status`, `serial`, `cost`, `purchase_date`, `description`, `asset_type`, `physical_status`, `created_at`, `updated_at`) VALUES
(1, 'LG2001', 'AST640902', 7, 12, 1, 'in_storage', '3453545', 1500000, '2022-01-01', 'testtstt', '1', 'sold', '2022-01-18 11:00:07', '2022-01-20 05:35:54'),
(2, 'LG2002', 'AST852897', 7, 24, 1, 'in_storage', '4646546', 100000, '2022-01-05', 'ttttttttttttttttttt', '1', 'in_use', '2022-01-18 11:00:39', '2022-01-21 05:53:39'),
(3, 'LG2003', 'AST259266', 7, 12, 2, 'in_storage', '3243244', 200000, '2022-01-17', 'test', '2', 'in_use', '2022-01-18 11:01:21', '2022-01-21 05:53:39'),
(4, 'Lg6653', 'AST679491', 7, 12, 1, 'in_storage', '454656', 145000, '2021-12-03', NULL, '1', 'in_use', '2022-01-20 06:43:11', '2022-01-21 05:53:39'),
(5, 'LG6737', 'AST682609', 7, 34, 1, 'in_storage', '23435345', 123000, '2022-01-05', NULL, '1', 'in_use', '2022-01-20 06:43:47', '2022-01-21 05:53:39');

-- --------------------------------------------------------

--
-- Table structure for table `fixed_asset_accounts`
--

CREATE TABLE `fixed_asset_accounts` (
  `id` int(11) NOT NULL,
  `asset_type_id` int(11) NOT NULL,
  `ftp` double NOT NULL DEFAULT '0' COMMENT 'For The Period',
  `wdv` double NOT NULL DEFAULT '0' COMMENT 'Writen Down Value',
  `maint` double NOT NULL COMMENT 'Maintainance',
  `type` enum('depreciation','sold') NOT NULL,
  `is_book` int(1) NOT NULL DEFAULT '0',
  `from_date` date NOT NULL,
  `to_date` date NOT NULL,
  `created_at` timestamp NOT NULL,
  `updated_at` timestamp NOT NULL
) ENGINE=InnoDB DEFAULT CHARSET=latin1;

--
-- Dumping data for table `fixed_asset_accounts`
--

INSERT INTO `fixed_asset_accounts` (`id`, `asset_type_id`, `ftp`, `wdv`, `maint`, `type`, `is_book`, `from_date`, `to_date`, `created_at`, `updated_at`) VALUES
(1, 2, 7500, 0, 12000, 'depreciation', 0, '2022-01-01', '2022-03-31', '2022-01-24 12:01:56', '2022-01-24 12:01:56');

-- --------------------------------------------------------

--
-- Table structure for table `fixed_asset_for_sales`
--

CREATE TABLE `fixed_asset_for_sales` (
  `id` int(11) NOT NULL,
  `maintainance_cost` double NOT NULL DEFAULT '0',
  `writen_down_value` double NOT NULL DEFAULT '0',
  `asset_id` int(11) NOT NULL,
  `sold_date` date NOT NULL,
  `status` tinyint(1) NOT NULL DEFAULT '0',
  `created_at` timestamp NOT NULL,
  `updated_at` timestamp NOT NULL
) ENGINE=InnoDB DEFAULT CHARSET=latin1;

--
-- Dumping data for table `fixed_asset_for_sales`
--

INSERT INTO `fixed_asset_for_sales` (`id`, `maintainance_cost`, `writen_down_value`, `asset_id`, `sold_date`, `status`, `created_at`, `updated_at`) VALUES
(2, 0, 1458750, 1, '2022-01-20', 0, '2022-01-20 05:35:54', '2022-01-20 05:35:54');

-- --------------------------------------------------------

--
-- Table structure for table `fixed_asset_types`
--

CREATE TABLE `fixed_asset_types` (
  `id` int(11) NOT NULL,
  `name` varchar(100) NOT NULL,
  `depreciation_policy` enum('straight_line_method','reducing_balance_method') NOT NULL,
  `depreciation_rate` int(10) DEFAULT NULL,
  `created_at` timestamp NULL DEFAULT NULL,
  `updated_at` timestamp NULL DEFAULT NULL
) ENGINE=InnoDB DEFAULT CHARSET=latin1;

--
-- Dumping data for table `fixed_asset_types`
--

INSERT INTO `fixed_asset_types` (`id`, `name`, `depreciation_policy`, `depreciation_rate`, `created_at`, `updated_at`) VALUES
(1, 'Computer Equipment', 'straight_line_method', 33, '2022-01-18 10:58:58', '2022-01-18 10:58:58'),
(2, 'Generator', 'reducing_balance_method', 15, '2022-01-18 10:59:22', '2022-01-18 10:59:22');

-- --------------------------------------------------------

--
-- Table structure for table `general_journal_entries`
--

CREATE TABLE `general_journal_entries` (
  `id` int(11) UNSIGNED NOT NULL,
  `date` date NOT NULL,
  `entry_no` int(11) NOT NULL,
  `adjusting_entry` tinyint(1) DEFAULT NULL,
  `account_id` int(10) UNSIGNED NOT NULL,
  `amount` double NOT NULL,
  `memo` text,
  `name` int(11) DEFAULT NULL,
  `created_at` timestamp NULL DEFAULT NULL,
  `updated_at` timestamp NULL DEFAULT NULL,
  `name_type` int(11) DEFAULT NULL,
  `type` varchar(100) DEFAULT NULL,
  `is_approved` tinyint(1) DEFAULT '1',
  `voucher_type` int(11) DEFAULT NULL,
  `transaction_type` int(100) DEFAULT NULL,
  `transaction_id` int(11) DEFAULT NULL,
  `is_check` tinyint(1) NOT NULL DEFAULT '0',
  `is_post` tinyint(1) NOT NULL DEFAULT '0',
  `check_by` tinyint(1) NOT NULL DEFAULT '0',
  `post_by` tinyint(1) NOT NULL DEFAULT '0',
  `prepare_by` int(11) DEFAULT NULL,
  `voucher_no` text,
  `is_cleared` tinyint(1) NOT NULL DEFAULT '1',
  `bank_name` text,
  `cheaque_no` text
) ENGINE=InnoDB DEFAULT CHARSET=utf8mb4;

--
-- Dumping data for table `general_journal_entries`
--

INSERT INTO `general_journal_entries` (`id`, `date`, `entry_no`, `adjusting_entry`, `account_id`, `amount`, `memo`, `name`, `created_at`, `updated_at`, `name_type`, `type`, `is_approved`, `voucher_type`, `transaction_type`, `transaction_id`, `is_check`, `is_post`, `check_by`, `post_by`, `prepare_by`, `voucher_no`, `is_cleared`, `bank_name`, `cheaque_no`) VALUES
(13, '2021-12-14', 1, 0, 227, 75950, '', 0, '2021-12-14 08:43:45', '2021-12-14 09:04:32', NULL, NULL, 1, 1, NULL, NULL, 1, 1, 22, 22, 22, '1-1221', 1, NULL, NULL),
(14, '2021-12-14', 1, 0, 350, -1350000, '', 10, '2021-12-14 08:43:45', '2021-12-14 09:04:32', NULL, NULL, 1, 1, NULL, NULL, 1, 1, 22, 22, 22, '1-1221', 1, NULL, NULL),
(15, '2021-12-14', 1, 0, 357, -25500, '', 9, '2021-12-14 08:43:45', '2021-12-14 09:04:32', NULL, NULL, 1, 1, NULL, NULL, 1, 1, 22, 22, 22, '1-1221', 1, NULL, NULL),
(16, '2021-12-14', 1, 0, 360, -450, '', 0, '2021-12-14 08:43:45', '2021-12-14 09:04:32', NULL, NULL, 1, 1, NULL, NULL, 1, 1, 22, 22, 22, '1-1221', 1, NULL, NULL),
(17, '2021-12-14', 1, 0, 5, 1200000, '', 0, '2021-12-14 08:43:45', '2021-12-14 09:04:32', NULL, NULL, 1, 1, NULL, NULL, 1, 1, 22, 22, 22, '1-1221', 1, NULL, NULL),
(18, '2021-12-14', 1, 0, 17, 100000, '', 0, '2021-12-14 08:43:45', '2021-12-14 09:04:32', NULL, NULL, 1, 1, NULL, NULL, 1, 1, 22, 22, 22, '1-1221', 1, NULL, NULL),
(19, '2021-12-14', 2, 0, 227, 1000000, '', 0, '2021-12-14 08:45:27', '2021-12-14 08:45:27', NULL, NULL, 1, 1, NULL, NULL, 0, 0, 0, 0, 22, '2-1221', 1, NULL, NULL),
(20, '2021-12-14', 2, 0, 337, -1000000, '', 0, '2021-12-14 08:45:27', '2021-12-14 08:45:27', NULL, NULL, 1, 1, NULL, NULL, 0, 0, 0, 0, 22, '2-1221', 1, NULL, NULL),
(21, '2021-12-14', 3, 0, 6, 20000, '', 0, '2021-12-14 08:51:44', '2021-12-14 09:29:28', NULL, NULL, 1, 3, NULL, NULL, 1, 1, 22, 22, 22, '1-1221', 1, NULL, NULL),
(22, '2021-12-14', 3, 0, 5, 50000, '', 0, '2021-12-14 08:51:44', '2021-12-14 09:29:28', NULL, NULL, 1, 3, NULL, NULL, 1, 1, 22, 22, 22, '1-1221', 1, NULL, NULL),
(23, '2021-12-14', 3, 0, 8, 30000, '', 0, '2021-12-14 08:51:44', '2021-12-14 09:29:28', NULL, NULL, 1, 3, NULL, NULL, 1, 1, 22, 22, 22, '1-1221', 1, NULL, NULL),
(24, '2021-12-14', 3, 0, 227, -20000, '', 0, '2021-12-14 08:51:44', '2021-12-14 09:29:28', NULL, NULL, 1, 3, NULL, NULL, 1, 1, 22, 22, 22, '1-1221', 1, NULL, NULL),
(25, '2021-12-14', 3, 0, 268, -80000, '', 0, '2021-12-14 08:51:44', '2021-12-14 09:29:28', NULL, NULL, 1, 3, NULL, NULL, 1, 1, 22, 22, 22, '1-1221', 1, NULL, NULL),
(26, '2021-12-14', 4, 0, 12, 100000, '', 0, '2021-12-14 08:55:29', '2021-12-14 09:29:02', NULL, NULL, 1, 3, NULL, NULL, 1, 1, 22, 22, 22, '2-1221', 1, NULL, NULL),
(27, '2021-12-14', 4, 0, 269, -100000, '', 0, '2021-12-14 08:55:29', '2021-12-14 09:29:02', NULL, NULL, 1, 3, NULL, NULL, 1, 1, 22, 22, 22, '2-1221', 1, NULL, NULL),
(28, '2021-12-14', 5, 0, 232, 1376000, '', 0, '2021-12-14 08:56:46', '2021-12-14 09:03:36', NULL, NULL, 1, 2, NULL, NULL, 1, 1, 22, 22, 22, '1-1221', 0, NULL, NULL),
(29, '2021-12-14', 5, 0, 246, -276000, '', 0, '2021-12-14 08:56:46', '2021-12-14 09:03:36', NULL, NULL, 1, 2, NULL, NULL, 1, 1, 22, 22, 22, '1-1221', 0, NULL, NULL),
(30, '2021-12-14', 5, 0, 251, -150000, '', 0, '2021-12-14 08:56:46', '2021-12-14 09:03:36', NULL, NULL, 1, 2, NULL, NULL, 1, 1, 22, 22, 22, '1-1221', 0, NULL, NULL),
(31, '2021-12-14', 5, 0, 259, -250000, '', 0, '2021-12-14 08:56:46', '2021-12-14 09:03:36', NULL, NULL, 1, 2, NULL, NULL, 1, 1, 22, 22, 22, '1-1221', 0, NULL, NULL),
(32, '2021-12-14', 5, 0, 263, -450000, '', 0, '2021-12-14 08:56:46', '2021-12-14 09:03:36', NULL, NULL, 1, 2, NULL, NULL, 1, 1, 22, 22, 22, '1-1221', 0, NULL, NULL),
(33, '2021-12-14', 5, 0, 268, -25800, '', 12, '2021-12-14 08:56:46', '2021-12-14 09:03:36', NULL, NULL, 1, 2, NULL, NULL, 1, 1, 22, 22, 22, '1-1221', 0, NULL, NULL),
(34, '2021-12-14', 5, 0, 280, -45500, '', 0, '2021-12-14 08:56:46', '2021-12-14 09:03:36', NULL, NULL, 1, 2, NULL, NULL, 1, 1, 22, 22, 22, '1-1221', 0, NULL, NULL),
(35, '2021-12-14', 5, 0, 272, -125450, '', 16, '2021-12-14 08:56:46', '2021-12-14 09:03:36', NULL, NULL, 1, 2, NULL, NULL, 1, 1, 22, 22, 22, '1-1221', 0, NULL, NULL),
(36, '2021-12-14', 5, 0, 276, -50000, '', 14, '2021-12-14 08:56:46', '2021-12-14 09:03:36', NULL, NULL, 1, 2, NULL, NULL, 1, 1, 22, 22, 22, '1-1221', 0, NULL, NULL),
(37, '2021-12-14', 5, 0, 332, -3250, '', 10, '2021-12-14 08:56:46', '2021-12-14 09:03:36', NULL, NULL, 1, 2, NULL, NULL, 1, 1, 22, 22, 22, '1-1221', 0, NULL, NULL),
(38, '2021-12-14', 6, 0, 543, 500, '', 0, '2021-12-14 08:58:30', '2021-12-14 08:59:29', NULL, NULL, 1, 3, NULL, NULL, 1, 0, 22, 0, 22, '3-1221', 1, NULL, NULL),
(39, '2021-12-14', 6, 0, 545, 600, '', 0, '2021-12-14 08:58:30', '2021-12-14 08:59:29', NULL, NULL, 1, 3, NULL, NULL, 1, 0, 22, 0, 22, '3-1221', 1, NULL, NULL),
(40, '2021-12-14', 6, 0, 227, -1100, '', 0, '2021-12-14 08:58:30', '2021-12-14 08:59:29', NULL, NULL, 1, 3, NULL, NULL, 1, 0, 22, 0, 22, '3-1221', 1, NULL, NULL),
(45, '2021-12-14', 7, 0, 247, 345000, '', 12, '2021-12-14 09:02:20', '2021-12-14 09:02:50', NULL, NULL, 1, 5, NULL, NULL, 1, 1, 22, 22, 22, '1-1221', 1, NULL, NULL),
(46, '2021-12-14', 7, 0, 255, 224450, '', 12, '2021-12-14 09:02:20', '2021-12-14 09:02:50', NULL, NULL, 1, 5, NULL, NULL, 1, 1, 22, 22, 22, '1-1221', 1, NULL, NULL),
(47, '2021-12-14', 7, 0, 264, 126700, '', 14, '2021-12-14 09:02:20', '2021-12-14 09:02:50', NULL, NULL, 1, 5, NULL, NULL, 1, 1, 22, 22, 22, '1-1221', 1, NULL, NULL),
(48, '2021-12-14', 7, 0, 5, -696150, '', 0, '2021-12-14 09:02:20', '2021-12-14 09:02:50', NULL, NULL, 1, 5, NULL, NULL, 1, 1, 22, 22, 22, '1-1221', 1, NULL, NULL),
(49, '2021-12-14', 8, 0, 232, 150000, '', 0, '2021-12-14 09:03:06', '2021-12-14 09:27:30', NULL, NULL, 1, 2, NULL, NULL, 1, 1, 22, 22, 22, '2-1221', 0, 'mezan bank', '111223344'),
(50, '2021-12-14', 8, 0, 12, -150000, '', 0, '2021-12-14 09:03:06', '2021-12-14 09:27:30', NULL, NULL, 1, 2, NULL, NULL, 1, 1, 22, 22, 22, '2-1221', 0, 'mezan bank', '111223344'),
(51, '2021-12-14', 9, 0, 13, 800, '', 0, '2021-12-14 09:06:19', '2021-12-14 09:26:38', NULL, NULL, 1, 3, NULL, NULL, 1, 1, 22, 22, 22, '4-1221', 1, NULL, NULL),
(52, '2021-12-14', 9, 0, 10, 1200, '', 0, '2021-12-14 09:06:19', '2021-12-14 09:26:38', NULL, NULL, 1, 3, NULL, NULL, 1, 1, 22, 22, 22, '4-1221', 1, NULL, NULL),
(53, '2021-12-14', 9, 0, 228, -2000, '', 0, '2021-12-14 09:06:19', '2021-12-14 09:26:38', NULL, NULL, 1, 3, NULL, NULL, 1, 1, 22, 22, 22, '4-1221', 1, NULL, NULL),
(54, '2021-12-14', 10, 0, 350, 1000, '', 0, '2021-12-14 09:11:16', '2021-12-14 09:25:14', NULL, NULL, 1, 2, NULL, NULL, 1, 1, 22, 22, 22, '3-1221', 0, NULL, NULL),
(55, '2021-12-14', 10, 0, 60, -1000, '', 0, '2021-12-14 09:11:16', '2021-12-14 09:25:14', NULL, NULL, 1, 2, NULL, NULL, 1, 1, 22, 22, 22, '3-1221', 0, NULL, NULL),
(56, '2021-12-14', 11, 0, 462, 10000, '', 17, '2021-12-14 09:16:41', '2021-12-14 09:23:30', NULL, NULL, 1, 5, NULL, NULL, 1, 1, 22, 22, 22, '2-1221', 1, NULL, NULL),
(57, '2021-12-14', 11, 0, 270, 5000, '', 12, '2021-12-14 09:16:41', '2021-12-14 09:23:30', NULL, NULL, 1, 5, NULL, NULL, 1, 1, 22, 22, 22, '2-1221', 1, NULL, NULL),
(58, '2021-12-14', 11, 0, 269, 5000, '', 15, '2021-12-14 09:16:41', '2021-12-14 09:23:30', NULL, NULL, 1, 5, NULL, NULL, 1, 1, 22, 22, 22, '2-1221', 1, NULL, NULL),
(59, '2021-12-14', 11, 0, 227, -20000, '', 0, '2021-12-14 09:16:41', '2021-12-14 09:23:30', NULL, NULL, 1, 5, NULL, NULL, 1, 1, 22, 22, 22, '2-1221', 1, NULL, NULL),
(60, '2021-12-14', 12, 0, 60, 300, '', 0, '2021-12-14 09:21:54', '2021-12-14 09:22:39', NULL, NULL, 1, 5, NULL, NULL, 1, 1, 22, 22, 22, '3-1221', 1, NULL, NULL),
(61, '2021-12-14', 12, 0, 207, 600, '', 0, '2021-12-14 09:21:54', '2021-12-14 09:22:39', NULL, NULL, 1, 5, NULL, NULL, 1, 1, 22, 22, 22, '3-1221', 1, NULL, NULL),
(62, '2021-12-14', 12, 0, 364, -600, '', 0, '2021-12-14 09:21:54', '2021-12-14 09:22:39', NULL, NULL, 1, 5, NULL, NULL, 1, 1, 22, 22, 22, '3-1221', 1, NULL, NULL),
(63, '2021-12-14', 12, 0, 358, -300, '', 0, '2021-12-14 09:21:54', '2021-12-14 09:22:39', NULL, NULL, 1, 5, NULL, NULL, 1, 1, 22, 22, 22, '3-1221', 1, NULL, NULL),
(64, '2021-12-14', 13, 0, 394, 10000, '', 0, '2021-12-14 11:16:17', '2021-12-14 11:16:27', NULL, NULL, 1, 3, NULL, NULL, 1, 1, 22, 22, 22, '5-1221', 1, NULL, NULL),
(65, '2021-12-14', 13, 0, 400, 10000, '', 0, '2021-12-14 11:16:17', '2021-12-14 11:16:27', NULL, NULL, 1, 3, NULL, NULL, 1, 1, 22, 22, 22, '5-1221', 1, NULL, NULL),
(66, '2021-12-14', 13, 0, 574, 5000, '', 0, '2021-12-14 11:16:17', '2021-12-14 11:16:27', NULL, NULL, 1, 3, NULL, NULL, 1, 1, 22, 22, 22, '5-1221', 1, NULL, NULL),
(67, '2021-12-14', 13, 0, 583, 2000, '', 0, '2021-12-14 11:16:17', '2021-12-14 11:16:27', NULL, NULL, 1, 3, NULL, NULL, 1, 1, 22, 22, 22, '5-1221', 1, NULL, NULL),
(68, '2021-12-14', 13, 0, 227, -27000, '', 0, '2021-12-14 11:16:17', '2021-12-14 11:16:27', NULL, NULL, 1, 3, NULL, NULL, 1, 1, 22, 22, 22, '5-1221', 1, NULL, NULL),
(69, '2021-12-14', 14, 0, 227, 32500, '', 0, '2021-12-14 15:45:25', '2021-12-14 15:49:07', NULL, NULL, 1, 1, 2, 4, 1, 0, 22, 0, 22, '3-1221', 1, NULL, NULL),
(70, '2021-12-14', 14, 0, 350, -32500, '', 10, '2021-12-14 15:45:25', '2021-12-14 15:49:07', NULL, NULL, 1, 1, 2, 4, 1, 0, 22, 0, 22, '3-1221', 1, NULL, NULL),
(71, '2021-12-14', 15, 0, 776, 500000, '', 14, '2021-12-14 15:48:49', '2021-12-14 15:49:00', NULL, NULL, 1, 3, 6, 14, 1, 0, 22, 0, 22, '6-1221', 1, NULL, NULL),
(72, '2021-12-14', 15, 0, 227, -500000, '', 0, '2021-12-14 15:48:49', '2021-12-14 15:49:00', NULL, NULL, 1, 3, 6, 14, 1, 0, 22, 0, 22, '6-1221', 1, NULL, NULL),
(73, '2021-12-14', 16, 0, 825, 150000, '', 0, '2021-12-14 16:14:13', '2021-12-14 16:14:21', NULL, NULL, 1, 5, NULL, NULL, 1, 1, 22, 22, 22, '4-1221', 1, NULL, NULL),
(74, '2021-12-14', 16, 0, 826, -150000, '', 0, '2021-12-14 16:14:13', '2021-12-14 16:14:21', NULL, NULL, 1, 5, NULL, NULL, 1, 1, 22, 22, 22, '4-1221', 1, NULL, NULL),
(75, '2021-12-15', 17, 0, 485, 1000, '', 0, '2021-12-15 09:56:19', '2021-12-15 09:56:33', NULL, NULL, 1, 3, NULL, NULL, 1, 1, 22, 22, 22, '7-1221', 1, NULL, NULL),
(76, '2021-12-15', 17, 0, 489, 1000, '', 0, '2021-12-15 09:56:19', '2021-12-15 09:56:33', NULL, NULL, 1, 3, NULL, NULL, 1, 1, 22, 22, 22, '7-1221', 1, NULL, NULL),
(77, '2021-12-15', 17, 0, 508, 1000, '', 0, '2021-12-15 09:56:19', '2021-12-15 09:56:33', NULL, NULL, 1, 3, NULL, NULL, 1, 1, 22, 22, 22, '7-1221', 1, NULL, NULL),
(78, '2021-12-15', 17, 0, 257, -3000, '', 0, '2021-12-15 09:56:19', '2021-12-15 09:56:33', NULL, NULL, 1, 3, NULL, NULL, 1, 1, 22, 22, 22, '7-1221', 1, NULL, NULL),
(79, '2021-12-15', 18, 0, 644, 300, '', 0, '2021-12-15 10:15:01', '2021-12-15 10:16:03', NULL, NULL, 1, 5, NULL, NULL, 1, 1, 22, 22, 22, '5-1221', 1, NULL, NULL),
(80, '2021-12-15', 18, 0, 611, 500, '', 0, '2021-12-15 10:15:01', '2021-12-15 10:16:03', NULL, NULL, 1, 5, NULL, NULL, 1, 1, 22, 22, 22, '5-1221', 1, NULL, NULL),
(81, '2021-12-15', 18, 0, 624, 400, '', 0, '2021-12-15 10:15:01', '2021-12-15 10:16:03', NULL, NULL, 1, 5, NULL, NULL, 1, 1, 22, 22, 22, '5-1221', 1, NULL, NULL),
(82, '2021-12-15', 18, 0, 640, 100, '', 0, '2021-12-15 10:15:01', '2021-12-15 10:16:03', NULL, NULL, 1, 5, NULL, NULL, 1, 1, 22, 22, 22, '5-1221', 1, NULL, NULL),
(83, '2021-12-15', 18, 0, 247, -1300, '', 0, '2021-12-15 10:15:01', '2021-12-15 10:16:03', NULL, NULL, 1, 5, NULL, NULL, 1, 1, 22, 22, 22, '5-1221', 1, NULL, NULL),
(84, '2021-12-19', 19, 0, 60, 500, '', 10, '2021-12-19 12:49:30', '2021-12-24 15:53:43', NULL, NULL, 1, 3, NULL, NULL, 1, 1, 22, 22, 22, '8-1221', 1, NULL, NULL),
(85, '2021-12-19', 19, 0, 227, -500, '', 0, '2021-12-19 12:49:30', '2021-12-24 15:53:43', NULL, NULL, 1, 3, NULL, NULL, 1, 1, 22, 22, 22, '8-1221', 1, NULL, NULL),
(86, '2021-12-19', 20, 0, 227, 5000, '', 0, '2021-12-19 13:06:40', '2021-12-24 14:22:03', NULL, NULL, 1, 1, NULL, NULL, 1, 1, 22, 22, 22, '4-1221', 1, NULL, NULL),
(87, '2021-12-19', 20, 0, 826, -3000, '', 12, '2021-12-19 13:06:40', '2021-12-24 14:22:03', NULL, NULL, 1, 1, NULL, NULL, 1, 1, 22, 22, 22, '4-1221', 1, NULL, NULL),
(88, '2021-12-19', 20, 0, 825, -2000, '', 9, '2021-12-19 13:06:40', '2021-12-24 14:22:03', NULL, NULL, 1, 1, NULL, NULL, 1, 1, 22, 22, 22, '4-1221', 1, NULL, NULL),
(89, '2021-12-25', 21, 0, 227, 2500, 'CASH FROM Fee', 0, '2021-12-25 11:39:01', '2021-12-25 11:39:52', NULL, NULL, 1, 5, NULL, NULL, 1, 1, 22, 22, 22, '6-1221', 1, NULL, NULL),
(90, '2021-12-25', 21, 0, 228, -12500, 'CASH WiTHDRAWAL', 0, '2021-12-25 11:39:01', '2021-12-25 11:39:52', NULL, NULL, 1, 5, NULL, NULL, 1, 1, 22, 22, 22, '6-1221', 1, NULL, NULL),
(91, '2021-12-25', 21, 0, 229, 10000, 'CASH iNFLOW', 0, '2021-12-25 11:39:01', '2021-12-25 11:39:52', NULL, NULL, 1, 5, NULL, NULL, 1, 1, 22, 22, 22, '6-1221', 1, NULL, NULL),
(92, '2021-12-25', 22, 0, 232, 45000, 'CASH DEPOSCASH DEPOSiTEDTED', 0, '2021-12-25 12:07:38', '2021-12-25 12:09:19', NULL, NULL, 1, 5, NULL, NULL, 1, 1, 22, 22, 22, '7-1221', 1, NULL, NULL),
(93, '2021-12-25', 22, 0, 233, -50000, 'CASH WTHDRAWWAL', 0, '2021-12-25 12:07:38', '2021-12-25 12:09:19', NULL, NULL, 1, 5, NULL, NULL, 1, 1, 22, 22, 22, '7-1221', 1, NULL, NULL),
(94, '2021-12-25', 22, 0, 227, 5000, 'CASH DEPOSCASH DEPOSiTED TO MEEZAN BANK ACCOUNT . ACCOUNT NO. 45000, CHE NO. 364565', 0, '2021-12-25 12:07:38', '2021-12-25 12:09:19', NULL, NULL, 1, 5, NULL, NULL, 1, 1, 22, 22, 22, '7-1221', 1, NULL, NULL),
(95, '2021-12-28', 23, 0, 5, 5000, '', 0, '2021-12-28 10:44:44', '2021-12-28 10:44:57', NULL, NULL, 1, 3, NULL, NULL, 1, 1, 22, 22, 22, '9-1221', 1, NULL, NULL),
(96, '2021-12-28', 23, 0, 6, 2500, '', 0, '2021-12-28 10:44:44', '2021-12-28 10:44:57', NULL, NULL, 1, 3, NULL, NULL, 1, 1, 22, 22, 22, '9-1221', 1, NULL, NULL),
(97, '2021-12-28', 23, 0, 227, -7500, '', 0, '2021-12-28 10:44:44', '2021-12-28 10:44:57', NULL, NULL, 1, 3, NULL, NULL, 1, 1, 22, 22, 22, '9-1221', 1, NULL, NULL),
(98, '2021-12-30', 24, 0, 827, 50000, '', 0, '2021-12-30 11:01:10', '2021-12-30 11:01:10', NULL, NULL, 1, 3, NULL, NULL, 0, 0, 0, 0, 22, '10-1221', 1, NULL, NULL),
(99, '2021-12-30', 24, 0, 227, -50000, '', 0, '2021-12-30 11:01:10', '2021-12-30 11:01:10', NULL, NULL, 1, 3, NULL, NULL, 0, 0, 0, 0, 22, '10-1221', 1, NULL, NULL),
(100, '2021-12-30', 25, 0, 232, 5000, 'cash depost', 0, '2021-12-30 11:36:49', '2021-12-30 11:37:03', NULL, NULL, 1, 2, NULL, NULL, 1, 1, 22, 22, 22, '4-1221', 0, 'meezan', '125678'),
(101, '2021-12-30', 25, 0, 228, -5000, '', 0, '2021-12-30 11:36:49', '2021-12-30 11:37:03', NULL, NULL, 1, 2, NULL, NULL, 1, 1, 22, 22, 22, '4-1221', 0, 'meezan', '125678'),
(102, '2021-12-30', 26, 0, 227, 25000, '', 0, '2021-12-30 11:42:26', '2021-12-30 11:42:26', NULL, NULL, 1, 4, NULL, NULL, 0, 0, 0, 0, 22, '1-1221', 0, NULL, '1589'),
(103, '2021-12-30', 26, 0, 232, -25000, '', 0, '2021-12-30 11:42:26', '2021-12-30 11:42:26', NULL, NULL, 1, 4, NULL, NULL, 0, 0, 0, 0, 22, '1-1221', 0, NULL, '1589'),
(108, '2021-12-30', 27, 0, 5, 25000, '', 9, '2022-04-04 08:16:09', '2022-04-04 08:16:10', NULL, NULL, 1, 4, NULL, NULL, 0, 0, 0, 0, 22, '2-1221', 0, 'Meezan Bank', '69487483'),
(109, '2021-12-30', 27, 0, 825, -25000, '', 0, '2022-04-04 08:16:10', '2022-04-04 08:16:10', NULL, NULL, 1, 4, NULL, NULL, 0, 0, 0, 0, 22, '2-1221', 0, 'Meezan Bank', '69487483'),
(118, '2022-05-14', 28, 0, 5, 10, '', 0, '2022-05-16 06:18:30', '2022-05-16 06:18:30', NULL, NULL, 1, 5, NULL, NULL, 0, 0, 0, 0, 22, '8-0522', 1, NULL, NULL),
(119, '2022-05-14', 28, 0, 825, -10, '    ', 0, '2022-05-16 06:18:30', '2022-05-16 06:18:30', NULL, NULL, 1, 5, NULL, NULL, 0, 0, 0, 0, 22, '8-0522', 1, NULL, NULL),
(120, '2022-05-18', 29, 0, 5, 10, '', 0, '2022-06-29 12:40:17', '2022-06-29 12:40:17', NULL, NULL, 1, 5, NULL, NULL, 0, 0, 0, 0, 22, '01-062022', 1, NULL, NULL),
(121, '2022-05-18', 29, 0, 825, -10, '', 0, '2022-06-29 12:40:17', '2022-06-29 12:40:17', NULL, NULL, 1, 5, NULL, NULL, 0, 0, 0, 0, 22, '01-062022', 1, NULL, NULL),
(122, '2022-05-18', 30, 0, 5, 10, '', 0, '2022-06-29 12:55:47', '2022-06-29 12:55:47', NULL, NULL, 1, 5, NULL, NULL, 0, 0, 0, 0, 22, '09-052022', 1, NULL, NULL),
(123, '2022-05-18', 30, 0, 825, -10, '', 0, '2022-06-29 12:55:47', '2022-06-29 12:55:47', NULL, NULL, 1, 5, NULL, NULL, 0, 0, 0, 0, 22, '09-052022', 1, NULL, NULL);

-- --------------------------------------------------------

--
-- Table structure for table `hrm_attendances`
--

CREATE TABLE `hrm_attendances` (
  `id` int(10) UNSIGNED NOT NULL,
  `employ_id` int(10) NOT NULL,
  `present_absent` int(10) NOT NULL COMMENT '1-present\r\n2-leave\r\n0-absent',
  `date` date NOT NULL,
  `user_id` int(11) NOT NULL,
  `checkin` time DEFAULT NULL,
  `checkout` time DEFAULT NULL,
  `status` int(11) NOT NULL,
  `leave_type` int(11) DEFAULT NULL,
  `created_at` timestamp NULL DEFAULT NULL,
  `updated_at` datetime DEFAULT NULL
) ENGINE=InnoDB DEFAULT CHARSET=utf8mb4;

--
-- Dumping data for table `hrm_attendances`
--

INSERT INTO `hrm_attendances` (`id`, `employ_id`, `present_absent`, `date`, `user_id`, `checkin`, `checkout`, `status`, `leave_type`, `created_at`, `updated_at`) VALUES
(38, 2, 1, '2022-02-22', 22, '09:00:00', '18:00:00', 1, NULL, '2022-02-28 07:36:17', '2022-02-28 12:36:17'),
(39, 1, 1, '2022-02-22', 22, '09:00:00', '18:00:00', 1, NULL, '2022-02-28 07:36:17', '2022-02-28 12:36:17'),
(40, 3, 1, '2022-02-28', 22, '09:00:00', '18:00:00', 1, NULL, '2022-02-28 07:41:48', '2022-02-28 12:41:48'),
(41, 4, 1, '2022-02-28', 22, '09:00:00', '18:00:00', 1, NULL, '2022-02-28 07:41:48', '2022-02-28 12:41:48'),
(50, 3, 1, '2022-05-03', 22, '09:00:00', '18:00:00', 1, NULL, '2022-05-18 10:54:47', '2022-05-18 15:54:47'),
(51, 2, 0, '2022-05-03', 22, '00:00:00', '00:00:00', 1, NULL, '2022-05-18 10:54:47', '2022-05-18 15:54:47'),
(52, 3, 2, '2022-05-02', 22, '00:00:00', '00:00:00', 1, 0, '2022-05-18 10:54:47', '2022-05-18 15:54:47'),
(53, 2, 1, '2022-05-02', 22, '09:00:00', '18:00:00', 1, NULL, '2022-05-18 10:54:47', '2022-05-18 15:54:47');

-- --------------------------------------------------------

--
-- Table structure for table `hrm_bank_account_details`
--

CREATE TABLE `hrm_bank_account_details` (
  `id` int(10) NOT NULL,
  `account_holder_name` varchar(156) DEFAULT NULL,
  `bank_name` text,
  `branch_location` varchar(156) DEFAULT NULL,
  `account_no` varchar(36) DEFAULT NULL,
  `bank_code` varchar(35) DEFAULT NULL,
  `employ_id` bigint(20) UNSIGNED NOT NULL,
  `deleted_at` timestamp NULL DEFAULT NULL,
  `created_at` timestamp NULL DEFAULT NULL,
  `updated_at` timestamp NULL DEFAULT NULL
) ENGINE=InnoDB DEFAULT CHARSET=utf8mb4;

--
-- Dumping data for table `hrm_bank_account_details`
--

INSERT INTO `hrm_bank_account_details` (`id`, `account_holder_name`, `bank_name`, `branch_location`, `account_no`, `bank_code`, `employ_id`, `deleted_at`, `created_at`, `updated_at`) VALUES
(1, 'Aitazaz', 'Meezan', 'Saddar Rawalpindi', '123456789', '1221', 1, NULL, '2022-02-12 06:50:02', '2022-02-25 20:02:19'),
(2, 'Rahman', 'Allied', 'Sawat', '3457234987', '2324', 2, NULL, '2022-02-12 07:00:49', '2022-02-25 15:39:02'),
(3, 'usman', 'HBL', 'swat', '12345', '111', 3, NULL, '2022-02-25 21:05:57', '2022-02-25 21:30:28'),
(4, 'hanza', 'national bank', 'phase 7', '43456', '543', 4, NULL, '2022-02-26 04:51:11', '2022-02-26 05:24:21'),
(5, 'umer sir', 'National Bank', 'Islamabad', '353654345', '123432', 5, NULL, '2022-02-26 20:24:52', '2022-02-26 20:24:52');

-- --------------------------------------------------------

--
-- Table structure for table `hrm_company_detail`
--

CREATE TABLE `hrm_company_detail` (
  `id` int(10) UNSIGNED NOT NULL,
  `employee_code` varchar(60) DEFAULT NULL,
  `department` int(156) DEFAULT NULL,
  `country` varchar(156) DEFAULT NULL,
  `city` varchar(25) DEFAULT NULL,
  `employ_id` int(11) DEFAULT NULL,
  `date_of_joining` date DEFAULT NULL,
  `monthly_salary` double(8,2) DEFAULT NULL,
  `salary_method` enum('cheque','bank','cash','') NOT NULL,
  `designation` int(35) DEFAULT NULL,
  `contract_type` enum('full_time','contract') DEFAULT NULL,
  `deleted_at` timestamp NULL DEFAULT NULL,
  `created_at` timestamp NULL DEFAULT NULL,
  `updated_at` timestamp NULL DEFAULT NULL
) ENGINE=InnoDB DEFAULT CHARSET=utf8mb4;

--
-- Dumping data for table `hrm_company_detail`
--

INSERT INTO `hrm_company_detail` (`id`, `employee_code`, `department`, `country`, `city`, `employ_id`, `date_of_joining`, `monthly_salary`, `salary_method`, `designation`, `contract_type`, `deleted_at`, `created_at`, `updated_at`) VALUES
(1, '122', 5, '165', '173', 1, '2022-01-01', 25000.00, 'bank', 6, 'full_time', NULL, '2022-02-12 06:50:02', '2022-02-25 20:02:19'),
(2, '3222', 3, '165', '178', 2, '2022-02-01', 30000.00, 'bank', 3, 'contract', NULL, '2022-02-12 07:00:49', '2022-02-25 15:39:02'),
(3, '123', 5, '165', '188', 3, '2022-02-25', 50000.00, 'cheque', 6, 'full_time', NULL, '2022-02-25 21:05:57', '2022-02-25 21:30:28'),
(4, '12321', 3, '165', '169', 4, '2022-02-25', 70000.00, 'bank', 3, 'full_time', NULL, '2022-02-26 04:51:11', '2022-02-26 05:24:21'),
(5, '1234', 2, '165', '74', 5, '2022-02-26', 100000.00, 'bank', 1, 'full_time', NULL, '2022-02-26 20:24:52', '2022-02-26 20:24:52'),
(6, '34545', 5, '165', '120', 6, NULL, 150000.00, 'cash', 5, 'full_time', NULL, '2022-07-25 06:52:29', '2022-07-25 06:52:29');

-- --------------------------------------------------------

--
-- Table structure for table `hrm_employees`
--

CREATE TABLE `hrm_employees` (
  `id` bigint(20) UNSIGNED NOT NULL,
  `name` varchar(191) NOT NULL,
  `email` varchar(191) NOT NULL,
  `password` varchar(191) DEFAULT NULL,
  `cnic` varchar(30) NOT NULL,
  `gender` enum('Male','Female') NOT NULL,
  `dob` date NOT NULL,
  `phone_no` varchar(25) NOT NULL,
  `residential_address` varchar(156) NOT NULL,
  `pemanent_address` varchar(191) NOT NULL,
  `status` int(11) NOT NULL DEFAULT '1' COMMENT '1=>for active employee\r\n0=>for in active\r\n2=>for terminate',
  `user_id` int(10) NOT NULL,
  `deleted_at` timestamp NULL DEFAULT NULL,
  `created_at` timestamp NULL DEFAULT NULL,
  `updated_at` timestamp NULL DEFAULT NULL
) ENGINE=InnoDB DEFAULT CHARSET=utf8mb4;

--
-- Dumping data for table `hrm_employees`
--

INSERT INTO `hrm_employees` (`id`, `name`, `email`, `password`, `cnic`, `gender`, `dob`, `phone_no`, `residential_address`, `pemanent_address`, `status`, `user_id`, `deleted_at`, `created_at`, `updated_at`) VALUES
(1, 'Aitazaz Ellahi', 'aitzaz@demo.com', NULL, '38303-4306966-1', 'Male', '1998-01-28', '0301-7809669', 'kundian', 'Mianwali', 1, 15, NULL, '2022-02-12 06:50:02', '2022-02-25 20:02:19'),
(2, 'Rahman ullah', 'sapna@gmail.com', NULL, '32456-7325688-1', 'Male', '1995-12-11', '0348-9454010', 'maidan', 'maidan', 1, 15, NULL, '2022-02-12 07:00:49', '2022-02-25 15:39:02'),
(3, 'Usaman', 'usman@gmail.com', NULL, '11111-11111__-_', 'Male', '2022-02-25', '0399-9999999', 'swat', 'swat', 1, 1, NULL, '2022-02-25 21:05:57', '2022-02-25 21:30:28'),
(4, 'hamza shahi', 'hamza@gmail.com', NULL, '79645-6868476-5', 'Male', '2022-02-25', '0348-9451111', 'phase 7', 'phase 7', 1, 1, NULL, '2022-02-26 04:51:11', '2022-02-26 05:24:21'),
(5, 'Umer sir', 'umer@gmail.com', NULL, '45604356340856', 'Male', '2000-02-26', '564534576357', 'islamabad', 'islamabad', 1, 1, NULL, '2022-02-26 20:24:52', '2022-02-26 20:24:52'),
(6, 'usman', 'uali21453@gmail.com', NULL, '333333333333333', 'Male', '2022-07-25', '031032844', 'test', 'tset', 1, 9, NULL, '2022-07-25 06:52:29', '2022-07-25 06:52:29');

-- --------------------------------------------------------

--
-- Table structure for table `hrm_employees_benevolent_funds`
--

CREATE TABLE `hrm_employees_benevolent_funds` (
  `id` int(11) NOT NULL,
  `employ_id` int(11) NOT NULL,
  `month` int(11) DEFAULT NULL,
  `year` int(11) DEFAULT NULL,
  `bf_fund` double(8,2) DEFAULT NULL,
  `bf_fund_company_con` double(8,2) DEFAULT NULL,
  `status` int(11) DEFAULT '1' COMMENT '1 => not received bf\r\n , 0 => received bf',
  `created_at` timestamp NOT NULL DEFAULT CURRENT_TIMESTAMP,
  `updated_at` timestamp NOT NULL DEFAULT CURRENT_TIMESTAMP,
  `is_approved` int(11) NOT NULL DEFAULT '0'
) ENGINE=InnoDB DEFAULT CHARSET=utf8mb4;

--
-- Dumping data for table `hrm_employees_benevolent_funds`
--

INSERT INTO `hrm_employees_benevolent_funds` (`id`, `employ_id`, `month`, `year`, `bf_fund`, `bf_fund_company_con`, `status`, `created_at`, `updated_at`, `is_approved`) VALUES
(13, 1, 2, 2022, 3000.00, 3000.00, 1, '2022-02-25 14:41:55', '2022-02-26 05:27:56', 1),
(14, 2, 2, 2022, 800.00, 800.00, 1, '2022-02-25 14:43:08', '2022-02-26 05:49:29', 1),
(15, 3, 2, 2022, 3000.00, 3000.00, 1, '2022-02-25 21:07:34', '2022-02-26 06:24:42', 1),
(16, 4, 2, 2022, 3000.00, 3000.00, 1, '2022-02-26 04:53:04', '2022-02-26 20:17:34', 1),
(17, 5, 2, 2022, 4500.00, 4500.00, 1, '2022-02-26 20:27:31', '2022-02-26 21:01:31', 1);

-- --------------------------------------------------------

--
-- Table structure for table `hrm_employees_benevolent_fund_settings`
--

CREATE TABLE `hrm_employees_benevolent_fund_settings` (
  `id` int(11) NOT NULL,
  `bf_fund` double(8,0) DEFAULT NULL,
  `created_at` timestamp NULL DEFAULT CURRENT_TIMESTAMP,
  `updated_at` timestamp NULL DEFAULT CURRENT_TIMESTAMP
) ENGINE=InnoDB DEFAULT CHARSET=utf8mb4;

--
-- Dumping data for table `hrm_employees_benevolent_fund_settings`
--

INSERT INTO `hrm_employees_benevolent_fund_settings` (`id`, `bf_fund`, `created_at`, `updated_at`) VALUES
(1, 5, '2021-12-29 04:35:59', '2022-01-19 06:41:36');

-- --------------------------------------------------------

--
-- Table structure for table `hrm_employees_deductions`
--

CREATE TABLE `hrm_employees_deductions` (
  `id` int(11) NOT NULL,
  `name` varchar(100) DEFAULT NULL,
  `created_at` timestamp NOT NULL DEFAULT CURRENT_TIMESTAMP ON UPDATE CURRENT_TIMESTAMP,
  `updated_at` timestamp NOT NULL DEFAULT '0000-00-00 00:00:00'
) ENGINE=InnoDB DEFAULT CHARSET=latin1;

--
-- Dumping data for table `hrm_employees_deductions`
--

INSERT INTO `hrm_employees_deductions` (`id`, `name`, `created_at`, `updated_at`) VALUES
(5, 'EOBI (Employee Cont)', '2022-02-01 05:07:46', '2022-02-01 05:07:46'),
(6, 'SESSI', '2022-02-01 05:08:11', '2022-02-01 05:08:11');

-- --------------------------------------------------------

--
-- Table structure for table `hrm_employees_documents`
--

CREATE TABLE `hrm_employees_documents` (
  `id` int(11) NOT NULL,
  `employ_id` bigint(20) UNSIGNED NOT NULL,
  `certificate` varchar(156) DEFAULT NULL,
  `resume` varchar(156) DEFAULT NULL,
  `photo` varchar(156) DEFAULT NULL,
  `deleted_at` datetime DEFAULT NULL,
  `created_at` timestamp NULL DEFAULT NULL,
  `updated_at` timestamp NULL DEFAULT NULL
) ENGINE=InnoDB DEFAULT CHARSET=utf8mb4;

--
-- Dumping data for table `hrm_employees_documents`
--

INSERT INTO `hrm_employees_documents` (`id`, `employ_id`, `certificate`, `resume`, `photo`, `deleted_at`, `created_at`, `updated_at`) VALUES
(1, 1, NULL, NULL, NULL, NULL, '2022-02-12 06:50:02', '2022-02-25 20:02:19'),
(2, 2, NULL, NULL, NULL, NULL, '2022-02-12 07:00:49', '2022-02-25 15:39:02'),
(3, 3, NULL, NULL, NULL, NULL, '2022-02-25 21:05:57', '2022-02-25 21:30:28'),
(4, 4, NULL, NULL, NULL, NULL, '2022-02-26 04:51:11', '2022-02-26 05:24:21'),
(5, 5, NULL, NULL, NULL, NULL, '2022-02-26 20:24:53', '2022-02-26 20:24:53'),
(6, 6, NULL, NULL, NULL, NULL, '2022-07-25 06:52:29', '2022-07-25 06:52:29');

-- --------------------------------------------------------

--
-- Table structure for table `hrm_employees_loans`
--

CREATE TABLE `hrm_employees_loans` (
  `id` int(10) UNSIGNED NOT NULL,
  `employ_id` int(11) NOT NULL,
  `type` varchar(156) DEFAULT NULL,
  `loan_amount` double(8,2) DEFAULT NULL,
  `remaning` double(8,2) DEFAULT NULL,
  `date` date DEFAULT NULL,
  `created_at` timestamp NULL DEFAULT NULL,
  `updated_at` timestamp NULL DEFAULT NULL,
  `is_sent` int(11) NOT NULL DEFAULT '1' COMMENT '1-sent to accounts 2-voucher created',
  `is_book` int(11) NOT NULL DEFAULT '0',
  `payment_method` varchar(156) DEFAULT NULL,
  `receipt_no` varchar(156) DEFAULT NULL,
  `notes` varchar(156) DEFAULT NULL,
  `instrument_no` int(11) DEFAULT NULL,
  `is_approved` int(10) NOT NULL DEFAULT '0' COMMENT 'is_approved=>1,loan/advanve is approved\r\n''is_approved''=>1, not approved\r\n'
) ENGINE=InnoDB DEFAULT CHARSET=utf8mb4;

--
-- Dumping data for table `hrm_employees_loans`
--

INSERT INTO `hrm_employees_loans` (`id`, `employ_id`, `type`, `loan_amount`, `remaning`, `date`, `created_at`, `updated_at`, `is_sent`, `is_book`, `payment_method`, `receipt_no`, `notes`, `instrument_no`, `is_approved`) VALUES
(6, 2, 'Advance', 60000.00, 54000.00, '2022-02-17', '2022-02-18 04:56:34', '2022-02-25 14:43:09', 1, 0, 'Cash', 'REC157279', 'loan', NULL, 1),
(7, 2, 'Loan', 12000.00, 12000.00, '2022-02-19', '2022-02-18 19:22:30', '2022-02-18 20:26:07', 1, 0, 'Cheque', 'REC816777', 'Rahman Ullah Take Loan 12000 date 02/19/2022', 123321, 0),
(8, 1, 'Advance', 50000.00, 45000.00, '2022-02-24', '2022-02-24 04:56:01', '2022-02-25 14:41:55', 1, 0, 'Cash', 'REC455401', 'test', 1234, 1);

-- --------------------------------------------------------

--
-- Table structure for table `hrm_employees_overtimes`
--

CREATE TABLE `hrm_employees_overtimes` (
  `id` int(10) UNSIGNED NOT NULL,
  `employ_id` int(10) NOT NULL,
  `month` int(10) NOT NULL,
  `title` varchar(191) NOT NULL,
  `hourse` int(11) NOT NULL,
  `rate` double(8,2) NOT NULL,
  `created_at` timestamp NULL DEFAULT NULL,
  `updated_at` timestamp NULL DEFAULT NULL
) ENGINE=InnoDB DEFAULT CHARSET=utf8mb4;

-- --------------------------------------------------------

--
-- Table structure for table `hrm_employee_adjustment_loan`
--

CREATE TABLE `hrm_employee_adjustment_loan` (
  `id` int(11) UNSIGNED NOT NULL,
  `date` date DEFAULT NULL,
  `employ_id` int(11) DEFAULT NULL,
  `loan_id` int(11) DEFAULT NULL,
  `type` varchar(11) DEFAULT NULL,
  `adjustment_amount` double(8,2) DEFAULT NULL,
  `created_at` timestamp NULL DEFAULT NULL,
  `updated_at` timestamp NULL DEFAULT NULL,
  `is_approved` int(10) NOT NULL DEFAULT '0' COMMENT '0=>not approved,1=>approved'
) ENGINE=InnoDB DEFAULT CHARSET=utf8mb4;

--
-- Dumping data for table `hrm_employee_adjustment_loan`
--

INSERT INTO `hrm_employee_adjustment_loan` (`id`, `date`, `employ_id`, `loan_id`, `type`, `adjustment_amount`, `created_at`, `updated_at`, `is_approved`) VALUES
(13, '2022-02-25', 1, 8, 'Advance', 5000.00, '2022-02-25 14:41:55', '2022-02-25 14:41:55', 1),
(14, '2022-02-25', 2, 6, 'Advance', 6000.00, '2022-02-25 14:43:09', '2022-02-26 05:49:29', 1);

-- --------------------------------------------------------

--
-- Table structure for table `hrm_employee_allownces`
--

CREATE TABLE `hrm_employee_allownces` (
  `id` int(11) NOT NULL,
  `name` varchar(100) DEFAULT NULL,
  `created_at` timestamp NOT NULL DEFAULT CURRENT_TIMESTAMP ON UPDATE CURRENT_TIMESTAMP,
  `updated_at` timestamp NOT NULL DEFAULT '0000-00-00 00:00:00'
) ENGINE=InnoDB DEFAULT CHARSET=latin1;

--
-- Dumping data for table `hrm_employee_allownces`
--

INSERT INTO `hrm_employee_allownces` (`id`, `name`, `created_at`, `updated_at`) VALUES
(11, 'House Rent Allownace', '2022-02-01 05:04:06', '2022-02-01 05:04:06'),
(12, 'Medical Allowance', '2022-02-01 05:04:33', '2022-02-01 05:04:33'),
(13, 'Utility Allowance', '2022-02-01 05:05:02', '2022-02-01 05:05:02'),
(14, 'Arears, if any.', '2022-02-01 05:05:55', '2022-02-01 05:05:55'),
(15, 'Others / Allowances', '2022-02-01 05:06:24', '2022-02-01 05:06:24');

-- --------------------------------------------------------

--
-- Table structure for table `hrm_employee_attendance_scheduales`
--

CREATE TABLE `hrm_employee_attendance_scheduales` (
  `id` int(10) NOT NULL,
  `medical_leave` int(10) DEFAULT NULL,
  `anual_leave` int(11) DEFAULT NULL,
  `other_leave` int(11) DEFAULT NULL,
  `special_leave` int(11) DEFAULT NULL,
  `weekend` int(11) DEFAULT NULL,
  `created_at` timestamp NULL DEFAULT NULL,
  `updated_at` timestamp NULL DEFAULT NULL
) ENGINE=InnoDB DEFAULT CHARSET=utf8mb4;

--
-- Dumping data for table `hrm_employee_attendance_scheduales`
--

INSERT INTO `hrm_employee_attendance_scheduales` (`id`, `medical_leave`, `anual_leave`, `other_leave`, `special_leave`, `weekend`, `created_at`, `updated_at`) VALUES
(1, 12, 24, 48, 18, NULL, '2021-11-27 09:37:05', '2022-01-25 16:47:26');

-- --------------------------------------------------------

--
-- Table structure for table `hrm_employee_commissions`
--

CREATE TABLE `hrm_employee_commissions` (
  `id` int(10) UNSIGNED NOT NULL,
  `employ_id` int(10) NOT NULL,
  `commission_month` int(10) NOT NULL,
  `commission_title` varchar(191) NOT NULL,
  `commission_amount` double(8,2) NOT NULL,
  `created_at` timestamp NULL DEFAULT NULL,
  `updated_at` timestamp NULL DEFAULT NULL
) ENGINE=InnoDB DEFAULT CHARSET=utf8mb4;

-- --------------------------------------------------------

--
-- Table structure for table `hrm_employee_deductions`
--

CREATE TABLE `hrm_employee_deductions` (
  `id` int(10) UNSIGNED NOT NULL,
  `employ_id` int(10) NOT NULL,
  `deduction_title` varchar(191) NOT NULL,
  `deduction_amount` double(8,2) NOT NULL,
  `created_at` timestamp NULL DEFAULT NULL,
  `updated_at` timestamp NULL DEFAULT NULL
) ENGINE=InnoDB DEFAULT CHARSET=utf8mb4;

--
-- Dumping data for table `hrm_employee_deductions`
--

INSERT INTO `hrm_employee_deductions` (`id`, `employ_id`, `deduction_title`, `deduction_amount`, `created_at`, `updated_at`) VALUES
(1, 1, 'EOBI (Employee Cont)', 1000.00, '2022-02-12 06:55:30', '2022-02-12 06:55:30'),
(3, 2, 'EOBI (Employee Cont)', 4000.00, '2022-02-14 07:57:08', '2022-02-14 07:57:08'),
(4, 2, 'SESSI', 2000.00, '2022-02-14 07:57:08', '2022-02-14 07:57:08'),
(5, 3, 'EOBI (Employee Cont)', 5000.00, '2022-02-25 21:07:07', '2022-02-25 21:07:07'),
(6, 4, 'EOBI (Employee Cont)', 5000.00, '2022-02-26 04:52:24', '2022-02-26 04:52:24'),
(7, 5, 'SESSI', 10000.00, '2022-02-26 20:26:11', '2022-02-26 20:26:11');

-- --------------------------------------------------------

--
-- Table structure for table `hrm_employee_designations`
--

CREATE TABLE `hrm_employee_designations` (
  `id` int(11) NOT NULL,
  `name` varchar(156) DEFAULT NULL,
  `created_at` timestamp NULL DEFAULT NULL,
  `updated_at` timestamp NULL DEFAULT NULL
) ENGINE=InnoDB DEFAULT CHARSET=utf8mb4;

--
-- Dumping data for table `hrm_employee_designations`
--

INSERT INTO `hrm_employee_designations` (`id`, `name`, `created_at`, `updated_at`) VALUES
(1, 'Teacher', '2021-12-23 07:25:05', '2021-12-23 08:14:45'),
(3, 'Developer', '2021-12-23 08:27:10', '2021-12-23 08:27:10'),
(5, 'Accountant', '2022-01-25 10:31:35', '2022-01-25 10:35:46'),
(6, 'Acoount Manager', '2022-02-12 06:19:33', '2022-02-12 06:19:33');

-- --------------------------------------------------------

--
-- Table structure for table `hrm_employee_expences`
--

CREATE TABLE `hrm_employee_expences` (
  `id` int(10) UNSIGNED NOT NULL,
  `employ_id` int(10) NOT NULL,
  `allownace_title` varchar(191) NOT NULL,
  `allownace_amount` double(8,2) NOT NULL,
  `created_at` timestamp NULL DEFAULT NULL,
  `updated_at` timestamp NULL DEFAULT NULL
) ENGINE=InnoDB DEFAULT CHARSET=utf8mb4;

--
-- Dumping data for table `hrm_employee_expences`
--

INSERT INTO `hrm_employee_expences` (`id`, `employ_id`, `allownace_title`, `allownace_amount`, `created_at`, `updated_at`) VALUES
(1, 1, 'House Rent Allownace', 10000.00, '2022-02-12 06:51:28', '2022-02-12 06:51:28'),
(3, 1, 'Medical Allowance', 50000.00, '2022-02-12 06:52:59', '2022-02-12 06:52:59'),
(4, 2, 'House Rent Allownace', 5000.00, '2022-02-12 07:01:29', '2022-02-12 07:01:29'),
(5, 2, 'Arears, if any.', 2000.00, '2022-02-14 07:51:58', '2022-02-14 07:51:58'),
(7, 2, 'Medical Allowance', 6000.00, '2022-02-14 07:54:09', '2022-02-14 07:54:09'),
(8, 2, 'Utility Allowance', 3000.00, '2022-02-14 07:54:09', '2022-02-14 07:54:09'),
(9, 3, 'Medical Allowance', 60000.00, '2022-02-25 21:06:50', '2022-02-25 21:06:50'),
(10, 4, 'House Rent Allownace', 40000.00, '2022-02-26 04:51:45', '2022-02-26 04:51:45'),
(11, 4, 'Medical Allowance', 20000.00, '2022-02-26 04:52:07', '2022-02-26 04:52:07'),
(12, 5, 'House Rent Allownace', 65000.00, '2022-02-26 20:25:17', '2022-02-26 20:25:17'),
(13, 5, 'Medical Allowance', 25000.00, '2022-02-26 20:25:34', '2022-02-26 20:25:34');

-- --------------------------------------------------------

--
-- Table structure for table `hrm_employee_loan_advance_documents`
--

CREATE TABLE `hrm_employee_loan_advance_documents` (
  `id` int(11) UNSIGNED NOT NULL,
  `employ_id` int(11) NOT NULL,
  `document_url` varchar(156) DEFAULT NULL,
  `created_at` timestamp NULL DEFAULT NULL,
  `updated_at` timestamp NULL DEFAULT NULL
) ENGINE=InnoDB DEFAULT CHARSET=utf8mb4;

--
-- Dumping data for table `hrm_employee_loan_advance_documents`
--

INSERT INTO `hrm_employee_loan_advance_documents` (`id`, `employ_id`, `document_url`, `created_at`, `updated_at`) VALUES
(1, 2, '2-1644649508-Loan & Advance Letter _ Rehman.pdf', '2022-02-12 07:05:08', '2022-02-12 07:05:08');

-- --------------------------------------------------------

--
-- Table structure for table `hrm_employee_salaries`
--

CREATE TABLE `hrm_employee_salaries` (
  `id` int(11) NOT NULL,
  `employ_id` int(11) NOT NULL,
  `month` int(11) DEFAULT NULL,
  `year` int(10) DEFAULT NULL,
  `total_deduction` double(8,2) DEFAULT NULL,
  `total_earning` double(8,2) DEFAULT NULL,
  `net_salary` double(8,2) DEFAULT NULL,
  `created_at` timestamp NULL DEFAULT NULL,
  `updated_at` timestamp NULL DEFAULT NULL
) ENGINE=InnoDB DEFAULT CHARSET=utf8mb4;

-- --------------------------------------------------------

--
-- Table structure for table `hrm_monthly_earning_deductions`
--

CREATE TABLE `hrm_monthly_earning_deductions` (
  `id` int(10) UNSIGNED NOT NULL,
  `employ_id` int(10) NOT NULL,
  `year` int(11) DEFAULT NULL,
  `month` int(11) DEFAULT NULL,
  `basic_salary` double(8,2) DEFAULT NULL,
  `title` varchar(156) DEFAULT NULL,
  `tax` double(8,2) DEFAULT NULL,
  `amount` double(8,2) DEFAULT NULL,
  `type` int(11) DEFAULT NULL,
  `created_at` timestamp NULL DEFAULT NULL,
  `updated_at` timestamp NULL DEFAULT NULL,
  `is_sent` int(1) NOT NULL DEFAULT '1' COMMENT '1-sent to accounts\r\n2-voucher created',
  `is_book` int(1) NOT NULL DEFAULT '0',
  `is_approved` int(10) DEFAULT '0' COMMENT '0 => not approved\r\n1=>approved\r\n'
) ENGINE=InnoDB DEFAULT CHARSET=utf8mb4;

--
-- Dumping data for table `hrm_monthly_earning_deductions`
--

INSERT INTO `hrm_monthly_earning_deductions` (`id`, `employ_id`, `year`, `month`, `basic_salary`, `title`, `tax`, `amount`, `type`, `created_at`, `updated_at`, `is_sent`, `is_book`, `is_approved`) VALUES
(165, 1, 2022, 2, NULL, 'Monthly Salary', NULL, 0.00, 1, '2022-02-25 14:41:54', '2022-02-26 05:27:56', 1, 0, 1),
(166, 1, 2022, 2, NULL, 'House Rent Allownace', NULL, 10000.00, 1, '2022-02-25 14:41:54', '2022-02-26 05:27:56', 1, 0, 1),
(167, 1, 2022, 2, NULL, 'Medical Allowance', NULL, 50000.00, 1, '2022-02-25 14:41:54', '2022-02-26 05:27:56', 1, 0, 1),
(168, 1, 2022, 2, NULL, 'Tax', NULL, 0.00, 0, '2022-02-25 14:41:54', '2022-02-26 05:27:56', 1, 0, 1),
(169, 1, 2022, 2, NULL, 'Late Fine', NULL, 0.00, 0, '2022-02-25 14:41:55', '2022-02-26 05:27:56', 1, 0, 1),
(170, 1, 2022, 2, NULL, 'Absent Fine', NULL, 0.00, 0, '2022-02-25 14:41:55', '2022-02-26 05:27:56', 1, 0, 1),
(171, 1, 2022, 2, NULL, 'EOBI (Employee Cont)', NULL, 1000.00, 0, '2022-02-25 14:41:55', '2022-02-26 05:27:56', 1, 0, 1),
(172, 1, 2022, 2, NULL, NULL, 500.00, NULL, 2, '2022-02-25 14:41:55', '2022-02-26 05:27:56', 1, 0, 1),
(173, 2, 2022, 2, NULL, 'Monthly Salary', NULL, 0.00, 1, '2022-02-25 14:43:08', '2022-02-26 05:49:28', 1, 0, 1),
(174, 2, 2022, 2, NULL, 'House Rent Allownace', NULL, 5000.00, 1, '2022-02-25 14:43:08', '2022-02-26 05:49:28', 1, 0, 1),
(175, 2, 2022, 2, NULL, 'Arears, if any.', NULL, 2000.00, 1, '2022-02-25 14:43:08', '2022-02-26 05:49:28', 1, 0, 1),
(176, 2, 2022, 2, NULL, 'Medical Allowance', NULL, 6000.00, 1, '2022-02-25 14:43:08', '2022-02-26 05:49:28', 1, 0, 1),
(177, 2, 2022, 2, NULL, 'Utility Allowance', NULL, 3000.00, 1, '2022-02-25 14:43:08', '2022-02-26 05:49:28', 1, 0, 1),
(178, 2, 2022, 2, NULL, 'Tax', NULL, 0.00, 0, '2022-02-25 14:43:08', '2022-02-26 05:49:28', 1, 0, 1),
(179, 2, 2022, 2, NULL, 'Late Fine', NULL, 0.00, 0, '2022-02-25 14:43:08', '2022-02-26 05:49:28', 1, 0, 1),
(180, 2, 2022, 2, NULL, 'Absent Fine', NULL, 0.00, 0, '2022-02-25 14:43:08', '2022-02-26 05:49:28', 1, 0, 1),
(181, 2, 2022, 2, NULL, 'EOBI (Employee Cont)', NULL, 4000.00, 0, '2022-02-25 14:43:08', '2022-02-26 05:49:28', 1, 0, 1),
(182, 2, 2022, 2, NULL, 'SESSI', NULL, 2000.00, 0, '2022-02-25 14:43:08', '2022-02-26 05:49:28', 1, 0, 1),
(183, 2, 2022, 2, NULL, NULL, 0.00, NULL, 2, '2022-02-25 14:43:08', '2022-02-26 05:49:28', 1, 0, 1),
(184, 3, 2022, 2, NULL, 'Monthly Salary', NULL, 0.00, 1, '2022-02-25 21:07:34', '2022-02-26 06:24:42', 1, 0, 1),
(185, 3, 2022, 2, NULL, 'Medical Allowance', NULL, 60000.00, 1, '2022-02-25 21:07:34', '2022-02-26 06:24:42', 1, 0, 1),
(186, 3, 2022, 2, NULL, 'Tax', NULL, 0.00, 0, '2022-02-25 21:07:34', '2022-02-26 06:24:42', 1, 0, 1),
(187, 3, 2022, 2, NULL, 'Late Fine', NULL, 0.00, 0, '2022-02-25 21:07:34', '2022-02-26 06:24:42', 1, 0, 1),
(188, 3, 2022, 2, NULL, 'Absent Fine', NULL, 0.00, 0, '2022-02-25 21:07:34', '2022-02-26 06:24:42', 1, 0, 1),
(189, 3, 2022, 2, NULL, 'EOBI (Employee Cont)', NULL, 5000.00, 0, '2022-02-25 21:07:34', '2022-02-26 06:24:42', 1, 0, 1),
(190, 3, 2022, 2, NULL, NULL, 500.00, NULL, 2, '2022-02-25 21:07:34', '2022-02-26 06:24:42', 1, 0, 1),
(191, 4, 2022, 2, NULL, 'Monthly Salary', NULL, 0.00, 1, '2022-02-26 04:53:04', '2022-02-26 20:17:34', 1, 0, 1),
(192, 4, 2022, 2, NULL, 'House Rent Allownace', NULL, 40000.00, 1, '2022-02-26 04:53:04', '2022-02-26 20:17:34', 1, 0, 1),
(193, 4, 2022, 2, NULL, 'Medical Allowance', NULL, 20000.00, 1, '2022-02-26 04:53:04', '2022-02-26 20:17:34', 1, 0, 1),
(194, 4, 2022, 2, NULL, 'Tax', NULL, 0.00, 0, '2022-02-26 04:53:04', '2022-02-26 20:17:34', 1, 0, 1),
(195, 4, 2022, 2, NULL, 'Late Fine', NULL, 0.00, 0, '2022-02-26 04:53:04', '2022-02-26 20:17:34', 1, 0, 1),
(196, 4, 2022, 2, NULL, 'Absent Fine', NULL, 0.00, 0, '2022-02-26 04:53:04', '2022-02-26 20:17:34', 1, 0, 1),
(197, 4, 2022, 2, NULL, 'EOBI (Employee Cont)', NULL, 5000.00, 0, '2022-02-26 04:53:04', '2022-02-26 20:17:34', 1, 0, 1),
(198, 4, 2022, 2, NULL, NULL, 500.00, NULL, 2, '2022-02-26 04:53:05', '2022-02-26 20:17:34', 1, 0, 1),
(199, 5, 2022, 2, NULL, 'Monthly Salary', NULL, 0.00, 1, '2022-02-26 20:27:30', '2022-02-26 21:01:31', 1, 0, 1),
(200, 5, 2022, 2, NULL, 'House Rent Allownace', NULL, 65000.00, 1, '2022-02-26 20:27:30', '2022-02-26 21:01:31', 1, 0, 1),
(201, 5, 2022, 2, NULL, 'Medical Allowance', NULL, 25000.00, 1, '2022-02-26 20:27:30', '2022-02-26 21:01:31', 1, 0, 1),
(202, 5, 2022, 2, NULL, 'Tax', NULL, 0.00, 0, '2022-02-26 20:27:31', '2022-02-26 21:01:31', 1, 0, 1),
(203, 5, 2022, 2, NULL, 'Late Fine', NULL, 0.00, 0, '2022-02-26 20:27:31', '2022-02-26 21:01:31', 1, 0, 1),
(204, 5, 2022, 2, NULL, 'Absent Fine', NULL, 0.00, 0, '2022-02-26 20:27:31', '2022-02-26 21:01:31', 1, 0, 1),
(205, 5, 2022, 2, NULL, 'SESSI', NULL, 10000.00, 0, '2022-02-26 20:27:31', '2022-02-26 21:01:31', 1, 0, 1),
(206, 5, 2022, 2, NULL, NULL, 2000.00, NULL, 2, '2022-02-26 20:27:31', '2022-02-26 21:01:31', 1, 0, 1);

-- --------------------------------------------------------

--
-- Table structure for table `hrm_settings`
--

CREATE TABLE `hrm_settings` (
  `id` int(10) UNSIGNED NOT NULL,
  `checkin` time NOT NULL,
  `checkout` time NOT NULL,
  `late_fine` double(8,2) DEFAULT NULL,
  `weekend_day` varchar(156) DEFAULT NULL,
  `created_at` timestamp NULL DEFAULT NULL,
  `updated_at` timestamp NULL DEFAULT NULL
) ENGINE=InnoDB DEFAULT CHARSET=utf8mb4;

--
-- Dumping data for table `hrm_settings`
--

INSERT INTO `hrm_settings` (`id`, `checkin`, `checkout`, `late_fine`, `weekend_day`, `created_at`, `updated_at`) VALUES
(1, '10:00:00', '06:00:00', 200.00, 'Sun,Sat', '2021-11-21 16:42:25', '2021-12-13 05:36:50');

-- --------------------------------------------------------

--
-- Table structure for table `hrm_taxcitions`
--

CREATE TABLE `hrm_taxcitions` (
  `id` int(10) NOT NULL,
  `minimum` double DEFAULT NULL,
  `no` int(10) NOT NULL,
  `maximum` double DEFAULT NULL,
  `deduct_amount` double DEFAULT NULL,
  `deduct_percentage` double DEFAULT NULL,
  `created_at` timestamp NULL DEFAULT NULL,
  `updated_at` timestamp NULL DEFAULT NULL
) ENGINE=InnoDB DEFAULT CHARSET=utf8mb4;

--
-- Dumping data for table `hrm_taxcitions`
--

INSERT INTO `hrm_taxcitions` (`id`, `minimum`, `no`, `maximum`, `deduct_amount`, `deduct_percentage`, `created_at`, `updated_at`) VALUES
(1, 0, 1, 600000, 0, 0, '2021-12-18 05:40:55', '2021-12-19 08:20:39'),
(2, 600000, 2, 1200000, 0, 5, '2021-12-18 05:42:45', '2021-12-20 05:50:14'),
(3, 1200000, 3, 1800000, 30000, 10, '2021-12-18 05:42:45', '2021-12-18 05:42:45'),
(4, 1800000, 4, 2500000, 90000, 15, '2021-12-18 05:42:45', '2021-12-18 05:42:45'),
(5, 2500000, 5, 3500000, 195000, 17.5, '2021-12-18 05:42:45', '2021-12-18 05:42:45'),
(6, 3500000, 6, 5000000, 370000, 20, '2021-12-18 05:42:45', '2021-12-18 05:42:45'),
(7, 5000000, 7, 8000000, 670000, 22.5, '2021-12-18 05:42:45', '2021-12-18 05:42:45');

-- --------------------------------------------------------

--
-- Table structure for table `installment_plans`
--

CREATE TABLE `installment_plans` (
  `id` int(10) UNSIGNED NOT NULL,
  `plot_type` int(10) UNSIGNED NOT NULL,
  `plot_size` int(10) UNSIGNED NOT NULL,
  `cost_amount` double NOT NULL,
  `down_payment` double NOT NULL,
  `confirmation_fee` double NOT NULL,
  `plot_belting_fee` double DEFAULT NULL,
  `possession_fee` double NOT NULL,
  `installment` double NOT NULL,
  `total_months` int(11) NOT NULL,
  `status` tinyint(1) NOT NULL DEFAULT '1',
  `created_at` timestamp NULL DEFAULT NULL,
  `updated_at` timestamp NULL DEFAULT NULL,
  `six_installment` double DEFAULT NULL
) ENGINE=InnoDB DEFAULT CHARSET=utf8mb4 COLLATE=utf8mb4_unicode_ci;

-- --------------------------------------------------------

--
-- Table structure for table `installment_plan_attributes`
--

CREATE TABLE `installment_plan_attributes` (
  `id` int(10) UNSIGNED NOT NULL,
  `installment_plan_id` int(10) UNSIGNED NOT NULL,
  `payment_head_id` int(10) UNSIGNED NOT NULL,
  `value` double(8,2) NOT NULL,
  `created_at` timestamp NULL DEFAULT NULL,
  `updated_at` timestamp NULL DEFAULT NULL
) ENGINE=InnoDB DEFAULT CHARSET=utf8mb4 COLLATE=utf8mb4_unicode_ci;

-- --------------------------------------------------------

--
-- Table structure for table `inventories`
--

CREATE TABLE `inventories` (
  `id` int(10) UNSIGNED NOT NULL,
  `unit_category_id` int(10) UNSIGNED DEFAULT NULL,
  `unit_size_id` int(10) UNSIGNED NOT NULL,
  `unit_number` varchar(191) COLLATE utf8mb4_unicode_ci NOT NULL,
  `total_price` double NOT NULL,
  `created_at` timestamp NULL DEFAULT NULL,
  `updated_at` timestamp NULL DEFAULT NULL,
  `status` tinyint(1) NOT NULL,
  `description` text COLLATE utf8mb4_unicode_ci,
  `extra_amount_description` text COLLATE utf8mb4_unicode_ci,
  `extra_amount` double DEFAULT NULL,
  `unit_type_id` int(10) UNSIGNED NOT NULL,
  `unit_floor_id` int(10) UNSIGNED DEFAULT NULL,
  `name` text COLLATE utf8mb4_unicode_ci,
  `cnic` text COLLATE utf8mb4_unicode_ci,
  `email` text COLLATE utf8mb4_unicode_ci,
  `phone_number` text COLLATE utf8mb4_unicode_ci,
  `is_deleted` tinyint(1) NOT NULL DEFAULT '0',
  `dealer_id` int(11) DEFAULT NULL,
  `area` varchar(200) COLLATE utf8mb4_unicode_ci DEFAULT NULL,
  `token_amount` int(11) DEFAULT NULL,
  `inventory_type` tinyint(1) NOT NULL DEFAULT '0'
) ENGINE=InnoDB DEFAULT CHARSET=utf8mb4 COLLATE=utf8mb4_unicode_ci;

--
-- Dumping data for table `inventories`
--

INSERT INTO `inventories` (`id`, `unit_category_id`, `unit_size_id`, `unit_number`, `total_price`, `created_at`, `updated_at`, `status`, `description`, `extra_amount_description`, `extra_amount`, `unit_type_id`, `unit_floor_id`, `name`, `cnic`, `email`, `phone_number`, `is_deleted`, `dealer_id`, `area`, `token_amount`, `inventory_type`) VALUES
(4, NULL, 15, 'LG402S', 5316000, '2021-11-09 04:42:16', '2022-07-19 07:12:09', 2, NULL, NULL, 0, 2, 8, NULL, NULL, NULL, NULL, 0, NULL, NULL, NULL, 0),
(5, NULL, 30, 'LG383', 5440500, '2021-11-09 19:20:48', '2022-07-19 08:14:44', 2, NULL, NULL, 0, 1, 1, '', '', '', '', 0, NULL, NULL, NULL, 0),
(6, NULL, 3, 'LG3773', 5622000, '2021-11-09 20:02:05', '2021-11-09 20:02:41', 2, NULL, NULL, 0, 1, 1, NULL, NULL, NULL, NULL, 0, NULL, NULL, NULL, 0),
(7, NULL, 15, 'LG939', 5980500, '2021-11-16 11:00:07', '2022-03-22 11:50:18', 2, NULL, NULL, 0, 1, 1, '', '', '', '', 0, NULL, NULL, NULL, 0),
(8, NULL, 15, 'LG2838', 5316000, '2021-11-17 06:40:40', '2021-11-17 10:21:47', 2, NULL, NULL, 0, 1, 4, NULL, NULL, NULL, NULL, 0, NULL, NULL, NULL, 0),
(9, NULL, 3, 'LG8383', 5622000, '2021-11-17 10:26:05', '2021-11-17 10:26:56', 2, NULL, NULL, 0, 1, 1, NULL, NULL, NULL, NULL, 0, NULL, NULL, NULL, 0),
(10, NULL, 15, 'Lg348', 5316000, '2021-11-17 10:28:32', '2021-11-17 10:29:40', 2, NULL, NULL, 0, 1, 3, NULL, NULL, NULL, NULL, 0, NULL, NULL, NULL, 0),
(11, NULL, 36, 'G-122', 4483080, '2021-12-29 23:31:58', '2022-03-24 06:44:01', 2, NULL, NULL, 0, 1, 1, '', '', '', '', 0, NULL, NULL, NULL, 0),
(12, NULL, 20, 'LG 1099', 4428000, '2021-12-30 09:27:50', '2022-06-07 10:00:53', 2, NULL, NULL, 0, 1, 1, NULL, NULL, NULL, NULL, 0, NULL, NULL, NULL, 0),
(13, NULL, 36, 'LG839', 4931388, '2022-03-23 09:50:10', '2022-04-06 08:16:38', 2, NULL, NULL, 448308, 1, 1, 'usman', '43343-343223-2', NULL, '030549929933', 0, 4, NULL, 31388, 0),
(14, NULL, 17, '3713', 1320000, '2022-05-30 09:37:19', '2022-05-30 09:38:43', 2, NULL, NULL, 120000, 1, 17, NULL, NULL, NULL, NULL, 0, NULL, NULL, NULL, 1),
(15, NULL, 1, '6730', 63000, '2022-06-13 06:33:17', '2022-06-13 10:30:35', 2, NULL, NULL, 3000, 1, 1, '', '', '', '', 0, NULL, NULL, NULL, 0),
(16, NULL, 1, '9065', 66000, '2022-07-04 06:19:13', '2022-07-04 06:20:19', 2, NULL, NULL, 6000, 1, 1, NULL, NULL, NULL, NULL, 0, NULL, NULL, NULL, 0),
(17, NULL, 1, '6251', 66000, '2022-07-04 07:08:00', '2022-07-04 07:08:49', 2, NULL, NULL, 6000, 1, 1, NULL, NULL, NULL, NULL, 0, NULL, NULL, NULL, 0);

-- --------------------------------------------------------

--
-- Table structure for table `inventory_categories`
--

CREATE TABLE `inventory_categories` (
  `id` int(10) UNSIGNED NOT NULL,
  `inventory_id` int(10) UNSIGNED NOT NULL,
  `unit_category_id` int(10) UNSIGNED NOT NULL,
  `amount` double DEFAULT NULL,
  `created_at` timestamp NULL DEFAULT NULL,
  `updated_at` timestamp NULL DEFAULT NULL
) ENGINE=InnoDB DEFAULT CHARSET=utf8mb4 COLLATE=utf8mb4_unicode_ci;

--
-- Dumping data for table `inventory_categories`
--

INSERT INTO `inventory_categories` (`id`, `inventory_id`, `unit_category_id`, `amount`, `created_at`, `updated_at`) VALUES
(2, 11, 2, NULL, '2022-03-22 10:50:24', '2022-03-22 10:50:24'),
(4, 13, 1, NULL, '2022-03-23 09:51:26', '2022-03-23 09:51:26'),
(5, 14, 1, NULL, '2022-05-30 09:37:19', '2022-05-30 09:37:19'),
(6, 15, 2, NULL, '2022-06-13 10:13:50', '2022-06-13 10:13:50'),
(7, 16, 1, NULL, '2022-07-04 06:19:13', '2022-07-04 06:19:13'),
(8, 17, 1, NULL, '2022-07-04 07:08:00', '2022-07-04 07:08:00');

-- --------------------------------------------------------

--
-- Table structure for table `inventory_old_names`
--

CREATE TABLE `inventory_old_names` (
  `id` int(11) NOT NULL,
  `name` text NOT NULL,
  `inventory_id` int(11) NOT NULL,
  `created_at` timestamp NULL DEFAULT NULL,
  `updated_at` timestamp NULL DEFAULT NULL
) ENGINE=InnoDB DEFAULT CHARSET=utf8mb4;

--
-- Dumping data for table `inventory_old_names`
--

INSERT INTO `inventory_old_names` (`id`, `name`, `inventory_id`, `created_at`, `updated_at`) VALUES
(1, '3456', 0, '2021-12-28 11:16:48', '2021-12-28 11:16:48');

-- --------------------------------------------------------

--
-- Table structure for table `items`
--

CREATE TABLE `items` (
  `id` int(10) UNSIGNED NOT NULL,
  `item_code` varchar(255) COLLATE utf8mb4_unicode_ci NOT NULL,
  `item_name` varchar(255) COLLATE utf8mb4_unicode_ci DEFAULT NULL,
  `type` enum('consumable','tools','direct_material') COLLATE utf8mb4_unicode_ci NOT NULL,
  `risk_type` enum('critical','non_critical') COLLATE utf8mb4_unicode_ci NOT NULL COMMENT 'critical or non critical items mean how much risk we take on item',
  `manufacture_id` text COLLATE utf8mb4_unicode_ci,
  `category_id` int(11) NOT NULL DEFAULT '0',
  `quantity` double NOT NULL DEFAULT '0',
  `size` varchar(50) COLLATE utf8mb4_unicode_ci DEFAULT NULL,
  `unit` varchar(255) COLLATE utf8mb4_unicode_ci DEFAULT NULL,
  `minqty` int(11) NOT NULL DEFAULT '0',
  `maxqty` int(11) NOT NULL DEFAULT '0',
  `created_by` int(11) NOT NULL DEFAULT '0',
  `description` text COLLATE utf8mb4_unicode_ci,
  `created_at` timestamp NULL DEFAULT NULL,
  `updated_at` timestamp NULL DEFAULT NULL,
  `deleted_at` timestamp NULL DEFAULT NULL,
  `available_quantity` int(11) NOT NULL DEFAULT '0',
  `fixed_asset_type` varchar(50) COLLATE utf8mb4_unicode_ci DEFAULT NULL,
  `depreciation_policy` enum('straight_line_method','reading_balance_method') COLLATE utf8mb4_unicode_ci DEFAULT NULL,
  `depreciation_rate` int(10) NOT NULL DEFAULT '0'
) ENGINE=InnoDB DEFAULT CHARSET=utf8mb4 COLLATE=utf8mb4_unicode_ci;

--
-- Dumping data for table `items`
--

INSERT INTO `items` (`id`, `item_code`, `item_name`, `type`, `risk_type`, `manufacture_id`, `category_id`, `quantity`, `size`, `unit`, `minqty`, `maxqty`, `created_by`, `description`, `created_at`, `updated_at`, `deleted_at`, `available_quantity`, `fixed_asset_type`, `depreciation_policy`, `depreciation_rate`) VALUES
(1, '0098', 'Steel_2', 'consumable', 'critical', '1', 1, 349, NULL, 'Ton', 30, 1000, 0, NULL, '2021-11-10 17:11:00', '2022-03-08 08:20:54', NULL, 0, NULL, NULL, 0),
(2, '0099', 'Steel', 'consumable', 'critical', '1', 1, 254, NULL, 'Ton', 30, 1000, 0, NULL, '2021-11-10 17:11:00', '2022-03-08 08:20:54', NULL, 0, NULL, NULL, 0),
(3, '0077', 'PIPE', 'consumable', 'critical', '3', 4, 291, NULL, 'Kg', 5, 100, 0, NULL, '2021-11-10 21:48:56', '2022-03-08 08:20:54', NULL, 0, NULL, NULL, 0),
(7, '2036', 'Laptops', 'tools', 'critical', '4', 4, 316, NULL, 'Kg', 1, 450, 0, 'testing', '2021-11-23 06:51:38', '2021-12-16 10:16:22', NULL, 0, '2', 'straight_line_method', 25),
(8, '464793', 'windows', 'consumable', 'critical', '2', 4, 355, NULL, 'Kg', 4, 500, 0, 'testing', '2021-12-10 05:25:49', '2022-03-08 08:20:54', NULL, 0, NULL, NULL, 0);

-- --------------------------------------------------------

--
-- Table structure for table `item_manufactures`
--

CREATE TABLE `item_manufactures` (
  `id` int(11) NOT NULL,
  `name` varchar(255) NOT NULL,
  `created_at` timestamp NOT NULL DEFAULT CURRENT_TIMESTAMP ON UPDATE CURRENT_TIMESTAMP,
  `updated_at` timestamp NULL DEFAULT NULL
) ENGINE=InnoDB DEFAULT CHARSET=latin1;

--
-- Dumping data for table `item_manufactures`
--

INSERT INTO `item_manufactures` (`id`, `name`, `created_at`, `updated_at`) VALUES
(1, 'PAK-STEEL', '2021-11-06 16:48:37', '2021-11-06 16:48:37'),
(2, 'Adzal Steel', '2021-11-10 17:07:34', '2021-11-10 17:07:34'),
(3, 'FAZAL STEEL', '2021-11-10 21:44:54', '2021-11-10 21:44:54'),
(4, 'Lenove', '2021-11-22 09:59:24', '2021-11-22 09:59:24');

-- --------------------------------------------------------

--
-- Table structure for table `item_purchase_order`
--

CREATE TABLE `item_purchase_order` (
  `id` int(10) UNSIGNED NOT NULL,
  `purchase_order_id` int(11) NOT NULL DEFAULT '0',
  `purchase_request_id` int(11) NOT NULL DEFAULT '0',
  `total_quantity` double(8,2) NOT NULL DEFAULT '0.00',
  `demand_quantity` double(8,2) NOT NULL DEFAULT '0.00',
  `item_id` int(11) NOT NULL DEFAULT '0',
  `price` double(8,2) NOT NULL DEFAULT '0.00',
  `received_quantity` double(8,2) NOT NULL DEFAULT '0.00',
  `created_at` timestamp NULL DEFAULT NULL,
  `updated_at` timestamp NULL DEFAULT NULL,
  `remaining_quantity` float NOT NULL DEFAULT '0'
) ENGINE=InnoDB DEFAULT CHARSET=utf8mb4 COLLATE=utf8mb4_unicode_ci;

--
-- Dumping data for table `item_purchase_order`
--

INSERT INTO `item_purchase_order` (`id`, `purchase_order_id`, `purchase_request_id`, `total_quantity`, `demand_quantity`, `item_id`, `price`, `received_quantity`, `created_at`, `updated_at`, `remaining_quantity`) VALUES
(1, 1, 1, 60.00, 60.00, 8, 1000.00, 60.00, '2022-01-07 11:21:20', '2022-01-07 11:23:18', 0),
(2, 2, 1, 212.00, 212.00, 2, 1200.00, 212.00, '2022-01-07 11:21:20', '2022-01-07 12:22:11', 0),
(3, 1, 1, 32.00, 32.00, 3, 1500.00, -28.00, '2022-01-07 11:21:20', '2022-01-07 11:23:45', 0);

-- --------------------------------------------------------

--
-- Table structure for table `item_purchase_request`
--

CREATE TABLE `item_purchase_request` (
  `id` int(10) UNSIGNED NOT NULL,
  `purchase_request_id` int(11) NOT NULL DEFAULT '0',
  `item_id` int(11) NOT NULL DEFAULT '0',
  `quantity` double(8,2) NOT NULL DEFAULT '0.00',
  `remaining_quantity` double(8,2) NOT NULL DEFAULT '0.00',
  `receive_quantity` double(8,2) NOT NULL DEFAULT '0.00',
  `price` double(8,2) NOT NULL DEFAULT '0.00',
  `description` text COLLATE utf8mb4_unicode_ci,
  `created_at` timestamp NULL DEFAULT NULL,
  `updated_at` timestamp NULL DEFAULT NULL
) ENGINE=InnoDB DEFAULT CHARSET=utf8mb4 COLLATE=utf8mb4_unicode_ci;

--
-- Dumping data for table `item_purchase_request`
--

INSERT INTO `item_purchase_request` (`id`, `purchase_request_id`, `item_id`, `quantity`, `remaining_quantity`, `receive_quantity`, `price`, `description`, `created_at`, `updated_at`) VALUES
(1, 1, 8, 60.00, 0.00, 0.00, 1000.00, NULL, '2022-01-07 11:21:19', '2022-01-07 11:21:20'),
(2, 1, 2, 212.00, 0.00, 0.00, 1200.00, NULL, '2022-01-07 11:21:19', '2022-01-07 11:21:20'),
(3, 1, 3, 32.00, 0.00, 0.00, 1500.00, NULL, '2022-01-07 11:21:19', '2022-01-07 11:21:20');

-- --------------------------------------------------------

--
-- Table structure for table `item_purchase_request_vendor`
--

CREATE TABLE `item_purchase_request_vendor` (
  `id` int(10) UNSIGNED NOT NULL,
  `purchase_request_vendor_id` int(11) NOT NULL DEFAULT '0',
  `item_id` int(11) NOT NULL DEFAULT '0',
  `created_at` timestamp NULL DEFAULT NULL,
  `updated_at` timestamp NULL DEFAULT NULL
) ENGINE=InnoDB DEFAULT CHARSET=utf8mb4 COLLATE=utf8mb4_unicode_ci;

--
-- Dumping data for table `item_purchase_request_vendor`
--

INSERT INTO `item_purchase_request_vendor` (`id`, `purchase_request_vendor_id`, `item_id`, `created_at`, `updated_at`) VALUES
(9, 5, 7, NULL, NULL),
(10, 5, 3, NULL, NULL),
(11, 5, 2, NULL, NULL),
(12, 4, 7, NULL, NULL),
(13, 4, 3, NULL, NULL),
(14, 4, 2, NULL, NULL),
(17, 3, 8, NULL, NULL),
(18, 3, 7, NULL, NULL),
(19, 3, 3, NULL, NULL),
(20, 3, 2, NULL, NULL),
(21, 3, 1, NULL, NULL);

-- --------------------------------------------------------

--
-- Table structure for table `item_releasings`
--

CREATE TABLE `item_releasings` (
  `id` int(10) UNSIGNED NOT NULL,
  `project_id` int(11) NOT NULL DEFAULT '0',
  `department_id` int(11) NOT NULL DEFAULT '0',
  `releaser_name` varchar(255) COLLATE utf8mb4_unicode_ci DEFAULT NULL,
  `releasing_date` datetime DEFAULT NULL,
  `receiver_name` varchar(255) COLLATE utf8mb4_unicode_ci DEFAULT NULL,
  `purchase_request_id` int(11) DEFAULT NULL,
  `mir_id` int(11) DEFAULT NULL,
  `returning_name` varchar(50) COLLATE utf8mb4_unicode_ci DEFAULT NULL,
  `return_date` date DEFAULT NULL
) ENGINE=InnoDB DEFAULT CHARSET=utf8mb4 COLLATE=utf8mb4_unicode_ci;

--
-- Dumping data for table `item_releasings`
--

INSERT INTO `item_releasings` (`id`, `project_id`, `department_id`, `releaser_name`, `releasing_date`, `receiver_name`, `purchase_request_id`, `mir_id`, `returning_name`, `return_date`) VALUES
(1, 0, 4, 'Nadeem Akhter', '2022-03-07 00:00:00', 'test', 1, 3, NULL, NULL),
(4, 0, 4, 'Nadeem Akhter', '2022-03-07 00:00:00', 'test', 1, 4, NULL, NULL),
(5, 0, 2, 'Nadeem Akhter', '2022-03-08 00:00:00', 'test', 0, 5, NULL, NULL);

-- --------------------------------------------------------

--
-- Table structure for table `item_releasing_data`
--

CREATE TABLE `item_releasing_data` (
  `id` int(11) NOT NULL,
  `item_releasing_id` int(11) NOT NULL,
  `item_id` int(11) NOT NULL,
  `item_quantity` int(11) NOT NULL,
  `return_quantity` int(11) NOT NULL DEFAULT '0'
) ENGINE=InnoDB DEFAULT CHARSET=latin1;

--
-- Dumping data for table `item_releasing_data`
--

INSERT INTO `item_releasing_data` (`id`, `item_releasing_id`, `item_id`, `item_quantity`, `return_quantity`) VALUES
(1, 1, 2, 90, 0),
(2, 1, 3, 6, 0),
(3, 4, 2, 22, 0),
(4, 4, 3, 6, 0),
(5, 5, 3, 10, 0),
(6, 5, 2, 5, 0),
(7, 5, 1, 5, 0),
(8, 5, 8, 5, 0);

-- --------------------------------------------------------

--
-- Table structure for table `item_units`
--

CREATE TABLE `item_units` (
  `id` int(11) NOT NULL,
  `name` varchar(30) DEFAULT NULL,
  `description` text,
  `created_at` datetime DEFAULT NULL,
  `updated_at` datetime DEFAULT NULL
) ENGINE=InnoDB DEFAULT CHARSET=latin1;

--
-- Dumping data for table `item_units`
--

INSERT INTO `item_units` (`id`, `name`, `description`, `created_at`, `updated_at`) VALUES
(2, 'Ton', 'testing', '2021-11-13 16:56:45', '2021-11-13 17:05:03'),
(3, 'Kg', 'testing', '2021-11-13 17:16:54', '2021-11-13 17:16:54');

-- --------------------------------------------------------

--
-- Table structure for table `links`
--

CREATE TABLE `links` (
  `id` int(10) UNSIGNED NOT NULL,
  `type` int(11) NOT NULL,
  `source` int(11) NOT NULL,
  `target` int(11) NOT NULL,
  `created_at` timestamp NULL DEFAULT NULL,
  `updated_at` timestamp NULL DEFAULT NULL
) ENGINE=InnoDB DEFAULT CHARSET=utf8mb4 COLLATE=utf8mb4_unicode_ci;

-- --------------------------------------------------------

--
-- Table structure for table `material_issue_requests`
--

CREATE TABLE `material_issue_requests` (
  `id` int(11) NOT NULL,
  `pr_id` int(11) DEFAULT NULL,
  `department_id` int(11) DEFAULT NULL,
  `request_person_name` varchar(20) DEFAULT NULL,
  `request_date` date DEFAULT NULL,
  `status` enum('release','pending','partial_release') NOT NULL DEFAULT 'pending',
  `mir_type` tinyint(1) NOT NULL DEFAULT '0',
  `description` text,
  `created_at` timestamp NULL DEFAULT NULL,
  `updated_at` timestamp NULL DEFAULT NULL
) ENGINE=InnoDB DEFAULT CHARSET=latin1;

--
-- Dumping data for table `material_issue_requests`
--

INSERT INTO `material_issue_requests` (`id`, `pr_id`, `department_id`, `request_person_name`, `request_date`, `status`, `mir_type`, `description`, `created_at`, `updated_at`) VALUES
(3, 1, 4, 'Nadeem Akhter', '2022-03-07', 'release', 0, ' Excepteur sint occaecat cupidatat non\nproident, sunt in culpa qui officia deserunt mollit anim id est laborum.', '2022-03-07 08:44:31', '2022-03-07 08:45:20'),
(4, 1, 4, 'Nadeem Akhter', '2022-03-07', 'release', 0, ' Excepteur sint occaecat cupidatat non\nproident, sunt in culpa qui officia deserunt mollit anim id est laborum.', '2022-03-07 08:46:18', '2022-03-07 08:47:04'),
(5, 0, 2, 'Nadeem Akhter', '2022-03-08', 'release', 1, ' Excepteur sint occaecat cupidatat non\nproident, sunt in culpa qui officia deserunt mollit anim id est laborum.', '2022-03-08 05:27:36', '2022-03-08 08:20:54'),
(6, 0, 2, 'Nadeem Akhter', '2022-03-08', 'pending', 1, NULL, '2022-03-08 08:21:38', '2022-03-08 08:21:38'),
(7, 1, 4, 'Nadeem Akhter', '2022-03-08', 'pending', 0, NULL, '2022-03-08 09:37:37', '2022-03-08 09:37:37'),
(14, 0, 2, 'Mir Creater', '2022-03-30', 'pending', 1, NULL, '2022-03-30 05:37:51', '2022-03-30 05:37:51');

-- --------------------------------------------------------

--
-- Table structure for table `material_issue_request_data`
--

CREATE TABLE `material_issue_request_data` (
  `id` int(11) NOT NULL,
  `mir_id` int(11) DEFAULT NULL,
  `item_id` int(11) DEFAULT NULL,
  `item_requesting_quantity` int(11) DEFAULT NULL,
  `created_at` timestamp NULL DEFAULT NULL,
  `updated_at` timestamp NULL DEFAULT NULL
) ENGINE=InnoDB DEFAULT CHARSET=latin1;

--
-- Dumping data for table `material_issue_request_data`
--

INSERT INTO `material_issue_request_data` (`id`, `mir_id`, `item_id`, `item_requesting_quantity`, `created_at`, `updated_at`) VALUES
(2, 3, 2, 90, '2022-03-07 08:44:31', '2022-03-07 08:45:20'),
(3, 3, 3, 6, '2022-03-07 08:44:31', '2022-03-07 08:45:20'),
(4, 4, 2, 22, '2022-03-07 08:46:18', '2022-03-07 08:47:04'),
(5, 4, 3, 6, '2022-03-07 08:46:18', '2022-03-07 08:47:04'),
(6, 5, 3, 10, '2022-03-08 05:27:36', '2022-03-08 08:20:54'),
(7, 5, 2, 5, '2022-03-08 05:27:36', '2022-03-08 08:20:54'),
(8, 5, 1, 5, '2022-03-08 05:27:36', '2022-03-08 08:20:54'),
(9, 5, 8, 5, '2022-03-08 05:27:36', '2022-03-08 08:20:54'),
(10, 6, 3, 20, '2022-03-08 08:21:38', '2022-03-08 08:21:38'),
(11, 6, 2, 25, '2022-03-08 08:21:38', '2022-03-08 08:21:38'),
(12, 7, 2, 50, '2022-03-08 09:37:37', '2022-03-08 09:37:37'),
(13, 7, 3, 20, '2022-03-08 09:37:37', '2022-03-08 09:37:37'),
(16, 14, 3, 23, '2022-03-30 05:37:51', '2022-03-30 05:37:51'),
(17, 14, 1, 23, '2022-03-30 05:37:51', '2022-03-30 05:37:51');

-- --------------------------------------------------------

--
-- Table structure for table `material_request_approvals`
--

CREATE TABLE `material_request_approvals` (
  `id` int(11) NOT NULL,
  `approval_id` int(11) DEFAULT NULL,
  `mir_id` int(11) DEFAULT NULL,
  `is_approve` tinyint(1) DEFAULT NULL,
  `created_at` timestamp NOT NULL,
  `updated_at` timestamp NOT NULL
) ENGINE=InnoDB DEFAULT CHARSET=latin1;

--
-- Dumping data for table `material_request_approvals`
--

INSERT INTO `material_request_approvals` (`id`, `approval_id`, `mir_id`, `is_approve`, `created_at`, `updated_at`) VALUES
(1, 1, 5, 1, '2022-03-08 05:27:36', '2022-03-08 07:57:17'),
(2, 1, 6, 1, '2022-03-08 08:21:38', '2022-03-08 08:22:13'),
(3, 13, 13, 0, '2022-03-30 05:35:51', '2022-03-30 05:35:51'),
(4, 15, 14, 0, '2022-03-30 05:37:51', '2022-03-30 05:37:51');

-- --------------------------------------------------------

--
-- Table structure for table `merging_properties`
--

CREATE TABLE `merging_properties` (
  `id` int(11) NOT NULL,
  `mrf_no` varchar(20) COLLATE utf8_unicode_ci DEFAULT NULL,
  `maf_no` varchar(20) COLLATE utf8_unicode_ci DEFAULT NULL,
  `property_code` varchar(20) COLLATE utf8_unicode_ci DEFAULT NULL,
  `requested_by` varchar(20) COLLATE utf8_unicode_ci DEFAULT NULL,
  `contact_no` varchar(20) COLLATE utf8_unicode_ci DEFAULT NULL,
  `sale_agent_name` varchar(20) COLLATE utf8_unicode_ci DEFAULT NULL,
  `city` int(11) NOT NULL,
  `street` varchar(50) COLLATE utf8_unicode_ci DEFAULT NULL,
  `phase` varchar(50) COLLATE utf8_unicode_ci DEFAULT NULL,
  `area` varchar(50) COLLATE utf8_unicode_ci DEFAULT NULL,
  `address` text COLLATE utf8_unicode_ci,
  `demand_for_property` double NOT NULL DEFAULT '0',
  `details` text COLLATE utf8_unicode_ci,
  `merging_value` double NOT NULL DEFAULT '0',
  `merging_assessed_value` double NOT NULL DEFAULT '0',
  `appraised_by` text COLLATE utf8_unicode_ci,
  `appraised_by_sale_agent` enum('yes','no') COLLATE utf8_unicode_ci NOT NULL,
  `assessment_amount` double NOT NULL DEFAULT '0',
  `assessment_adjusted_against` enum('rebate','cash') COLLATE utf8_unicode_ci NOT NULL,
  `employee_id` int(11) DEFAULT '0',
  `visit_time` varchar(100) COLLATE utf8_unicode_ci DEFAULT NULL,
  `contact_person_at_location` varchar(150) COLLATE utf8_unicode_ci DEFAULT NULL,
  `contact_person_no` varchar(15) COLLATE utf8_unicode_ci DEFAULT NULL,
  `requestor_accompanied` enum('yes','no') COLLATE utf8_unicode_ci DEFAULT NULL,
  `is_approve` tinyint(1) NOT NULL DEFAULT '0' COMMENT '1-approve , 2-disapprove , 0-pending',
  `created_at` timestamp NOT NULL DEFAULT CURRENT_TIMESTAMP ON UPDATE CURRENT_TIMESTAMP,
  `updated_at` timestamp NOT NULL DEFAULT '0000-00-00 00:00:00'
) ENGINE=InnoDB DEFAULT CHARSET=utf8 COLLATE=utf8_unicode_ci;

-- --------------------------------------------------------

--
-- Table structure for table `migrations`
--

CREATE TABLE `migrations` (
  `id` int(10) UNSIGNED NOT NULL,
  `migration` varchar(191) COLLATE utf8mb4_unicode_ci NOT NULL,
  `batch` int(11) NOT NULL
) ENGINE=InnoDB DEFAULT CHARSET=utf8mb4 COLLATE=utf8mb4_unicode_ci;

--
-- Dumping data for table `migrations`
--

INSERT INTO `migrations` (`id`, `migration`, `batch`) VALUES
(1, '2014_10_12_000000_create_users_table', 1),
(2, '2014_10_12_100000_create_password_resets_table', 1),
(3, '2019_04_23_054422_create_customers_table', 1),
(4, '2019_04_24_052527_create_customer_properties_table', 1),
(5, '2019_04_24_052640_create_customer_statements_table', 1),
(6, '2019_04_24_065638_create_product_sizes_table', 1),
(7, '2019_04_24_070836_create_dealers_table', 1),
(8, '2019_04_24_072354_create_dealer_transactions_table', 1),
(9, '2019_04_24_104939_create_installment_plans_table', 2),
(10, '2019_05_02_052748_create_purchases_table', 3),
(11, '2019_05_02_053005_create_expenses_table', 3),
(12, '2019_05_02_064913_update_customer_property_schedular', 4),
(13, '2019_05_06_055828_create_employees_table', 5),
(14, '2019_05_06_061220_create_departments_table', 5),
(15, '2019_05_06_061258_create_designations_table', 5),
(16, '2019_05_06_061519_update_employee_desgination_department', 5),
(17, '2019_05_08_055313_update_department_status', 6),
(18, '2019_05_08_055440_update_designation_status', 6),
(19, '2019_05_09_072613_create_policies_table', 7),
(20, '2019_05_09_074302_update_custoemr_property', 7),
(21, '2019_05_10_060843_create_employee_policies_table', 8),
(22, '2019_05_13_072306_create_payrolls_table', 9),
(23, '2019_05_14_102747_create_payment_heads_table', 10),
(24, '2019_05_14_105550_create_installment_plan_attributes_table', 11),
(25, '2019_05_15_094740_create_receipts_table', 12),
(26, '2019_05_20_055914_update_customer_property_dealer', 13),
(27, '2019_05_20_064006_update_customer_property_netpay', 14),
(28, '2019_05_20_065133_create_plot_categories_table', 15),
(29, '2019_05_21_074213_create_dealer_paid_rebates_table', 16),
(31, '2019_05_23_121053_create_product_types_table', 17),
(32, '2019_05_24_062029_update_customer_propert_membership', 18),
(33, '2019_05_29_092204_update_customer_statement_receipt', 19),
(34, '2019_06_25_063006_update_customer_properties', 20),
(35, '2019_06_26_070342_create_depositor_banks_table', 21),
(36, '2019_07_02_051704_update_installmment_plans_new', 22),
(37, '2019_07_03_061340_update_customer_properties__schedule_start_date', 23),
(38, '2019_07_03_063328_update_customer_nominee_information', 24),
(39, '2019_07_05_055903_update_customer_properties', 25),
(40, '2019_07_05_061614_update_installmnet_plan_six_installment', 26),
(41, '2019_07_08_060734_create_countries_table', 27),
(42, '2019_07_08_060839_create_cities_table', 27),
(43, '2019_07_08_061203_update_customer_address', 28),
(44, '2019_07_08_071241_update_dealer_address', 29),
(45, '2019_07_08_074714_create_customer_property_partners_table', 30),
(46, '2019_07_09_052614_create_company_banks_table', 31),
(47, '2019_07_09_095954_update_receipts_company_account', 32),
(48, '2019_07_09_104518_create_company_bank_transactions_table', 33),
(49, '2019_07_25_065653_create_transfer_properties_table', 34),
(50, '2019_10_15_072619_create_inventories_table', 35),
(51, '2019_10_16_071117_create_dealer_types_table', 36),
(52, '2019_10_16_075046_update_dealer_type', 37),
(53, '2019_10_17_071607_update_customer_property_inventory', 38),
(54, '2019_10_18_052343_create_schedule_plans_table', 39),
(55, '2019_10_18_065524_update_inventory_description', 40),
(56, '2019_10_18_190459_create_project_accounts_table', 41),
(57, '2019_10_18_191711_update_project_amount', 42),
(58, '2019_10_19_125553_create_customer_property_buy_backs_table', 43),
(59, '2019_10_22_080322_update_inventory_extra_charges', 44),
(60, '2019_10_22_082921_update_expense_image', 45),
(61, '2019_10_22_104716_update_dealer_parent', 46),
(62, '2019_10_24_054426_update_project_account_type', 47),
(63, '2019_10_24_060517_create_project_account_files_table', 48),
(64, '2019_10_24_074225_update_project_account', 49),
(65, '2019_10_30_045130_create_customer_property_buy_back_statements_table', 50),
(66, '2019_11_11_101635_update_inventories_type', 51),
(67, '2019_11_13_091926_create_unit_floors_table', 52),
(68, '2019_11_13_092016_create_unit_floor_categories_table', 52),
(69, '2019_11_13_120415_update_inventory_unit_floor', 53),
(70, '2019_11_18_052303_update_receipt_adjacement', 54),
(71, '2019_11_18_124654_update_scheduler_type', 55),
(72, '2019_11_27_155121_create_customer_property_full_payments_table', 56),
(73, '2019_11_27_155400_create_customer_property_full_payment_statements_table', 57),
(74, '2019_11_27_213725_create_customer_adjustments_table', 58),
(75, '2019_11_28_064448_create_payments_table', 59),
(76, '2019_12_20_182748_create_plot_types_table', 60),
(77, '2020_01_15_110148_create_registration_nos_table', 61),
(78, '2020_01_15_125923_create_customer_registrations_table', 62),
(79, '2020_01_27_110203_create_inventory_categories_table', 63),
(80, '2020_01_27_194610_create_customer_documents_table', 63),
(81, '2020_01_28_052239_update_block_sizes_add_reg', 63),
(82, '2020_01_28_064115_update_customer_registration_add_registration', 63),
(83, '2020_02_08_113134_create_dealer_registrations_table', 63),
(84, '2020_03_19_062052_update_dealer_code', 63),
(85, '2020_03_19_065448_create_customer_nominees_table', 63),
(86, '2020_05_08_194445_create_activity_log_table', 64),
(87, '2020_07_15_164649_entrust_setup_tables', 64),
(88, '2020_07_21_114147_create_dealer_received_amounts_table', 65),
(89, '2020_07_25_155038_update_registration_booking', 66),
(90, '2020_07_25_184725_update_registration_printcount', 67),
(91, '2020_07_25_184754_update_membership_printcount', 67),
(92, '2020_09_12_124300_create_customer_requests_table', 68),
(93, '2021_03_04_162515_create_property_chat_histories_table', 69),
(94, '2021_03_23_184033_create_investors_table', 70),
(95, '2021_03_23_185237_create_investor_documents_table', 71),
(96, '2021_03_23_185932_update_investor', 71),
(97, '2021_03_23_191020_update_investor_is_delete', 72),
(98, '2021_03_23_202226_create_investor_files_table', 73);

-- --------------------------------------------------------

--
-- Table structure for table `otps`
--

CREATE TABLE `otps` (
  `id` int(10) UNSIGNED NOT NULL,
  `phone_number` varchar(255) COLLATE utf8mb4_unicode_ci NOT NULL,
  `otp` varchar(255) COLLATE utf8mb4_unicode_ci NOT NULL,
  `reason` varchar(255) COLLATE utf8mb4_unicode_ci DEFAULT NULL,
  `created_at` timestamp NULL DEFAULT NULL,
  `updated_at` timestamp NULL DEFAULT NULL
) ENGINE=InnoDB DEFAULT CHARSET=utf8mb4 COLLATE=utf8mb4_unicode_ci;

-- --------------------------------------------------------

--
-- Table structure for table `password_resets`
--

CREATE TABLE `password_resets` (
  `email` varchar(191) COLLATE utf8mb4_unicode_ci NOT NULL,
  `token` varchar(191) COLLATE utf8mb4_unicode_ci NOT NULL,
  `created_at` timestamp NULL DEFAULT NULL
) ENGINE=InnoDB DEFAULT CHARSET=utf8mb4 COLLATE=utf8mb4_unicode_ci;

-- --------------------------------------------------------

--
-- Table structure for table `payments`
--

CREATE TABLE `payments` (
  `id` int(10) UNSIGNED NOT NULL,
  `customer_id` int(10) UNSIGNED NOT NULL,
  `property_id` int(10) UNSIGNED NOT NULL,
  `payment_type` int(11) NOT NULL DEFAULT '1',
  `payment_mode` int(11) NOT NULL DEFAULT '1',
  `bank_name` text COLLATE utf8mb4_unicode_ci,
  `cheque_number` varchar(191) COLLATE utf8mb4_unicode_ci DEFAULT NULL,
  `cheque_title` varchar(191) COLLATE utf8mb4_unicode_ci DEFAULT NULL,
  `amount` double NOT NULL,
  `receipt_no` varchar(191) COLLATE utf8mb4_unicode_ci DEFAULT NULL,
  `reference_no` varchar(191) COLLATE utf8mb4_unicode_ci DEFAULT NULL,
  `receipt_date` date NOT NULL,
  `created_at` timestamp NULL DEFAULT NULL,
  `updated_at` timestamp NULL DEFAULT NULL
) ENGINE=InnoDB DEFAULT CHARSET=utf8mb4 COLLATE=utf8mb4_unicode_ci;

-- --------------------------------------------------------

--
-- Table structure for table `payment_heads`
--

CREATE TABLE `payment_heads` (
  `id` int(10) UNSIGNED NOT NULL,
  `name` varchar(191) COLLATE utf8mb4_unicode_ci NOT NULL,
  `created_at` timestamp NULL DEFAULT NULL,
  `updated_at` timestamp NULL DEFAULT NULL
) ENGINE=InnoDB DEFAULT CHARSET=utf8mb4 COLLATE=utf8mb4_unicode_ci;

-- --------------------------------------------------------

--
-- Table structure for table `payment_head_priorities`
--

CREATE TABLE `payment_head_priorities` (
  `id` int(11) NOT NULL,
  `payment_head` int(11) NOT NULL DEFAULT '0',
  `priority` int(11) NOT NULL DEFAULT '0',
  `created_at` timestamp NOT NULL,
  `updated_at` timestamp NOT NULL
) ENGINE=InnoDB DEFAULT CHARSET=latin1;

--
-- Dumping data for table `payment_head_priorities`
--

INSERT INTO `payment_head_priorities` (`id`, `payment_head`, `priority`, `created_at`, `updated_at`) VALUES
(1, 1, 1, '2022-05-14 10:06:41', '2022-05-14 10:06:41'),
(2, 2, 3, '2022-05-14 10:06:41', '2022-05-14 10:06:41'),
(3, 3, 2, '2022-05-14 10:06:42', '2022-05-14 10:06:42'),
(4, 8, 4, '2022-05-14 10:06:42', '2022-05-14 10:06:42'),
(5, 9, 5, '2022-05-14 10:06:42', '2022-05-14 10:06:42'),
(6, 10, 6, '2022-05-14 10:06:42', '2022-05-14 10:06:42'),
(7, 11, 7, '2022-05-14 10:06:42', '2022-05-14 10:06:42'),
(8, 12, 8, '2022-05-14 10:06:42', '2022-05-14 10:06:42'),
(9, 13, 9, '2022-05-14 10:06:42', '2022-05-14 10:06:42');

-- --------------------------------------------------------

--
-- Table structure for table `payrolls`
--

CREATE TABLE `payrolls` (
  `id` int(10) UNSIGNED NOT NULL,
  `employee_id` int(10) UNSIGNED DEFAULT NULL,
  `benefits` double DEFAULT NULL,
  `deductions` double DEFAULT NULL,
  `net_pay` double NOT NULL,
  `date` date NOT NULL,
  `created_at` timestamp NULL DEFAULT NULL,
  `updated_at` timestamp NULL DEFAULT NULL
) ENGINE=InnoDB DEFAULT CHARSET=utf8mb4 COLLATE=utf8mb4_unicode_ci;

-- --------------------------------------------------------

--
-- Table structure for table `permissions`
--

CREATE TABLE `permissions` (
  `id` int(10) UNSIGNED NOT NULL,
  `name` varchar(191) COLLATE utf8mb4_unicode_ci NOT NULL,
  `display_name` varchar(191) COLLATE utf8mb4_unicode_ci DEFAULT NULL,
  `description` varchar(191) COLLATE utf8mb4_unicode_ci DEFAULT NULL,
  `created_at` timestamp NULL DEFAULT NULL,
  `updated_at` timestamp NULL DEFAULT NULL,
  `department` int(11) DEFAULT NULL
) ENGINE=InnoDB DEFAULT CHARSET=utf8mb4 COLLATE=utf8mb4_unicode_ci;

--
-- Dumping data for table `permissions`
--

INSERT INTO `permissions` (`id`, `name`, `display_name`, `description`, `created_at`, `updated_at`, `department`) VALUES
(1, 'create-customer', 'Create Customers', 'Create New Customer', NULL, NULL, 1),
(2, 'view-customer', 'View Customers', NULL, NULL, NULL, 1),
(3, 'edit-customer', 'Edit Customers', NULL, NULL, NULL, 1),
(4, 'delete-customer', 'Delete Customers', NULL, NULL, NULL, 1),
(5, 'create-inventory', 'Create Inventories', 'Create New Inventory', NULL, NULL, 1),
(6, 'view-inventory', 'View Inventories', NULL, NULL, NULL, 1),
(7, 'edit-inventory', 'Edit Inventories', NULL, NULL, NULL, 1),
(8, 'delete-inventory', 'Delete Inventories', NULL, NULL, NULL, 1),
(9, 'create-registration', 'Create Registrations', 'Create New Registration', NULL, NULL, 1),
(10, 'print-registration', 'Print Registrations', NULL, NULL, NULL, 1),
(11, 'edit-registration', 'Edit Registrations', NULL, NULL, NULL, 1),
(12, 'delete-registration', 'Delete Registrations', NULL, NULL, NULL, 1),
(13, 'download-registration', 'Download Registrations', NULL, NULL, NULL, 1),
(14, 'create-membership', 'Create Memberships', 'Create New Membership', NULL, NULL, 1),
(15, 'view-membership', 'View Memberships', NULL, NULL, NULL, 1),
(16, 'print-membership', 'Print Memberships', NULL, NULL, NULL, 1),
(17, 'edit-membership', 'Edit Memberships', NULL, NULL, NULL, 1),
(18, 'create-schedule', 'Create Schedules', NULL, NULL, NULL, 1),
(19, 'delete-membership', 'Delete Memberships', NULL, NULL, NULL, 1),
(20, 'download-membership', 'Download Memberships', NULL, NULL, NULL, 1),
(21, 'sms-membership', 'Sms Memberships', NULL, NULL, NULL, 1),
(22, 'reminder-membership', 'Reminder Memberships', NULL, NULL, NULL, 1),
(23, 'approve-membership', 'Approve Memberships', 'Approve New Membership', NULL, NULL, 1),
(24, 'create-receipt', 'Create Receipts', 'Create New Receipt', NULL, NULL, 1),
(25, 'view-receipt', 'View receipts', NULL, NULL, NULL, 1),
(26, 'print-receipt', 'Print Receipts', NULL, NULL, NULL, 1),
(27, 'edit-receipt', 'Edit Receipts', NULL, NULL, NULL, 1),
(28, 'delete-receipt', 'Delete Receipts', NULL, NULL, NULL, 1),
(29, 'download-receipt', 'Download Receipts', NULL, NULL, NULL, 1),
(30, 'create-dealer', 'Create Dealers', 'Create New Dealer', NULL, NULL, 1),
(31, 'view-dealer', 'View Dealers', NULL, NULL, NULL, 1),
(32, 'edit-dealer', 'Edit Dealers', NULL, NULL, NULL, 1),
(33, 'delete-dealer', 'Delete Dealers', NULL, NULL, NULL, 1),
(34, 'sms-dealer', 'Sms Dealer Clients', NULL, NULL, NULL, 1),
(35, 'create-bank-account', 'Create Bank Account', NULL, NULL, NULL, 2),
(36, 'view-bank-account', 'View Bank Account', NULL, NULL, NULL, 2),
(37, 'edit-bank-account', 'Edit Bank Account', NULL, NULL, NULL, 2),
(38, 'delete-bank-account', 'Delete Bank Account', NULL, NULL, NULL, 2),
(39, 'create-dealer-rebate', 'Create Dealer Rebate', NULL, NULL, NULL, 1),
(40, 'view-dealer-rebate', 'View Dealer Rebate', NULL, NULL, NULL, 1),
(41, 'edit-dealer-rebate', 'Edit Dealer Rebate', NULL, NULL, NULL, 1),
(42, 'delete-dealer-rebate', 'Delete Dealer Rebate', NULL, NULL, NULL, 1),
(43, 'create-customer-adjustment', 'Create Customer Adjustment', NULL, NULL, NULL, NULL),
(44, 'view-customer-adjustment', 'View Customer Adjustment', NULL, NULL, NULL, NULL),
(45, 'edit-customer-adjustment', 'Edit Customer Adjustment', NULL, NULL, NULL, NULL),
(46, 'delete-customer-adjustment', 'Delete Customer Adjustment', NULL, NULL, NULL, NULL),
(47, 'create-expense', 'Create Expense', NULL, NULL, NULL, NULL),
(48, 'view-expense', 'View Expense', NULL, NULL, NULL, NULL),
(49, 'edit-expense', 'Edit Expense', NULL, NULL, NULL, NULL),
(50, 'delete-expense', 'Delete Expense', NULL, NULL, NULL, NULL),
(51, 'create-employee', 'Create Emplpoyee', NULL, NULL, NULL, 2),
(52, 'view-employee', 'View Employee', NULL, NULL, NULL, 2),
(53, 'edit-employee', 'Edit Employee', NULL, NULL, NULL, 2),
(54, 'delete-employee', 'Delete Employee', NULL, NULL, NULL, 2),
(55, 'manage-payroll', 'Manage Payroll', NULL, NULL, NULL, 1),
(56, 'manage-policy', 'Manage Policy', NULL, NULL, NULL, 1),
(57, 'view-recovery-report', 'View Recovery Report', NULL, NULL, NULL, 1),
(58, 'view-profit-loss-report', 'view Profit loss Report', NULL, NULL, NULL, 2),
(59, 'view-rebate-report', 'View Rebate Report', NULL, NULL, NULL, 1),
(60, 'manage-messages', 'Manage Customer Messages', NULL, NULL, NULL, 1),
(61, 'view-activity-log', 'view Activity Logs', NULL, NULL, NULL, 1),
(62, 'view-activity-download-log', 'View Activity Download Logs', NULL, NULL, NULL, 1),
(63, 'manage-trashbox', 'Manage Trash Box', NULL, NULL, NULL, 1),
(64, 'create-department', 'Create Department', NULL, NULL, NULL, 3),
(65, 'view-department', 'View Department', NULL, NULL, NULL, 3),
(66, 'edit-department', 'Edit Department', NULL, NULL, NULL, 3),
(67, 'delete-department', 'Delete Department', NULL, NULL, NULL, 3),
(68, 'create-designation', 'Create Designation', NULL, NULL, NULL, NULL),
(69, 'view-designation', 'View Designation', NULL, NULL, NULL, NULL),
(70, 'edit-designation', 'Edit Designation', NULL, NULL, NULL, NULL),
(71, 'delete-designation', 'Delete Designation', NULL, NULL, NULL, NULL),
(72, 'create-account', 'Create Account', NULL, NULL, NULL, 2),
(73, 'view-account', 'View Account', NULL, NULL, NULL, 2),
(74, 'edit-account', 'Edit Account', NULL, NULL, NULL, 2),
(75, 'delete-account', 'Delete Account', NULL, NULL, NULL, 2),
(76, 'create-dealer-type', 'Create Dealer Type', NULL, NULL, NULL, 1),
(77, 'view-dealer-type', 'View Dealer Type', NULL, NULL, NULL, 1),
(78, 'edit-dealer-type', 'Edit Dealer Type', NULL, NULL, NULL, 1),
(79, 'delete-dealer-type', 'Delete Dealer Type', NULL, NULL, NULL, 1),
(80, 'create-reg-no', 'Create Registration No.', NULL, NULL, NULL, NULL),
(81, 'view-reg-no', 'View Registration No.', NULL, NULL, NULL, NULL),
(82, 'edit-reg-no', 'Edit Registration No.', NULL, NULL, NULL, NULL),
(83, 'delete-reg-no', 'Delete Registration No.', NULL, NULL, NULL, NULL),
(84, 'create-unit-category', 'Create Unit Category', NULL, NULL, NULL, 1),
(85, 'view-unit-category', 'View Unit Category', NULL, NULL, NULL, 1),
(86, 'edit-unit-category', 'Edit Unit Category', NULL, NULL, NULL, 1),
(87, 'delete-unit-category', 'Delete Unit Category', NULL, NULL, NULL, 1),
(88, 'create-unit-type', 'Create Unit Type', NULL, NULL, NULL, 1),
(89, 'view-unit-type', 'View Unit Type', NULL, NULL, NULL, 1),
(90, 'edit-unit-type', 'Edit Unit Type', NULL, NULL, NULL, 1),
(91, 'delete-unit-type', 'Delete Unit Type', NULL, NULL, NULL, 1),
(92, 'create-unit-size', 'Create Unit Size', NULL, NULL, NULL, 1),
(93, 'view-unit-size', 'View Unit Size', NULL, NULL, NULL, 1),
(94, 'edit-unit-size', 'Edit Unit Size', NULL, NULL, NULL, 1),
(95, 'delete-unit-size', 'Delete Unit Size', NULL, NULL, NULL, 1),
(96, 'create-unit-floor', 'Create Unit Floor', NULL, NULL, NULL, 1),
(97, 'view-unit-floor', 'View Unit Floor', NULL, NULL, NULL, 1),
(98, 'edit-unit-floor', 'Edit Unit floor', NULL, NULL, NULL, 1),
(99, 'delete-unit-floor', 'Delete Unit Floor', NULL, NULL, NULL, 1),
(100, 'list-customer', 'List of Customers', NULL, NULL, NULL, 1),
(101, 'list-inventory', 'List of Inventories', NULL, NULL, NULL, 1),
(102, 'list-registration', 'List of Registrations', NULL, NULL, NULL, 1),
(103, 'list-membership', 'List of Memberships', NULL, NULL, NULL, 1),
(104, 'list-receipt', 'List of Receipts', NULL, NULL, NULL, 1),
(105, 'list-dealer', 'List of Dealers', NULL, NULL, NULL, 1),
(106, 'list-bank-account', 'List of Bank Accounts', NULL, NULL, NULL, 2),
(107, 'list-dealer-rebate', 'List of Dealer Rebates', NULL, NULL, NULL, 2),
(108, 'list-customer-adjustment', 'List of Customer Adjustment', NULL, NULL, NULL, 2),
(109, 'list-expense', 'List of Expenses', NULL, NULL, NULL, 2),
(110, 'list-employee', 'List of Employees', NULL, NULL, NULL, 1),
(111, 'dealer-payment', 'Manage Dealer Payment', NULL, NULL, NULL, 2),
(112, 'due-payments', 'Manage Due Payment Clients', NULL, NULL, NULL, 1),
(113, 'create-vendor', 'Create Vendor', NULL, NULL, NULL, 3),
(114, 'view-vendor', 'View Vendor', NULL, NULL, NULL, 3),
(115, 'edit-vendor', 'Edit Vendor', NULL, NULL, NULL, 3),
(116, 'delete-vendor', 'Delete Vendor', NULL, NULL, NULL, 3),
(117, 'view-aging-report', 'View Aging Report', NULL, NULL, NULL, 1),
(118, 'view-balance-sheet', 'View Balance Sheet', NULL, NULL, NULL, 2),
(119, 'view-chart-of-account', 'View Chart of Account', NULL, NULL, NULL, 2),
(120, 'create-chart-of-account', 'Create Chart of Account', NULL, NULL, NULL, 2),
(121, 'edit-chart-of-account', 'Edit Chart of Account', NULL, NULL, NULL, 2),
(122, 'delete-chart-of-account', 'Delete Chart of Account', NULL, NULL, NULL, 2),
(123, 'list-chart-of-account', 'List Chart of Account', NULL, NULL, NULL, 2),
(124, 'follow-up', 'Manage Follow up', NULL, NULL, NULL, 1),
(125, 'create-item-category', 'Create Item Category', NULL, NULL, NULL, 3),
(126, 'list-item-category', 'List Item Category', NULL, NULL, NULL, 3),
(127, 'edit-item-category', 'Edit Item Category', NULL, NULL, NULL, 3),
(128, 'delete-item-category', 'Delete Item Category', NULL, NULL, NULL, 3),
(129, 'list-item', 'List Item', NULL, NULL, NULL, 3),
(130, 'create-item', 'Create Item', NULL, NULL, NULL, 3),
(131, 'edit-item', 'Edit Item', NULL, NULL, NULL, 3),
(132, 'view-item', 'View Item', NULL, NULL, NULL, 3),
(133, 'delete-item', 'Delete Item', NULL, NULL, NULL, 3),
(134, 'releasing-item', 'Releasing Item', NULL, NULL, NULL, 3),
(135, 'list-purchase-request', 'List Purchase Request', NULL, NULL, NULL, 3),
(136, 'create-purchase-request', 'Create Purchase Request', NULL, NULL, NULL, 3),
(137, 'view-purchase-request', 'View Purchase Request', NULL, NULL, NULL, 3),
(138, 'edit-purchase-request', 'Edit Purchase Request', NULL, NULL, NULL, 3),
(139, 'delete-purchase-request', 'Delete Purchase Request', NULL, NULL, NULL, 3),
(140, 'list-request-for-quotation', 'List Request For Quotation', NULL, NULL, NULL, 3),
(141, 'create-request-for-quotation', 'Create Request For Quotation', NULL, NULL, NULL, 3),
(142, 'view-request-for-quotation', 'View Request For Quotation', NULL, NULL, NULL, 3),
(143, 'edit-request-for-quotation', 'Edit Request For Quotation', NULL, NULL, NULL, 3),
(144, 'delete-request-for-quotation', 'Delete Request For Quotation', NULL, NULL, NULL, 3),
(145, 'send-request-for-quotation', 'Send Request For Quotation', NULL, NULL, NULL, 3),
(146, 'list-comparative-statement', 'List Comparative Statement', NULL, NULL, NULL, 3),
(147, 'view-comparative-statement', 'View Comparative Statement', NULL, NULL, NULL, 3),
(148, 'send-comparative-statement', 'Send Comparative Statement', NULL, NULL, NULL, 3),
(149, 'list-purchase-order', 'List Purchase Order', NULL, NULL, NULL, 3),
(150, 'create-purchase-order', 'Create Purchase Order', NULL, NULL, NULL, 3),
(151, 'view-purchase-order', 'View Purchase Order', NULL, NULL, NULL, 3),
(152, 'edit-purchase-order', 'Edit Purchase Order', NULL, NULL, NULL, 3),
(153, 'delete-purchase-order', 'Delete Purchase Order', NULL, NULL, NULL, 3),
(154, 'list-po-receipt', 'List PO Receipt', NULL, NULL, NULL, 3),
(155, 'view-po-receipt', 'View PO Receipt', NULL, NULL, NULL, 3),
(156, 'pay-po-receipt', 'Pay PO Receipt', NULL, NULL, NULL, 3),
(157, 'manage-procurement-dashboard', 'Manage Procurement Dashboard', NULL, NULL, NULL, 3),
(158, 'manage-department-dashboard', 'Manage Department Dashboard', NULL, NULL, NULL, 3),
(159, 'item-in-out-report', 'Item Int/Out Report', NULL, NULL, NULL, 3),
(160, 'item-valuation-report', 'Item Valuation Report', NULL, NULL, NULL, 3),
(161, 'manage-sales-dashboard', 'Manage Sales Dashboard', NULL, NULL, NULL, 1),
(162, 'create-customer-discount-payment', 'Create Customer Discount Payment', NULL, NULL, NULL, 1),
(163, 'edit-customer-discount-payment', 'Edit Customer Discount Payment', NULL, NULL, NULL, 1),
(164, 'delete-customer-discount-payment', 'Delete Customer Discount Payment', NULL, NULL, NULL, 1),
(165, 'view-customer-discount-payment', 'View Customer Discount Payment', NULL, NULL, NULL, 1),
(166, 'releasing-item-view', 'Releasing Item View', NULL, NULL, NULL, 3),
(167, 'item-aging-report', 'Item Aging Report', NULL, NULL, NULL, 3),
(168, 'approval-pending-comparative-statement', 'Approval Pending Comparative Statement', NULL, NULL, NULL, 3),
(169, 'approve-po', 'Approve PO', NULL, NULL, NULL, 3),
(170, 'voucher-check', 'Voucher Check', NULL, NULL, NULL, 2),
(171, 'voucher-post', 'Voucher Post', NULL, NULL, NULL, 2),
(172, 'manage-account-dashboard', 'Manage Account Dashboard', NULL, NULL, NULL, 2),
(173, 'create-voucher', 'Create Voucher', NULL, NULL, NULL, 2),
(174, 'view-voucher', 'View Voucher', NULL, NULL, NULL, 2),
(175, 'delete-voucher', 'Delete Voucher', NULL, NULL, NULL, 2),
(176, 'edit-voucher', 'Edit Voucher', NULL, NULL, NULL, 2),
(177, 'list-voucher', 'List Voucher', NULL, NULL, NULL, 2),
(178, 'reversal-voucher', 'Reversal Voucher', NULL, NULL, NULL, 2),
(179, 'print-voucher', 'Print Voucher', NULL, NULL, NULL, 2),
(180, 'manage-customer-voucher', 'Manage Customer Voucher', NULL, NULL, NULL, 2),
(181, 'manage-vendor-voucher', 'Manage Vendor Voucher', NULL, NULL, NULL, 2),
(182, 'manage-dealer-voucher', 'Manage Dealer Voucher', NULL, NULL, NULL, 2),
(183, 'manage-employee-voucher', 'Manage Employee Voucher', NULL, NULL, NULL, 2),
(184, 'manage-reconciliation', 'Manage Bank Reconciliation', NULL, NULL, NULL, 2),
(185, 'view-trial-balance', 'View Trial Balance Report', NULL, NULL, NULL, 2),
(186, 'view-cash-flow-statement', 'View Cash Flow Statement', NULL, NULL, NULL, 2),
(187, 'view-dealer-commission', 'View Dealer Commission Report', NULL, NULL, NULL, 1),
(188, 'view-sold-inventory', 'View Sold Inventory Report', NULL, NULL, NULL, 1),
(189, 'view-received-amount', 'View Received Amount Report', NULL, NULL, NULL, 1),
(190, 'view-general-ledger', 'View General Ledger', NULL, NULL, NULL, 2),
(191, 'edit-item-manufacture', 'Edit Item Manufacture', 'edit Item Manufacture', NULL, NULL, 3),
(192, 'delete-item-manufacture', 'Delete Item Manufacture', 'delete Item Manufacture', NULL, NULL, 3),
(193, 'create-item-manufacture', 'Create Item Manufacture', 'Create New Item Manufacture', NULL, NULL, 3),
(194, 'item-manufacture', 'Item Manufacture', 'Create New Item Manufacture', NULL, NULL, 3),
(195, 'work-order', 'Work Order', 'Work Order', NULL, NULL, 3),
(196, 'return-item', 'Return Item', 'Return Item', NULL, NULL, 1),
(197, 'returning-item-view', 'Returning Item View', 'Returning Item View', NULL, NULL, 1),
(198, 'item-variance-report', 'Item Variance Report', 'Item Variance Report', NULL, NULL, 1),
(199, 'item-unit', 'Item Unit', 'Item Unit', NULL, NULL, 1),
(200, 'store-keeper', 'Store Keeper', 'Store Keeper', NULL, NULL, 1),
(201, 'store-keeper-view-item-list', 'Store Keeper View Item List', 'Store Keeper View Item List', NULL, NULL, 1),
(202, 'fixed-assets', 'Fixed Assets', 'Fixed Assets', NULL, NULL, 1),
(203, 'fixed-asset-types', 'Fixed Asset Types', 'Fixed Asset Types', NULL, NULL, 1),
(204, 'asset-location', 'Asset Location', 'Asset Location', NULL, NULL, 1),
(205, 'fixed-assets-maintainance', 'Fixed Assets Maintainance', 'Fixed Assets Maintainance', NULL, NULL, 1),
(206, 'hrm', 'HRM', 'HRM', NULL, NULL, 1),
(207, 'approve-receipt', 'Approve Receipt', 'Approve Receipt', NULL, NULL, 1),
(208, 'mir', 'Material Issue Request', 'Material Issue Request (MIR)', NULL, NULL, 1),
(209, 'voucher-valid-date', 'Voucher Valid Date', 'Voucher Valid Date', NULL, NULL, 1),
(210, 'inventory-report', 'Inventory Report', 'Inventory Report', NULL, NULL, 1),
(211, 'merging-properties-approval', 'Merging Properties Approval', 'Merging Properties Approval', NULL, NULL, 1),
(212, 'merging-properties-requisition', 'Merging Properties Requisition', 'Merging Properties Requisition', NULL, NULL, 1),
(213, 'merging-properties', 'Merging Properties', 'Merging Properties', NULL, NULL, 1),
(214, 'buyback-payment', 'Buy Back Payment', 'Buy Back Payment', NULL, NULL, 1),
(215, 'buyback-properties', 'Buy Back Properties', 'Buy Back Properties', NULL, NULL, 1),
(216, 'buy-back-approval', 'Buy Back Approval', 'Buy Back Approval', NULL, NULL, 1),
(217, 'buy-back-requisition', 'Buy Back Requisition', 'Buy Back Requisition', NULL, NULL, 1),
(218, 'reopen-membership', 'Reopen Membership', 'Reopen Membership', NULL, NULL, 1),
(219, 'roll-over-requisition', 'Roll Over Requisition', 'Roll Over Requisition', NULL, NULL, 1),
(220, 'roll-over-approval', 'Roll Over Approval', 'Roll Over Approval', NULL, NULL, 1),
(221, 'roll-over-properties', 'Roll Over Properties', 'Roll Over Properties', NULL, NULL, 1),
(222, 'roll-over-payment', 'Roll Over Payment', 'Roll Over Payment', NULL, NULL, 1);

-- --------------------------------------------------------

--
-- Table structure for table `permission_role`
--

CREATE TABLE `permission_role` (
  `permission_id` int(10) UNSIGNED NOT NULL,
  `role_id` int(10) UNSIGNED NOT NULL,
  `id` int(11) NOT NULL
) ENGINE=InnoDB DEFAULT CHARSET=utf8mb4 COLLATE=utf8mb4_unicode_ci;

--
-- Dumping data for table `permission_role`
--

INSERT INTO `permission_role` (`permission_id`, `role_id`, `id`) VALUES
(1, 1, 1),
(1, 6, 2),
(1, 7, 3),
(2, 1, 4),
(2, 7, 5),
(3, 1, 6),
(3, 7, 7),
(4, 1, 8),
(5, 1, 9),
(5, 7, 10),
(6, 1, 11),
(6, 6, 12),
(6, 7, 13),
(7, 1, 14),
(7, 7, 15),
(8, 1, 16),
(9, 1, 17),
(9, 6, 18),
(9, 7, 19),
(10, 1, 21),
(10, 7, 22),
(11, 1, 23),
(11, 7, 24),
(12, 1, 25),
(13, 1, 26),
(13, 7, 27),
(14, 1, 28),
(14, 6, 29),
(14, 7, 30),
(15, 1, 32),
(15, 7, 33),
(16, 1, 34),
(16, 7, 35),
(17, 1, 36),
(17, 7, 37),
(18, 1, 39),
(18, 7, 40),
(19, 1, 41),
(20, 1, 42),
(20, 7, 43),
(21, 1, 44),
(21, 8, 45),
(22, 1, 46),
(22, 8, 47),
(23, 1, 48),
(24, 1, 49),
(24, 7, 50),
(24, 8, 51),
(25, 1, 53),
(25, 7, 54),
(26, 1, 55),
(26, 7, 56),
(27, 1, 57),
(27, 7, 58),
(28, 1, 59),
(29, 1, 60),
(29, 7, 61),
(30, 1, 62),
(31, 1, 63),
(31, 7, 64),
(32, 1, 65),
(33, 1, 66),
(34, 1, 67),
(35, 1, 68),
(35, 7, 69),
(36, 1, 70),
(36, 7, 71),
(37, 1, 72),
(38, 1, 73),
(39, 1, 74),
(40, 1, 75),
(41, 1, 76),
(42, 1, 77),
(51, 1, 78),
(52, 1, 79),
(53, 1, 80),
(54, 1, 81),
(55, 1, 82),
(56, 1, 83),
(57, 1, 84),
(58, 1, 85),
(59, 1, 86),
(60, 1, 87),
(61, 1, 88),
(62, 1, 89),
(63, 1, 90),
(64, 1, 91),
(65, 1, 92),
(66, 1, 93),
(67, 1, 94),
(72, 1, 95),
(73, 1, 96),
(74, 1, 97),
(75, 1, 98),
(76, 1, 99),
(77, 1, 100),
(78, 1, 101),
(79, 1, 102),
(84, 1, 103),
(85, 1, 104),
(86, 1, 105),
(87, 1, 106),
(88, 1, 107),
(89, 1, 108),
(90, 1, 109),
(91, 1, 110),
(92, 1, 111),
(93, 1, 112),
(94, 1, 113),
(95, 1, 114),
(96, 1, 115),
(97, 1, 116),
(98, 1, 117),
(99, 1, 118),
(100, 1, 119),
(100, 7, 120),
(101, 1, 121),
(101, 7, 122),
(102, 1, 123),
(102, 7, 124),
(103, 1, 125),
(103, 7, 126),
(104, 1, 127),
(105, 1, 128),
(106, 1, 129),
(107, 1, 130),
(108, 1, 131),
(109, 1, 132),
(110, 1, 133),
(111, 1, 134),
(112, 1, 135),
(112, 8, 136),
(113, 1, 137),
(114, 1, 138),
(115, 1, 139),
(116, 1, 140),
(117, 1, 141),
(118, 1, 142),
(119, 1, 143),
(120, 1, 144),
(121, 1, 145),
(122, 1, 146),
(123, 1, 147),
(124, 1, 148),
(125, 1, 149),
(126, 1, 151),
(127, 1, 153),
(128, 1, 155),
(129, 1, 157),
(130, 1, 159),
(131, 1, 161),
(132, 1, 163),
(133, 1, 165),
(134, 1, 167),
(135, 1, 169),
(136, 1, 171),
(137, 1, 173),
(138, 1, 175),
(139, 1, 177),
(140, 1, 179),
(141, 1, 181),
(142, 1, 183),
(143, 1, 185),
(144, 1, 187),
(145, 1, 189),
(146, 1, 191),
(147, 1, 193),
(148, 1, 195),
(149, 1, 197),
(150, 1, 199),
(151, 1, 201),
(152, 1, 203),
(153, 1, 205),
(154, 1, 207),
(155, 1, 209),
(156, 1, 211),
(159, 1, 214),
(160, 1, 216),
(161, 1, 218),
(162, 1, 219),
(163, 1, 220),
(164, 1, 221),
(165, 1, 222),
(166, 1, 223),
(167, 1, 225),
(168, 1, 227),
(169, 1, 229),
(170, 1, 231),
(171, 1, 232),
(172, 1, 233),
(173, 1, 234),
(174, 1, 235),
(175, 1, 236),
(176, 1, 237),
(177, 1, 238),
(178, 1, 239),
(179, 1, 240),
(180, 1, 241),
(181, 1, 242),
(182, 1, 243),
(183, 1, 244),
(184, 1, 245),
(185, 1, 246),
(186, 1, 247),
(187, 1, 248),
(188, 1, 249),
(189, 1, 250),
(190, 1, 251),
(191, 1, 252),
(192, 1, 253),
(193, 1, 254),
(194, 1, 255),
(195, 1, 256),
(196, 1, 257),
(197, 1, 258),
(198, 1, 259),
(199, 1, 260),
(200, 1, 261),
(201, 1, 262),
(202, 1, 470),
(203, 1, 471),
(204, 1, 472),
(205, 1, 473),
(206, 1, 474),
(196, 13, 543),
(197, 13, 544),
(198, 13, 545),
(199, 13, 546),
(200, 13, 547),
(201, 13, 548),
(202, 13, 549),
(203, 13, 550),
(204, 13, 551),
(205, 13, 552),
(206, 13, 553),
(64, 13, 554),
(65, 13, 555),
(66, 13, 556),
(67, 13, 557),
(113, 13, 558),
(114, 13, 559),
(115, 13, 560),
(116, 13, 561),
(125, 13, 562),
(126, 13, 563),
(127, 13, 564),
(128, 13, 565),
(129, 13, 566),
(130, 13, 567),
(131, 13, 568),
(132, 13, 569),
(133, 13, 570),
(134, 13, 571),
(135, 13, 572),
(136, 13, 573),
(137, 13, 574),
(138, 13, 575),
(139, 13, 576),
(140, 13, 577),
(141, 13, 578),
(142, 13, 579),
(143, 13, 580),
(144, 13, 581),
(145, 13, 582),
(146, 13, 583),
(147, 13, 584),
(148, 13, 585),
(149, 13, 586),
(150, 13, 587),
(151, 13, 588),
(152, 13, 589),
(153, 13, 590),
(154, 13, 591),
(155, 13, 592),
(156, 13, 593),
(157, 13, 594),
(158, 13, 595),
(159, 13, 596),
(160, 13, 597),
(166, 13, 598),
(167, 13, 599),
(168, 13, 600),
(169, 13, 601),
(191, 13, 602),
(192, 13, 603),
(193, 13, 604),
(194, 13, 605),
(195, 13, 606),
(135, 9, 607),
(136, 9, 608),
(137, 9, 609),
(138, 9, 610),
(139, 9, 611),
(135, 14, 635),
(136, 14, 636),
(137, 14, 637),
(140, 14, 638),
(141, 14, 639),
(142, 14, 640),
(143, 14, 641),
(144, 14, 642),
(145, 14, 643),
(146, 14, 644),
(147, 14, 645),
(148, 14, 646),
(149, 14, 647),
(150, 14, 648),
(151, 14, 649),
(152, 14, 650),
(153, 14, 651),
(154, 14, 652),
(155, 14, 653),
(156, 14, 654),
(157, 14, 655),
(159, 14, 656),
(160, 14, 657),
(1, 0, 673),
(2, 0, 674),
(3, 0, 675),
(4, 0, 676),
(5, 0, 677),
(6, 0, 678),
(7, 0, 679),
(8, 0, 680),
(9, 0, 681),
(10, 0, 682),
(11, 0, 683),
(12, 0, 684),
(13, 0, 685),
(14, 0, 686),
(15, 0, 687),
(16, 0, 688),
(17, 0, 689),
(18, 0, 690),
(19, 0, 691),
(20, 0, 692),
(21, 0, 693),
(22, 0, 694),
(23, 0, 695),
(24, 0, 696),
(25, 0, 697),
(26, 0, 698),
(27, 0, 699),
(28, 0, 700),
(29, 0, 701),
(30, 0, 702),
(31, 0, 703),
(32, 0, 704),
(33, 0, 705),
(34, 0, 706),
(39, 0, 707),
(40, 0, 708),
(41, 0, 709),
(42, 0, 710),
(55, 0, 711),
(56, 0, 712),
(57, 0, 713),
(59, 0, 714),
(60, 0, 715),
(61, 0, 716),
(62, 0, 717),
(63, 0, 718),
(76, 0, 719),
(77, 0, 720),
(78, 0, 721),
(79, 0, 722),
(84, 0, 723),
(85, 0, 724),
(86, 0, 725),
(87, 0, 726),
(88, 0, 727),
(89, 0, 728),
(90, 0, 729),
(91, 0, 730),
(92, 0, 731),
(93, 0, 732),
(94, 0, 733),
(95, 0, 734),
(96, 0, 735),
(97, 0, 736),
(98, 0, 737),
(99, 0, 738),
(100, 0, 739),
(101, 0, 740),
(102, 0, 741),
(103, 0, 742),
(104, 0, 743),
(105, 0, 744),
(110, 0, 745),
(112, 0, 746),
(117, 0, 747),
(124, 0, 748),
(161, 0, 749),
(162, 0, 750),
(163, 0, 751),
(164, 0, 752),
(165, 0, 753),
(187, 0, 754),
(188, 0, 755),
(189, 0, 756),
(35, 0, 757),
(36, 0, 758),
(37, 0, 759),
(38, 0, 760),
(51, 0, 761),
(52, 0, 762),
(53, 0, 763),
(54, 0, 764),
(58, 0, 765),
(72, 0, 766),
(73, 0, 767),
(74, 0, 768),
(75, 0, 769),
(106, 0, 770),
(107, 0, 771),
(108, 0, 772),
(109, 0, 773),
(111, 0, 774),
(118, 0, 775),
(119, 0, 776),
(120, 0, 777),
(121, 0, 778),
(122, 0, 779),
(123, 0, 780),
(170, 0, 781),
(171, 0, 782),
(172, 0, 783),
(173, 0, 784),
(174, 0, 785),
(175, 0, 786),
(176, 0, 787),
(177, 0, 788),
(178, 0, 789),
(179, 0, 790),
(180, 0, 791),
(181, 0, 792),
(182, 0, 793),
(183, 0, 794),
(184, 0, 795),
(185, 0, 796),
(186, 0, 797),
(190, 0, 798),
(44, 1, 799),
(45, 1, 800),
(207, 1, 801),
(208, 1, 802),
(208, 12, 818),
(209, 1, 819),
(210, 1, 820),
(211, 1, 821),
(212, 1, 822),
(213, 1, 823),
(214, 1, 824),
(215, 1, 825),
(216, 1, 826),
(217, 1, 827),
(218, 1, 828),
(219, 1, 829),
(220, 1, 830),
(221, 1, 831),
(222, 1, 832);

-- --------------------------------------------------------

--
-- Table structure for table `policies`
--

CREATE TABLE `policies` (
  `id` int(10) UNSIGNED NOT NULL,
  `name` text COLLATE utf8mb4_unicode_ci NOT NULL,
  `amount` double NOT NULL,
  `type` int(11) NOT NULL,
  `created_at` timestamp NULL DEFAULT NULL,
  `updated_at` timestamp NULL DEFAULT NULL
) ENGINE=InnoDB DEFAULT CHARSET=utf8mb4 COLLATE=utf8mb4_unicode_ci;

-- --------------------------------------------------------

--
-- Table structure for table `products`
--

CREATE TABLE `products` (
  `id` int(10) UNSIGNED NOT NULL,
  `product_no` varchar(191) COLLATE utf8mb4_unicode_ci NOT NULL,
  `product_registration_no` varchar(191) COLLATE utf8mb4_unicode_ci NOT NULL,
  `product_size` varchar(191) COLLATE utf8mb4_unicode_ci NOT NULL,
  `product_category` varchar(191) COLLATE utf8mb4_unicode_ci DEFAULT NULL,
  `cost_amount` double NOT NULL,
  `sale_amount` double NOT NULL,
  `margin_amount` double DEFAULT NULL,
  `sold_amount` double DEFAULT NULL,
  `date_of_sold` date DEFAULT NULL,
  `creation_description` text COLLATE utf8mb4_unicode_ci,
  `sold_description` text COLLATE utf8mb4_unicode_ci,
  `dealer_id` int(10) UNSIGNED DEFAULT NULL,
  `dealer_rebate` double DEFAULT NULL,
  `company_profit` double DEFAULT NULL,
  `product_status` tinyint(1) NOT NULL DEFAULT '0',
  `created_at` timestamp NULL DEFAULT NULL,
  `updated_at` timestamp NULL DEFAULT NULL,
  `title` text COLLATE utf8mb4_unicode_ci,
  `address` text COLLATE utf8mb4_unicode_ci,
  `map_address` text COLLATE utf8mb4_unicode_ci,
  `city` varchar(191) COLLATE utf8mb4_unicode_ci DEFAULT NULL,
  `lat` float DEFAULT NULL,
  `lng` float DEFAULT NULL,
  `payment_type` int(11) DEFAULT NULL,
  `check_number` varchar(191) COLLATE utf8mb4_unicode_ci DEFAULT NULL,
  `bank_name` varchar(191) COLLATE utf8mb4_unicode_ci DEFAULT NULL,
  `due_balance` double DEFAULT NULL,
  `customer_id` int(10) UNSIGNED DEFAULT NULL
) ENGINE=InnoDB DEFAULT CHARSET=utf8mb4 COLLATE=utf8mb4_unicode_ci;

-- --------------------------------------------------------

--
-- Table structure for table `product_types`
--

CREATE TABLE `product_types` (
  `id` int(10) UNSIGNED NOT NULL,
  `name` varchar(191) COLLATE utf8mb4_unicode_ci NOT NULL,
  `start_from` int(11) NOT NULL DEFAULT '0',
  `created_at` timestamp NULL DEFAULT NULL,
  `updated_at` timestamp NULL DEFAULT NULL
) ENGINE=InnoDB DEFAULT CHARSET=utf8mb4 COLLATE=utf8mb4_unicode_ci;

-- --------------------------------------------------------

--
-- Table structure for table `projects`
--

CREATE TABLE `projects` (
  `id` int(10) UNSIGNED NOT NULL,
  `project_name` varchar(255) COLLATE utf8mb4_unicode_ci NOT NULL,
  `description` text COLLATE utf8mb4_unicode_ci,
  `created_at` timestamp NULL DEFAULT NULL,
  `updated_at` timestamp NULL DEFAULT NULL,
  `deleted_at` timestamp NULL DEFAULT NULL,
  `contact` bigint(20) NOT NULL DEFAULT '0',
  `address` text COLLATE utf8mb4_unicode_ci
) ENGINE=InnoDB DEFAULT CHARSET=utf8mb4 COLLATE=utf8mb4_unicode_ci;

--
-- Dumping data for table `projects`
--

INSERT INTO `projects` (`id`, `project_name`, `description`, `created_at`, `updated_at`, `deleted_at`, `contact`, `address`) VALUES
(1, 'J7 Emporium', NULL, '2021-07-20 01:46:22', '2021-07-28 04:53:28', NULL, 3105727614, 'j7-emporuim , rawalipindi.'),
(2, 'Signature', NULL, '2021-07-20 01:46:47', '2021-07-28 04:53:21', NULL, 3105727614, 'j7-emporuim , rawalipindi.');

-- --------------------------------------------------------

--
-- Table structure for table `project_accounts`
--

CREATE TABLE `project_accounts` (
  `id` int(10) UNSIGNED NOT NULL,
  `inventory_id` int(10) UNSIGNED NOT NULL,
  `payment_head` varchar(191) COLLATE utf8mb4_unicode_ci NOT NULL,
  `depositor_name` varchar(191) COLLATE utf8mb4_unicode_ci NOT NULL,
  `payment_type` tinyint(1) NOT NULL,
  `amount` double NOT NULL,
  `description` text COLLATE utf8mb4_unicode_ci,
  `created_at` timestamp NULL DEFAULT NULL,
  `updated_at` timestamp NULL DEFAULT NULL,
  `date` date NOT NULL,
  `adjacement_type` int(11) DEFAULT NULL,
  `pay_order_title` varchar(191) COLLATE utf8mb4_unicode_ci DEFAULT NULL,
  `pay_order_date` varchar(191) COLLATE utf8mb4_unicode_ci DEFAULT NULL,
  `pay_order_bank_id` int(10) UNSIGNED DEFAULT NULL
) ENGINE=InnoDB DEFAULT CHARSET=utf8mb4 COLLATE=utf8mb4_unicode_ci;

-- --------------------------------------------------------

--
-- Table structure for table `project_account_files`
--

CREATE TABLE `project_account_files` (
  `id` int(10) UNSIGNED NOT NULL,
  `project_account_id` int(10) UNSIGNED NOT NULL,
  `file_url` text COLLATE utf8mb4_unicode_ci NOT NULL,
  `created_at` timestamp NULL DEFAULT NULL,
  `updated_at` timestamp NULL DEFAULT NULL
) ENGINE=InnoDB DEFAULT CHARSET=utf8mb4 COLLATE=utf8mb4_unicode_ci;

-- --------------------------------------------------------

--
-- Table structure for table `property_chat_histories`
--

CREATE TABLE `property_chat_histories` (
  `id` int(10) UNSIGNED NOT NULL,
  `property_id` int(10) UNSIGNED NOT NULL,
  `remarks` text COLLATE utf8mb4_unicode_ci NOT NULL,
  `created_at` timestamp NULL DEFAULT NULL,
  `updated_at` timestamp NULL DEFAULT NULL,
  `next_follow_up` date NOT NULL,
  `user_id` int(11) DEFAULT NULL,
  `status` varchar(156) COLLATE utf8mb4_unicode_ci NOT NULL,
  `user_assign` int(10) NOT NULL
) ENGINE=InnoDB DEFAULT CHARSET=utf8mb4 COLLATE=utf8mb4_unicode_ci;

-- --------------------------------------------------------

--
-- Table structure for table `pr_boq_items`
--

CREATE TABLE `pr_boq_items` (
  `id` int(11) NOT NULL,
  `task_id` int(11) DEFAULT NULL,
  `purchase_request_id` int(11) NOT NULL,
  `boq_id` int(11) DEFAULT NULL,
  `item_id` int(11) DEFAULT NULL,
  `quantity` int(11) DEFAULT NULL,
  `rate_per_unit` double(8,2) DEFAULT NULL,
  `total_cost` double(8,2) DEFAULT NULL,
  `created_at` timestamp NULL DEFAULT NULL,
  `updated_at` timestamp NULL DEFAULT NULL
) ENGINE=InnoDB DEFAULT CHARSET=latin1;

--
-- Dumping data for table `pr_boq_items`
--

INSERT INTO `pr_boq_items` (`id`, `task_id`, `purchase_request_id`, `boq_id`, `item_id`, `quantity`, `rate_per_unit`, `total_cost`, `created_at`, `updated_at`) VALUES
(22, 0, 6, 0, 7, 16, 1000.00, 16000.00, '2022-01-07 10:53:44', '2022-01-07 10:53:44'),
(23, 0, 6, 0, 3, 32, 1200.00, 38400.00, '2022-01-07 10:53:44', '2022-01-07 10:53:44'),
(24, 0, 6, 0, 2, 212, 1500.00, 318000.00, '2022-01-07 10:53:44', '2022-01-07 10:53:44'),
(25, 0, 6, 0, 8, 60, 1800.00, 108000.00, '2022-01-07 10:53:44', '2022-01-07 10:53:44'),
(26, 0, 6, 0, 1, 54, 2000.00, 108000.00, '2022-01-07 10:53:44', '2022-01-07 10:53:44'),
(27, 0, 1, 0, 7, 16, 1000.00, 16000.00, '2022-01-07 10:58:28', '2022-01-07 10:58:28'),
(28, 0, 1, 0, 3, 32, 1200.00, 38400.00, '2022-01-07 10:58:28', '2022-01-07 10:58:28'),
(29, 0, 1, 0, 2, 212, 1300.00, 275600.00, '2022-01-07 10:58:28', '2022-01-07 10:58:28'),
(30, 0, 1, 0, 1, 54, 1100.00, 59400.00, '2022-01-07 10:58:28', '2022-01-07 10:58:28'),
(37, 0, 4, 0, 7, 23, 1000.00, 23000.00, '2022-01-07 11:03:47', '2022-01-07 11:03:47'),
(38, 0, 4, 0, 3, 23, 1200.00, 27600.00, '2022-01-07 11:03:47', '2022-01-07 11:03:47'),
(39, 0, 4, 0, 2, 32, 1300.00, 41600.00, '2022-01-07 11:03:47', '2022-01-07 11:03:47'),
(40, 0, 1, 0, 8, 60, 1000.00, 60000.00, '2022-01-07 11:08:30', '2022-01-07 11:08:30'),
(41, 0, 1, 0, 7, 16, 1200.00, 19200.00, '2022-01-07 11:08:30', '2022-01-07 11:08:30'),
(42, 0, 1, 0, 3, 32, 1500.00, 48000.00, '2022-01-07 11:08:30', '2022-01-07 11:08:30'),
(49, 0, 3, 0, 7, 16, 1000.00, 16000.00, '2022-01-07 11:18:49', '2022-01-07 11:18:49'),
(50, 0, 3, 0, 2, 212, 1200.00, 254400.00, '2022-01-07 11:18:49', '2022-01-07 11:18:49'),
(51, 0, 3, 0, 1, 54, 1500.00, 81000.00, '2022-01-07 11:18:49', '2022-01-07 11:18:49'),
(52, 0, 1, 0, 8, 60, 1000.00, 60000.00, '2022-01-07 11:21:19', '2022-01-07 11:21:19'),
(53, 0, 1, 0, 2, 212, 1200.00, 254400.00, '2022-01-07 11:21:19', '2022-01-07 11:21:19'),
(54, 0, 1, 0, 3, 32, 1500.00, 48000.00, '2022-01-07 11:21:19', '2022-01-07 11:21:19');

-- --------------------------------------------------------

--
-- Table structure for table `purchases`
--

CREATE TABLE `purchases` (
  `id` int(10) UNSIGNED NOT NULL,
  `date` date DEFAULT NULL,
  `product` varchar(191) COLLATE utf8mb4_unicode_ci DEFAULT NULL,
  `supplier` varchar(191) COLLATE utf8mb4_unicode_ci DEFAULT NULL,
  `rate` double DEFAULT NULL,
  `qty` int(11) NOT NULL,
  `total` double DEFAULT NULL,
  `tax` double DEFAULT NULL,
  `net` double DEFAULT NULL,
  `status` tinyint(1) NOT NULL DEFAULT '1',
  `payment_mode` tinyint(1) NOT NULL DEFAULT '1',
  `bank_name` varchar(191) COLLATE utf8mb4_unicode_ci DEFAULT NULL,
  `bill_no` varchar(191) COLLATE utf8mb4_unicode_ci DEFAULT NULL,
  `created_at` timestamp NULL DEFAULT NULL,
  `updated_at` timestamp NULL DEFAULT NULL
) ENGINE=InnoDB DEFAULT CHARSET=utf8mb4 COLLATE=utf8mb4_unicode_ci;

-- --------------------------------------------------------

--
-- Table structure for table `purchase_orders`
--

CREATE TABLE `purchase_orders` (
  `id` int(10) UNSIGNED NOT NULL,
  `purchase_request_id` int(11) NOT NULL DEFAULT '0',
  `vendor_id` int(11) NOT NULL DEFAULT '0',
  `status` int(11) NOT NULL DEFAULT '0',
  `created_at` timestamp NULL DEFAULT NULL,
  `updated_at` timestamp NULL DEFAULT NULL,
  `delivery_date` datetime DEFAULT NULL,
  `receiver_name` varchar(255) COLLATE utf8mb4_unicode_ci DEFAULT NULL,
  `receiving_date` datetime DEFAULT NULL,
  `special_instruction` text COLLATE utf8mb4_unicode_ci,
  `payment_terms` text COLLATE utf8mb4_unicode_ci,
  `advance` int(11) DEFAULT '0',
  `total_amount` double(8,2) NOT NULL
) ENGINE=InnoDB DEFAULT CHARSET=utf8mb4 COLLATE=utf8mb4_unicode_ci;

--
-- Dumping data for table `purchase_orders`
--

INSERT INTO `purchase_orders` (`id`, `purchase_request_id`, `vendor_id`, `status`, `created_at`, `updated_at`, `delivery_date`, `receiver_name`, `receiving_date`, `special_instruction`, `payment_terms`, `advance`, `total_amount`) VALUES
(1, 1, 4, 3, '2022-01-07 11:21:19', '2022-01-07 11:23:45', '2022-01-07 16:21:19', NULL, NULL, NULL, NULL, 0, 0.00),
(2, 1, 3, 2, '2022-01-07 11:21:20', '2022-01-07 12:22:11', '2022-01-07 16:21:20', NULL, NULL, NULL, NULL, 0, 0.00);

-- --------------------------------------------------------

--
-- Table structure for table `purchase_order_cancel_remarks`
--

CREATE TABLE `purchase_order_cancel_remarks` (
  `id` int(11) NOT NULL,
  `pr_id` int(11) DEFAULT NULL,
  `po_id` int(11) DEFAULT NULL,
  `vendor_id` int(11) DEFAULT NULL,
  `remark` text,
  `created_at` timestamp NULL DEFAULT NULL,
  `updated_at` timestamp NULL DEFAULT NULL
) ENGINE=InnoDB DEFAULT CHARSET=latin1;

-- --------------------------------------------------------

--
-- Table structure for table `purchase_order_receipt`
--

CREATE TABLE `purchase_order_receipt` (
  `id` int(10) UNSIGNED NOT NULL,
  `purchase_order_id` int(11) NOT NULL DEFAULT '0',
  `vendor_id` int(11) NOT NULL DEFAULT '0',
  `receipt_date` datetime NOT NULL,
  `purchase_request_id` int(11) NOT NULL DEFAULT '0',
  `status` int(11) NOT NULL DEFAULT '3',
  `receipt_pay_date` datetime DEFAULT NULL,
  `total_amount` double(10,2) NOT NULL DEFAULT '0.00',
  `total_pay_amount` double(10,2) NOT NULL DEFAULT '0.00',
  `remaining_amount` double(10,2) NOT NULL DEFAULT '0.00',
  `quality_test_inspector_name` mediumtext COLLATE utf8mb4_unicode_ci,
  `quality_test_inspector_date` datetime DEFAULT NULL,
  `invoice_no` varchar(50) COLLATE utf8mb4_unicode_ci DEFAULT NULL,
  `documents` varchar(255) COLLATE utf8mb4_unicode_ci DEFAULT NULL,
  `quality_insu_docs` varchar(255) COLLATE utf8mb4_unicode_ci DEFAULT NULL,
  `account_officer_name` text COLLATE utf8mb4_unicode_ci,
  `account_officer_name_date` datetime DEFAULT NULL,
  `po_receiver_name` mediumtext COLLATE utf8mb4_unicode_ci,
  `po_receiveing_date` datetime DEFAULT NULL,
  `is_book` int(1) NOT NULL DEFAULT '0',
  `receipt_type` int(11) NOT NULL DEFAULT '1' COMMENT '1-purchase-order\r\n\r\n2-advance'
) ENGINE=InnoDB DEFAULT CHARSET=utf8mb4 COLLATE=utf8mb4_unicode_ci;

--
-- Dumping data for table `purchase_order_receipt`
--

INSERT INTO `purchase_order_receipt` (`id`, `purchase_order_id`, `vendor_id`, `receipt_date`, `purchase_request_id`, `status`, `receipt_pay_date`, `total_amount`, `total_pay_amount`, `remaining_amount`, `quality_test_inspector_name`, `quality_test_inspector_date`, `invoice_no`, `documents`, `quality_insu_docs`, `account_officer_name`, `account_officer_name_date`, `po_receiver_name`, `po_receiveing_date`, `is_book`, `receipt_type`) VALUES
(1, 1, 4, '2022-01-07 16:23:18', 1, 1, NULL, 108000.00, 0.00, 108000.00, NULL, NULL, NULL, '[\"4ed29fbc5dbfe2815b9cbfce2c8b91ad\"]', NULL, NULL, NULL, 'test', '2022-01-07 16:23:19', 1, 1),
(2, 2, 3, '2022-01-07 17:22:11', 1, 0, NULL, 254400.00, 0.00, 254400.00, NULL, NULL, NULL, '[\"4fa9b3cd8ea163d4a2ffaa3557f115b7\"]', NULL, NULL, NULL, 'test', '2022-01-07 17:22:11', 0, 1);

-- --------------------------------------------------------

--
-- Table structure for table `purchase_order_vendors`
--

CREATE TABLE `purchase_order_vendors` (
  `id` int(10) UNSIGNED NOT NULL,
  `name` varchar(255) COLLATE utf8mb4_unicode_ci NOT NULL,
  `phone` bigint(20) NOT NULL,
  `email` varchar(255) COLLATE utf8mb4_unicode_ci DEFAULT NULL,
  `cnic` varchar(255) COLLATE utf8mb4_unicode_ci DEFAULT NULL,
  `address` text COLLATE utf8mb4_unicode_ci,
  `created_at` timestamp NULL DEFAULT NULL,
  `updated_at` timestamp NULL DEFAULT NULL
) ENGINE=InnoDB DEFAULT CHARSET=utf8mb4 COLLATE=utf8mb4_unicode_ci;

-- --------------------------------------------------------

--
-- Table structure for table `purchase_requests`
--

CREATE TABLE `purchase_requests` (
  `id` int(10) UNSIGNED NOT NULL,
  `department_id` int(11) NOT NULL DEFAULT '0',
  `created_by` int(11) NOT NULL DEFAULT '0',
  `status` int(11) NOT NULL DEFAULT '0',
  `task_id` int(11) NOT NULL DEFAULT '0',
  `pr_type` enum('direct_pr','indirect_pr') COLLATE utf8mb4_unicode_ci NOT NULL,
  `created_at` timestamp NULL DEFAULT NULL,
  `updated_at` timestamp NULL DEFAULT NULL,
  `deleted_at` timestamp NULL DEFAULT NULL,
  `quotation_valid_date` datetime DEFAULT NULL,
  `quotation_created_date` datetime DEFAULT NULL,
  `note` text COLLATE utf8mb4_unicode_ci,
  `rfq_vendors` varchar(255) COLLATE utf8mb4_unicode_ci DEFAULT NULL,
  `cs_purchase_officer` mediumtext COLLATE utf8mb4_unicode_ci,
  `cs_purchase_manager` mediumtext COLLATE utf8mb4_unicode_ci,
  `cs_purchase_officer_date` datetime DEFAULT NULL,
  `cs_purchase_manager_date` datetime DEFAULT NULL,
  `auth_person` mediumtext COLLATE utf8mb4_unicode_ci,
  `auth_person_date` date DEFAULT NULL,
  `remarks` text COLLATE utf8mb4_unicode_ci,
  `cancellation_remarks` text COLLATE utf8mb4_unicode_ci,
  `is_book` int(1) NOT NULL DEFAULT '0'
) ENGINE=InnoDB DEFAULT CHARSET=utf8mb4 COLLATE=utf8mb4_unicode_ci;

--
-- Dumping data for table `purchase_requests`
--

INSERT INTO `purchase_requests` (`id`, `department_id`, `created_by`, `status`, `task_id`, `pr_type`, `created_at`, `updated_at`, `deleted_at`, `quotation_valid_date`, `quotation_created_date`, `note`, `rfq_vendors`, `cs_purchase_officer`, `cs_purchase_manager`, `cs_purchase_officer_date`, `cs_purchase_manager_date`, `auth_person`, `auth_person_date`, `remarks`, `cancellation_remarks`, `is_book`) VALUES
(1, 4, 22, 7, 0, 'direct_pr', '2022-01-07 11:21:19', '2022-01-07 12:22:29', NULL, '2022-01-07 00:00:00', '2022-01-07 00:00:00', NULL, '[\"4\",\"3\"]', NULL, NULL, NULL, NULL, NULL, NULL, NULL, NULL, 0);

-- --------------------------------------------------------

--
-- Table structure for table `receipts`
--

CREATE TABLE `receipts` (
  `id` int(10) UNSIGNED NOT NULL,
  `customer_id` int(10) UNSIGNED DEFAULT NULL,
  `customer_property_id` int(10) UNSIGNED DEFAULT NULL,
  `payment_head` int(11) NOT NULL,
  `payment_mode` int(11) NOT NULL DEFAULT '1',
  `bank_name` text COLLATE utf8mb4_unicode_ci,
  `cheque_number` varchar(191) COLLATE utf8mb4_unicode_ci DEFAULT NULL,
  `cheque_title` varchar(191) COLLATE utf8mb4_unicode_ci DEFAULT NULL,
  `cheaque_status` tinyint(1) NOT NULL DEFAULT '0',
  `drawn_date` date DEFAULT NULL,
  `amount` double NOT NULL,
  `receipt_no` varchar(191) COLLATE utf8mb4_unicode_ci DEFAULT NULL,
  `reference_no` varchar(191) COLLATE utf8mb4_unicode_ci DEFAULT NULL,
  `receipt_date` date NOT NULL,
  `created_at` timestamp NULL DEFAULT NULL,
  `updated_at` timestamp NULL DEFAULT NULL,
  `company_account` int(10) UNSIGNED DEFAULT NULL,
  `adjustment_type` int(11) DEFAULT NULL,
  `adjustment_detail` text COLLATE utf8mb4_unicode_ci,
  `inventory_id` int(11) DEFAULT NULL,
  `is_deleted` tinyint(1) NOT NULL DEFAULT '0',
  `is_approved` tinyint(1) NOT NULL DEFAULT '1',
  `download_count` int(11) DEFAULT NULL,
  `print_count` int(11) DEFAULT NULL,
  `reconciled` tinyint(1) NOT NULL DEFAULT '1',
  `payment_method` int(11) DEFAULT NULL,
  `dealer_adjustment_unit_id` int(11) DEFAULT NULL,
  `vendor_purchase_order_id` int(11) DEFAULT NULL,
  `merging_property_id` int(11) DEFAULT NULL,
  `is_book` tinyint(1) NOT NULL DEFAULT '0',
  `notes` text COLLATE utf8mb4_unicode_ci,
  `tax_paid_by` tinyint(1) DEFAULT NULL,
  `tax_payment_received` tinyint(1) DEFAULT NULL,
  `tax_amount` double DEFAULT NULL
) ENGINE=InnoDB DEFAULT CHARSET=utf8mb4 COLLATE=utf8mb4_unicode_ci;

--
-- Dumping data for table `receipts`
--

INSERT INTO `receipts` (`id`, `customer_id`, `customer_property_id`, `payment_head`, `payment_mode`, `bank_name`, `cheque_number`, `cheque_title`, `cheaque_status`, `drawn_date`, `amount`, `receipt_no`, `reference_no`, `receipt_date`, `created_at`, `updated_at`, `company_account`, `adjustment_type`, `adjustment_detail`, `inventory_id`, `is_deleted`, `is_approved`, `download_count`, `print_count`, `reconciled`, `payment_method`, `dealer_adjustment_unit_id`, `vendor_purchase_order_id`, `merging_property_id`, `is_book`, `notes`, `tax_paid_by`, `tax_payment_received`, `tax_amount`) VALUES
(1, 29, 49, 1, 1, NULL, NULL, NULL, 0, NULL, 400000, '50004', NULL, '2021-12-24', '2021-12-23 12:35:20', '2021-12-23 12:36:49', NULL, 1, NULL, NULL, 0, 1, NULL, NULL, 1, 1, NULL, NULL, NULL, 0, NULL, NULL, NULL, NULL),
(4, 29, 30, 3, 1, '2', NULL, NULL, 0, NULL, 150000, '50003', NULL, '2021-12-18', '2021-12-18 08:04:32', '2021-12-21 08:32:09', 1, 1, NULL, NULL, 0, 1, NULL, NULL, 0, 2, 0, NULL, NULL, 0, NULL, NULL, NULL, NULL),
(5, 29, 30, 3, 1, NULL, NULL, NULL, 0, NULL, 25000, '50005', NULL, '2021-12-31', '2021-12-30 00:01:28', '2022-02-22 07:40:51', NULL, 1, NULL, NULL, 0, 0, NULL, NULL, 1, 1, NULL, NULL, NULL, 0, NULL, NULL, NULL, NULL),
(6, 1, 51, 3, 3, '3', '66777555', NULL, 0, NULL, 428000, '50006', NULL, '2022-01-10', '2022-01-10 11:43:24', '2022-03-25 06:30:29', 1, 1, NULL, NULL, 0, 1, NULL, NULL, 0, 2, NULL, NULL, NULL, 0, NULL, NULL, NULL, NULL),
(7, 1, 51, 1, 1, '1', NULL, NULL, 0, NULL, 500000, '50007', NULL, '2022-02-04', '2022-02-04 13:47:24', '2022-02-04 13:48:53', 1, 1, NULL, NULL, 0, 1, NULL, NULL, 0, 2, NULL, NULL, NULL, 0, NULL, NULL, NULL, NULL),
(8, 1, 51, 3, 1, '1', NULL, NULL, 0, NULL, 500000, '50008', NULL, '2022-02-04', '2022-02-04 13:55:46', '2022-02-04 13:55:57', 1, 1, NULL, NULL, 0, 1, NULL, NULL, 0, 2, NULL, NULL, NULL, 0, NULL, NULL, NULL, NULL),
(9, 1, 51, 7, 1, '2', NULL, NULL, 0, NULL, 1233434, '50009', NULL, '2022-02-04', '2022-02-04 13:58:09', '2022-02-04 13:58:21', 1, 1, NULL, NULL, 0, 1, NULL, NULL, 1, 1, NULL, NULL, NULL, 0, NULL, NULL, NULL, NULL),
(10, 29, 48, 1, 1, NULL, NULL, NULL, 0, NULL, 200000, '50010', NULL, '2022-02-18', '2022-02-18 10:13:54', '2022-02-18 10:15:18', NULL, 1, NULL, NULL, 0, 1, NULL, NULL, 1, 1, NULL, NULL, NULL, 0, NULL, NULL, NULL, NULL),
(11, 1, 52, 1, 1, NULL, NULL, NULL, 0, NULL, 16075, '50011', NULL, '2022-02-24', '2022-02-24 12:26:14', '2022-02-25 06:57:50', NULL, 1, NULL, NULL, 0, 1, NULL, NULL, 1, 1, NULL, NULL, NULL, 0, NULL, NULL, NULL, NULL),
(12, 1, 52, 3, 1, NULL, NULL, NULL, 0, NULL, 343333, '50012', NULL, '2022-02-25', '2022-02-25 07:14:01', '2022-02-25 07:14:15', NULL, 1, NULL, NULL, 0, 1, NULL, NULL, 1, 1, NULL, NULL, NULL, 0, NULL, NULL, NULL, NULL),
(13, 1, 51, 1, 1, NULL, NULL, NULL, 0, NULL, 164200, '50013', NULL, '2022-03-02', '2022-03-02 05:18:52', '2022-03-02 05:19:09', NULL, 1, NULL, NULL, 0, 1, NULL, NULL, 1, 1, NULL, NULL, NULL, 0, NULL, NULL, NULL, NULL),
(14, 29, 50, 1, 1, NULL, NULL, NULL, 0, NULL, 400000, '50014', NULL, '2022-03-02', '2022-03-02 05:30:52', '2022-03-02 05:31:09', NULL, 1, NULL, NULL, 0, 1, NULL, NULL, 1, 1, NULL, NULL, NULL, 0, NULL, 1, NULL, NULL),
(16, 29, 50, 1, 1, NULL, NULL, NULL, 0, NULL, 200000, '50015', NULL, '2022-03-02', '2022-03-02 05:47:13', '2022-03-02 05:49:45', NULL, 1, NULL, NULL, 0, 1, NULL, NULL, 1, 1, NULL, NULL, NULL, 0, NULL, 1, 0, 4000),
(17, 1, 52, 1, 1, NULL, NULL, NULL, 0, NULL, 495000, '50016', NULL, '2022-03-02', '2022-03-02 06:00:40', '2022-03-02 06:00:56', NULL, 1, NULL, NULL, 0, 1, NULL, NULL, 1, 1, NULL, NULL, NULL, 0, NULL, 2, 1, 5000),
(18, 29, 50, 1, 1, NULL, NULL, NULL, 0, NULL, 100000, '50017', NULL, '2022-03-02', '2022-03-02 06:17:03', '2022-03-25 07:01:50', NULL, 1, NULL, NULL, 0, 1, NULL, NULL, 1, 1, NULL, NULL, NULL, 0, NULL, 1, 0, 2000),
(19, 1, 51, 3, 1, NULL, NULL, NULL, 0, NULL, 25000, '50018', NULL, '2022-03-02', '2022-03-03 08:08:38', '2022-03-25 07:00:35', NULL, 2, 'testing adjustment', NULL, 0, 1, NULL, NULL, 1, 7, NULL, NULL, NULL, 0, NULL, 1, 0, 250),
(20, 29, 30, 1, 1, NULL, NULL, NULL, 0, NULL, 42683.9, '50019', NULL, '2022-03-03', '2022-03-03 10:07:10', '2022-03-03 10:07:30', NULL, 4, 'tewting dfruu fjjf', NULL, 0, 1, NULL, NULL, 1, 7, 48, NULL, NULL, 0, NULL, 2, 1, 871.1),
(23, 1, 51, 3, 1, NULL, NULL, NULL, 0, NULL, 400000, '50021', NULL, '2022-03-04', '2022-03-04 05:48:50', '2022-03-25 07:02:27', NULL, 1, NULL, NULL, 0, 1, NULL, NULL, 1, 1, NULL, NULL, NULL, 0, NULL, 1, 1, 4000),
(26, 29, 54, 8, 1, NULL, NULL, NULL, 0, NULL, 206320, '50022', NULL, '2022-03-21', '2022-03-21 09:52:05', '2022-03-21 11:49:08', NULL, 1, NULL, NULL, 0, 1, NULL, NULL, 1, 1, NULL, NULL, NULL, 0, NULL, 1, 0, 4126.4),
(27, 1, 52, 1, 1, NULL, NULL, NULL, 0, NULL, 31388, '50023', NULL, '2022-03-23', '2022-03-23 10:12:24', '2022-03-23 10:12:44', NULL, 6, NULL, NULL, 0, 1, NULL, NULL, 1, 7, NULL, NULL, NULL, 0, NULL, 1, 0, NULL),
(28, 29, 30, 1, 1, '1', '23244422', NULL, 1, '2022-05-14', 800616, '50024', NULL, '2022-05-12', '2022-05-12 11:05:39', '2022-05-12 11:08:24', 1, 1, NULL, NULL, 0, 1, NULL, NULL, 1, 3, NULL, NULL, NULL, 0, NULL, 1, 0, 16012.32),
(29, 29, 30, 3, 1, '2', '22222223321', NULL, 1, '2022-05-12', 406651, '50025', NULL, '2022-05-12', '2022-05-12 11:09:11', '2022-05-12 11:09:29', 1, 1, NULL, NULL, 0, 1, NULL, NULL, 1, 3, NULL, NULL, NULL, 0, NULL, 1, 0, 8133.02),
(30, 1, 51, 3, 1, '1', '93884884', NULL, 2, '2022-06-22', 734566, '50026', NULL, '2022-06-02', '2022-06-02 06:31:17', '2022-06-02 07:13:56', 2, 1, NULL, NULL, 0, 0, NULL, NULL, 1, 3, NULL, NULL, NULL, 0, NULL, 2, 1, 7345.66),
(31, 1, 51, 3, 1, '1', '23232312', NULL, 1, '2022-06-09', 442800, '50027', NULL, '2022-06-03', '2022-06-03 09:39:34', '2022-06-03 09:48:02', 2, 1, NULL, NULL, 0, 1, NULL, NULL, 1, 3, NULL, NULL, NULL, 0, NULL, 2, 1, 4428),
(32, 29, 30, 3, 1, NULL, NULL, NULL, 0, NULL, 3659849, '50028', NULL, '2022-06-07', '2022-06-07 12:07:23', '2022-06-07 12:07:23', NULL, 1, NULL, NULL, 0, 0, NULL, NULL, 1, 1, NULL, NULL, NULL, 0, NULL, 1, 0, 73196.98);

-- --------------------------------------------------------

--
-- Table structure for table `receipt_document`
--

CREATE TABLE `receipt_document` (
  `id` int(11) NOT NULL,
  `receipt_id` int(11) NOT NULL DEFAULT '0',
  `document_path` varchar(255) DEFAULT NULL,
  `created_at` timestamp NULL DEFAULT NULL,
  `updated_at` timestamp NULL DEFAULT NULL
) ENGINE=InnoDB DEFAULT CHARSET=latin1;

--
-- Dumping data for table `receipt_document`
--

INSERT INTO `receipt_document` (`id`, `receipt_id`, `document_path`, `created_at`, `updated_at`) VALUES
(6, 3, '1637058860.cv.pdf', '2021-11-16 10:34:20', '2021-11-16 10:34:20'),
(7, 3, '11e18b7c29e04b11c5357d2e9809b838', '2021-11-16 10:34:20', '2021-11-16 10:34:20');

-- --------------------------------------------------------

--
-- Table structure for table `receipt_images`
--

CREATE TABLE `receipt_images` (
  `id` int(10) UNSIGNED NOT NULL,
  `customer_id` int(11) NOT NULL,
  `property_id` int(11) NOT NULL,
  `image` text,
  `updated_at` timestamp NULL DEFAULT NULL,
  `created_at` timestamp NULL DEFAULT NULL
) ENGINE=InnoDB DEFAULT CHARSET=latin1;

-- --------------------------------------------------------

--
-- Table structure for table `receipt_items`
--

CREATE TABLE `receipt_items` (
  `id` int(10) UNSIGNED NOT NULL,
  `purchase_order_id` int(11) NOT NULL DEFAULT '0',
  `purchase_request_id` int(11) NOT NULL DEFAULT '0',
  `vendor_id` int(11) NOT NULL DEFAULT '0',
  `purchase_order_receipt_id` int(11) NOT NULL DEFAULT '0',
  `item_id` int(11) NOT NULL DEFAULT '0',
  `quantity` double NOT NULL DEFAULT '0',
  `quality_test_approve_by` text COLLATE utf8mb4_unicode_ci,
  `approval_date` date DEFAULT NULL,
  `approval_status` tinytext COLLATE utf8mb4_unicode_ci,
  `created_at` date DEFAULT NULL,
  `updated_at` timestamp NULL DEFAULT NULL,
  `pass_quantity` int(11) NOT NULL DEFAULT '0',
  `fail_quantity` int(11) NOT NULL DEFAULT '0',
  `note` text COLLATE utf8mb4_unicode_ci
) ENGINE=InnoDB DEFAULT CHARSET=utf8mb4 COLLATE=utf8mb4_unicode_ci;

--
-- Dumping data for table `receipt_items`
--

INSERT INTO `receipt_items` (`id`, `purchase_order_id`, `purchase_request_id`, `vendor_id`, `purchase_order_receipt_id`, `item_id`, `quantity`, `quality_test_approve_by`, `approval_date`, `approval_status`, `created_at`, `updated_at`, `pass_quantity`, `fail_quantity`, `note`) VALUES
(1, 1, 1, 4, 1, 8, 60, 'test', '2022-01-07', 'approve', '2022-01-07', '2022-01-07 11:23:45', 0, 60, 'test'),
(2, 1, 1, 4, 1, 3, 32, 'test', '2022-01-07', 'approve', '2022-01-07', '2022-01-07 11:24:01', 32, 0, NULL),
(3, 2, 1, 3, 2, 2, 212, 'test', '2022-01-07', 'approve', '2022-01-07', '2022-01-07 12:22:29', 212, 0, NULL);

-- --------------------------------------------------------

--
-- Table structure for table `reconciliations`
--

CREATE TABLE `reconciliations` (
  `id` int(10) UNSIGNED NOT NULL,
  `account_id` int(11) NOT NULL,
  `started_at` datetime NOT NULL,
  `ended_at` datetime NOT NULL,
  `closing_balance` double(15,4) DEFAULT '0.0000',
  `reconciled` tinyint(1) NOT NULL,
  `created_at` timestamp NULL DEFAULT NULL,
  `updated_at` timestamp NULL DEFAULT NULL,
  `deleted_at` timestamp NULL DEFAULT NULL
) ENGINE=InnoDB DEFAULT CHARSET=utf8mb4 COLLATE=utf8mb4_unicode_ci ROW_FORMAT=DYNAMIC;

-- --------------------------------------------------------

--
-- Table structure for table `registration_nos`
--

CREATE TABLE `registration_nos` (
  `id` int(10) UNSIGNED NOT NULL,
  `number` varchar(191) COLLATE utf8mb4_unicode_ci NOT NULL,
  `status` tinyint(1) NOT NULL DEFAULT '1',
  `created_at` timestamp NULL DEFAULT NULL,
  `updated_at` timestamp NULL DEFAULT NULL,
  `name` text COLLATE utf8mb4_unicode_ci,
  `cnic` text COLLATE utf8mb4_unicode_ci,
  `email` text COLLATE utf8mb4_unicode_ci,
  `phone_number` text COLLATE utf8mb4_unicode_ci,
  `is_deleted` tinyint(4) NOT NULL DEFAULT '0'
) ENGINE=InnoDB DEFAULT CHARSET=utf8mb4 COLLATE=utf8mb4_unicode_ci;

-- --------------------------------------------------------

--
-- Table structure for table `roles`
--

CREATE TABLE `roles` (
  `id` int(10) UNSIGNED NOT NULL,
  `name` varchar(191) COLLATE utf8mb4_unicode_ci NOT NULL,
  `display_name` varchar(191) COLLATE utf8mb4_unicode_ci DEFAULT NULL,
  `description` varchar(191) COLLATE utf8mb4_unicode_ci DEFAULT NULL,
  `created_at` timestamp NULL DEFAULT NULL,
  `updated_at` timestamp NULL DEFAULT NULL
) ENGINE=InnoDB DEFAULT CHARSET=utf8mb4 COLLATE=utf8mb4_unicode_ci;

--
-- Dumping data for table `roles`
--

INSERT INTO `roles` (`id`, `name`, `display_name`, `description`, `created_at`, `updated_at`) VALUES
(1, 'admin', 'Admin', 'All system Access', '2020-07-16 08:50:26', '2020-07-16 08:55:01'),
(6, 'Data Entry', NULL, 'Access only registration and membership creation.', '2020-07-16 09:04:56', '2020-07-25 13:34:43'),
(7, 'Reviewer', NULL, 'Access to All modules', '2020-07-25 13:36:02', '2020-07-25 13:36:02'),
(8, 'Customer Mng', NULL, 'Access to customer related modules', '2020-07-25 13:36:58', '2020-07-25 13:36:58'),
(9, 'Staff', NULL, 'Access to membership module', '2020-07-25 13:37:38', '2020-07-25 13:37:38'),
(12, 'Test', NULL, NULL, '2021-08-11 08:13:37', '2021-08-11 08:13:37'),
(13, 'Procurement Manager', NULL, 'maneger', '2021-12-03 05:17:36', '2021-12-03 05:17:36'),
(14, 'procurement Operations', NULL, 'test', '2021-12-03 05:38:44', '2021-12-03 05:38:44'),
(15, 'Accounts Dept', NULL, NULL, '2021-12-30 12:17:21', '2021-12-30 12:17:21');

-- --------------------------------------------------------

--
-- Table structure for table `role_user`
--

CREATE TABLE `role_user` (
  `user_id` int(10) UNSIGNED NOT NULL,
  `role_id` int(10) UNSIGNED NOT NULL
) ENGINE=InnoDB DEFAULT CHARSET=utf8mb4 COLLATE=utf8mb4_unicode_ci;

--
-- Dumping data for table `role_user`
--

INSERT INTO `role_user` (`user_id`, `role_id`) VALUES
(22, 1),
(25, 9),
(23, 12),
(27, 12),
(24, 13),
(26, 14);

-- --------------------------------------------------------

--
-- Table structure for table `schedule_plans`
--

CREATE TABLE `schedule_plans` (
  `id` int(10) UNSIGNED NOT NULL,
  `possession` double(8,2) NOT NULL DEFAULT '1.00',
  `possession_date` date DEFAULT NULL,
  `voucher_valid_after` date DEFAULT NULL,
  `down_payment` double(8,2) NOT NULL DEFAULT '16.00',
  `monthly_installment` double(8,2) NOT NULL DEFAULT '64.00',
  `annual_installment` double(8,2) NOT NULL DEFAULT '19.00',
  `total_months` int(11) NOT NULL DEFAULT '60',
  `allotment` double(8,2) NOT NULL DEFAULT '2.00',
  `confirmation` double(8,2) NOT NULL DEFAULT '2.00',
  `booking` double(8,2) NOT NULL DEFAULT '2.00',
  `development` double(8,2) NOT NULL DEFAULT '2.00',
  `file_processing` double(8,2) NOT NULL DEFAULT '2.00',
  `registration` double(8,2) NOT NULL DEFAULT '2.00',
  `fine` double NOT NULL DEFAULT '0',
  `created_at` timestamp NULL DEFAULT NULL,
  `updated_at` timestamp NULL DEFAULT NULL
) ENGINE=InnoDB DEFAULT CHARSET=utf8mb4 COLLATE=utf8mb4_unicode_ci;

--
-- Dumping data for table `schedule_plans`
--

INSERT INTO `schedule_plans` (`id`, `possession`, `possession_date`, `voucher_valid_after`, `down_payment`, `monthly_installment`, `annual_installment`, `total_months`, `allotment`, `confirmation`, `booking`, `development`, `file_processing`, `registration`, `fine`, `created_at`, `updated_at`) VALUES
(1, 10.00, '2025-06-01', '2018-01-01', 18.00, 60.00, 0.00, 36, 2.00, 2.00, 2.00, 2.00, 2.00, 2.00, 0.005, NULL, '2022-05-14 10:16:23');

-- --------------------------------------------------------

--
-- Table structure for table `sms`
--

CREATE TABLE `sms` (
  `id` int(11) NOT NULL,
  `message` text NOT NULL,
  `created_at` datetime DEFAULT NULL,
  `updated_at` datetime DEFAULT NULL,
  `status` tinyint(1) DEFAULT NULL
) ENGINE=InnoDB DEFAULT CHARSET=latin1;

-- --------------------------------------------------------

--
-- Table structure for table `sms_clients`
--

CREATE TABLE `sms_clients` (
  `id` int(11) NOT NULL,
  `client_id` int(10) UNSIGNED NOT NULL,
  `message_id` int(10) UNSIGNED NOT NULL,
  `created_at` datetime DEFAULT NULL,
  `updated_at` datetime DEFAULT NULL
) ENGINE=InnoDB DEFAULT CHARSET=latin1;

-- --------------------------------------------------------

--
-- Table structure for table `surcharge_receipts`
--

CREATE TABLE `surcharge_receipts` (
  `id` int(10) UNSIGNED NOT NULL,
  `customer_id` int(10) UNSIGNED DEFAULT NULL,
  `customer_property_id` int(10) UNSIGNED DEFAULT NULL,
  `payment_head` int(11) NOT NULL,
  `payment_mode` int(11) NOT NULL DEFAULT '1',
  `bank_name` text COLLATE utf8mb4_unicode_ci,
  `cheque_number` varchar(191) COLLATE utf8mb4_unicode_ci DEFAULT NULL,
  `cheque_title` varchar(191) COLLATE utf8mb4_unicode_ci DEFAULT NULL,
  `drawn_date` date DEFAULT NULL,
  `amount` double NOT NULL,
  `total_surcharge` double NOT NULL DEFAULT '0',
  `receipt_no` varchar(191) COLLATE utf8mb4_unicode_ci DEFAULT NULL,
  `reference_no` varchar(191) COLLATE utf8mb4_unicode_ci DEFAULT NULL,
  `receipt_date` date NOT NULL,
  `created_at` timestamp NULL DEFAULT NULL,
  `updated_at` timestamp NULL DEFAULT NULL,
  `company_account` int(10) UNSIGNED DEFAULT NULL,
  `adjustment_type` int(11) DEFAULT NULL,
  `adjustment_detail` text COLLATE utf8mb4_unicode_ci,
  `inventory_id` int(11) DEFAULT NULL,
  `is_deleted` tinyint(1) NOT NULL DEFAULT '0',
  `is_approved` tinyint(1) NOT NULL DEFAULT '1',
  `download_count` int(11) DEFAULT NULL,
  `print_count` int(11) DEFAULT NULL,
  `reconciled` tinyint(1) NOT NULL DEFAULT '1',
  `payment_method` int(11) DEFAULT NULL,
  `dealer_adjustment_unit_id` int(11) DEFAULT NULL,
  `vendor_purchase_order_id` int(11) DEFAULT NULL,
  `is_book` tinyint(1) NOT NULL DEFAULT '0',
  `notes` text COLLATE utf8mb4_unicode_ci,
  `tax_paid_by` tinyint(1) DEFAULT NULL,
  `tax_payment_received` tinyint(1) DEFAULT NULL,
  `tax_amount` double DEFAULT NULL
) ENGINE=InnoDB DEFAULT CHARSET=utf8mb4 COLLATE=utf8mb4_unicode_ci;

--
-- Dumping data for table `surcharge_receipts`
--

INSERT INTO `surcharge_receipts` (`id`, `customer_id`, `customer_property_id`, `payment_head`, `payment_mode`, `bank_name`, `cheque_number`, `cheque_title`, `drawn_date`, `amount`, `total_surcharge`, `receipt_no`, `reference_no`, `receipt_date`, `created_at`, `updated_at`, `company_account`, `adjustment_type`, `adjustment_detail`, `inventory_id`, `is_deleted`, `is_approved`, `download_count`, `print_count`, `reconciled`, `payment_method`, `dealer_adjustment_unit_id`, `vendor_purchase_order_id`, `is_book`, `notes`, `tax_paid_by`, `tax_payment_received`, `tax_amount`) VALUES
(29, 1, 51, 14, 1, NULL, NULL, NULL, NULL, 35015, 35015, '50024', NULL, '2022-04-06', '2022-04-06 11:57:53', '2022-04-06 11:57:53', NULL, 1, NULL, NULL, 0, 0, NULL, NULL, 1, 1, NULL, NULL, 0, NULL, 1, 0, 350.15000000000003),
(30, 1, 51, 14, 1, NULL, NULL, NULL, NULL, 0, 104318.75, '50026', NULL, '2022-05-27', '2022-05-27 11:28:58', '2022-05-27 11:28:58', NULL, 1, NULL, NULL, 0, 0, NULL, NULL, 1, 1, NULL, NULL, 0, NULL, 1, 0, NULL);

-- --------------------------------------------------------

--
-- Table structure for table `tasks`
--

CREATE TABLE `tasks` (
  `id` int(10) UNSIGNED NOT NULL,
  `text` varchar(255) COLLATE utf8mb4_unicode_ci NOT NULL,
  `duration` int(11) DEFAULT NULL,
  `progress` double(8,2) DEFAULT NULL,
  `start_date` datetime DEFAULT NULL,
  `task_end_date` date DEFAULT NULL,
  `parent` int(11) NOT NULL,
  `description` text COLLATE utf8mb4_unicode_ci,
  `task_priority` enum('high','low','normal') COLLATE utf8mb4_unicode_ci NOT NULL,
  `total_cost` double NOT NULL DEFAULT '0',
  `assign_to` varchar(50) COLLATE utf8mb4_unicode_ci DEFAULT NULL,
  `created_by` varchar(50) COLLATE utf8mb4_unicode_ci DEFAULT NULL,
  `task_type` enum('planed','unplaned') COLLATE utf8mb4_unicode_ci NOT NULL,
  `node_name` tinytext COLLATE utf8mb4_unicode_ci,
  `created_at` timestamp NULL DEFAULT NULL,
  `updated_at` timestamp NULL DEFAULT NULL
) ENGINE=InnoDB DEFAULT CHARSET=utf8mb4 COLLATE=utf8mb4_unicode_ci;

-- --------------------------------------------------------

--
-- Table structure for table `tax_receipts`
--

CREATE TABLE `tax_receipts` (
  `id` int(11) NOT NULL,
  `tax_id` int(11) NOT NULL,
  `receipt_no` bigint(20) DEFAULT NULL,
  `receipt_date` date DEFAULT NULL,
  `receipt_amount` double DEFAULT NULL,
  `payment_method` int(11) DEFAULT NULL,
  `depositer_bank_id` int(11) DEFAULT NULL,
  `company_bank_id` int(11) DEFAULT NULL,
  `drawn_date` date DEFAULT NULL,
  `instrument_no` varchar(50) DEFAULT NULL,
  `inst_no` varchar(10) DEFAULT NULL,
  `payment_head` int(11) DEFAULT NULL,
  `note` text,
  `is_book` tinyint(1) NOT NULL DEFAULT '0',
  `created_at` timestamp NOT NULL,
  `updated_at` timestamp NOT NULL
) ENGINE=InnoDB DEFAULT CHARSET=latin1;

--
-- Dumping data for table `tax_receipts`
--

INSERT INTO `tax_receipts` (`id`, `tax_id`, `receipt_no`, `receipt_date`, `receipt_amount`, `payment_method`, `depositer_bank_id`, `company_bank_id`, `drawn_date`, `instrument_no`, `inst_no`, `payment_head`, `note`, `is_book`, `created_at`, `updated_at`) VALUES
(8, 43, 50021, '2022-03-25', 4000, 1, NULL, NULL, NULL, NULL, NULL, NULL, 'tetst', 0, '2022-03-25 07:02:27', '2022-03-25 07:02:27');

-- --------------------------------------------------------

--
-- Table structure for table `token_receipt`
--

CREATE TABLE `token_receipt` (
  `id` int(10) NOT NULL,
  `unit_id` int(11) DEFAULT NULL,
  `payment_head` varchar(191) DEFAULT NULL,
  `token_amount` double(8,2) DEFAULT NULL,
  `payment_method` varchar(156) DEFAULT NULL,
  `bank_name` varchar(156) DEFAULT NULL,
  `company_account` varchar(156) DEFAULT NULL,
  `drawn_date` date DEFAULT NULL,
  `instrument_no` varchar(156) DEFAULT NULL,
  `adjustment_type` varchar(156) DEFAULT NULL,
  `vendor_purchase_order_id` int(156) DEFAULT NULL,
  `adjustment_detail` varchar(156) DEFAULT NULL,
  `dealer_adjustment_unit_id` varchar(156) DEFAULT NULL,
  `receipt_number` varchar(156) DEFAULT NULL,
  `receipt_date` date DEFAULT NULL,
  `notes` varchar(156) DEFAULT NULL,
  `is_approved` int(11) NOT NULL,
  `is_book` int(11) NOT NULL DEFAULT '0',
  `created_at` timestamp NOT NULL DEFAULT CURRENT_TIMESTAMP,
  `updated_at` timestamp NOT NULL DEFAULT CURRENT_TIMESTAMP
) ENGINE=InnoDB DEFAULT CHARSET=utf8mb4;

-- --------------------------------------------------------

--
-- Table structure for table `transfer_properties`
--

CREATE TABLE `transfer_properties` (
  `id` int(10) UNSIGNED NOT NULL,
  `property_id` int(10) UNSIGNED NOT NULL,
  `owner_id` int(10) UNSIGNED NOT NULL,
  `transfer_customer_id` int(10) UNSIGNED NOT NULL,
  `transfer_date` date NOT NULL,
  `transfer_note` text COLLATE utf8mb4_unicode_ci,
  `amount_paid` double NOT NULL,
  `surcharge` double DEFAULT NULL,
  `created_at` timestamp NULL DEFAULT NULL,
  `updated_at` timestamp NULL DEFAULT NULL,
  `old_client_id` text COLLATE utf8mb4_unicode_ci,
  `new_client_id` text COLLATE utf8mb4_unicode_ci,
  `transfer_charges` text COLLATE utf8mb4_unicode_ci
) ENGINE=InnoDB DEFAULT CHARSET=utf8mb4 COLLATE=utf8mb4_unicode_ci;

-- --------------------------------------------------------

--
-- Table structure for table `unit_blocks`
--

CREATE TABLE `unit_blocks` (
  `id` int(11) NOT NULL,
  `name` varchar(55) NOT NULL,
  `is_deleted` tinyint(1) NOT NULL DEFAULT '0',
  `created_at` timestamp NOT NULL DEFAULT CURRENT_TIMESTAMP ON UPDATE CURRENT_TIMESTAMP,
  `updated_at` timestamp NULL DEFAULT NULL
) ENGINE=InnoDB DEFAULT CHARSET=utf8mb4;

--
-- Dumping data for table `unit_blocks`
--

INSERT INTO `unit_blocks` (`id`, `name`, `is_deleted`, `created_at`, `updated_at`) VALUES
(1, 'Block ADB', 0, '2022-01-10 19:43:02', '2022-01-10 19:43:02'),
(2, 'Block Xyz', 0, '2022-01-29 06:33:01', '2022-01-29 06:33:01'),
(3, 'N/A', 0, '2022-01-29 06:33:01', '2022-01-29 06:33:01');

-- --------------------------------------------------------

--
-- Table structure for table `unit_categories`
--

CREATE TABLE `unit_categories` (
  `id` int(10) UNSIGNED NOT NULL,
  `name` varchar(191) COLLATE utf8mb4_unicode_ci NOT NULL,
  `created_at` timestamp NULL DEFAULT NULL,
  `updated_at` timestamp NULL DEFAULT NULL,
  `percent` float NOT NULL,
  `is_deleted` tinyint(4) NOT NULL DEFAULT '0',
  `is_percent` tinyint(1) NOT NULL DEFAULT '0'
) ENGINE=InnoDB DEFAULT CHARSET=utf8mb4 COLLATE=utf8mb4_unicode_ci;

--
-- Dumping data for table `unit_categories`
--

INSERT INTO `unit_categories` (`id`, `name`, `created_at`, `updated_at`, `percent`, `is_deleted`, `is_percent`) VALUES
(1, 'Corner', '2021-08-05 06:49:02', '2021-08-05 06:49:02', 10, 0, 1),
(2, 'Margalla Facing', '2021-08-05 06:49:26', '2021-08-05 06:49:26', 5, 0, 1);

-- --------------------------------------------------------

--
-- Table structure for table `unit_floors`
--

CREATE TABLE `unit_floors` (
  `id` int(10) UNSIGNED NOT NULL,
  `name` varchar(191) COLLATE utf8mb4_unicode_ci NOT NULL,
  `created_at` timestamp NULL DEFAULT NULL,
  `updated_at` timestamp NULL DEFAULT NULL,
  `is_deleted` tinyint(4) NOT NULL DEFAULT '0',
  `unit_block_id` int(11) DEFAULT NULL
) ENGINE=InnoDB DEFAULT CHARSET=utf8mb4 COLLATE=utf8mb4_unicode_ci;

--
-- Dumping data for table `unit_floors`
--

INSERT INTO `unit_floors` (`id`, `name`, `created_at`, `updated_at`, `is_deleted`, `unit_block_id`) VALUES
(1, '3rd Floor', '0000-00-00 00:00:00', '2022-01-29 06:21:42', 0, 2),
(2, '2nd Floor', '0000-00-00 00:00:00', '0000-00-00 00:00:00', 0, 1),
(3, '1st Floor', '0000-00-00 00:00:00', '0000-00-00 00:00:00', 0, 1),
(4, 'Ground Floor', '0000-00-00 00:00:00', '0000-00-00 00:00:00', 0, 2),
(5, 'LG 1', '0000-00-00 00:00:00', '0000-00-00 00:00:00', 0, 1),
(6, 'LG 2', '0000-00-00 00:00:00', '0000-00-00 00:00:00', 0, 1),
(7, 'LG 3', '0000-00-00 00:00:00', '0000-00-00 00:00:00', 0, 1),
(8, 'LG 4', '0000-00-00 00:00:00', '0000-00-00 00:00:00', 0, 1),
(9, 'LG 5', '0000-00-00 00:00:00', '0000-00-00 00:00:00', 0, 1),
(10, 'LG 6', '0000-00-00 00:00:00', '0000-00-00 00:00:00', 0, 1),
(11, 'LG 7', '0000-00-00 00:00:00', '0000-00-00 00:00:00', 0, 1),
(12, 'LG 8', '0000-00-00 00:00:00', '0000-00-00 00:00:00', 0, 1),
(13, 'LG 9', '0000-00-00 00:00:00', '0000-00-00 00:00:00', 0, 1),
(14, 'LG 10', '0000-00-00 00:00:00', '0000-00-00 00:00:00', 0, 1),
(15, 'Oversease', '2021-12-22 22:42:55', '2021-12-22 22:42:55', 0, 1),
(16, 'Us002', '2022-01-25 07:41:46', '2022-01-25 07:41:46', 0, 1),
(17, 'N/A', '2022-05-26 11:20:14', '2022-08-01 09:42:42', 0, 3);

-- --------------------------------------------------------

--
-- Table structure for table `unit_floor_sizes`
--

CREATE TABLE `unit_floor_sizes` (
  `id` int(10) UNSIGNED NOT NULL,
  `unit_floor_id` int(10) UNSIGNED NOT NULL,
  `unit_size_id` int(10) UNSIGNED DEFAULT NULL,
  `rate` double NOT NULL,
  `created_at` timestamp NULL DEFAULT NULL,
  `updated_at` timestamp NULL DEFAULT NULL,
  `unit_type_id` int(10) UNSIGNED NOT NULL,
  `registration_fee` double DEFAULT NULL
) ENGINE=InnoDB DEFAULT CHARSET=utf8mb4 COLLATE=utf8mb4_unicode_ci;

--
-- Dumping data for table `unit_floor_sizes`
--

INSERT INTO `unit_floor_sizes` (`id`, `unit_floor_id`, `unit_size_id`, `rate`, `created_at`, `updated_at`, `unit_type_id`, `registration_fee`) VALUES
(17, 2, NULL, 12000, '0000-00-00 00:00:00', '0000-00-00 00:00:00', 1, NULL),
(18, 2, 0, 12000, '0000-00-00 00:00:00', '0000-00-00 00:00:00', 2, 0),
(19, 2, 0, 12000, '0000-00-00 00:00:00', '0000-00-00 00:00:00', 3, 0),
(20, 2, 0, 14500, '0000-00-00 00:00:00', '0000-00-00 00:00:00', 4, 0),
(21, 2, 0, 14500, '0000-00-00 00:00:00', '0000-00-00 00:00:00', 5, 0),
(22, 2, 0, 14500, '0000-00-00 00:00:00', '0000-00-00 00:00:00', 6, 0),
(23, 2, 0, 13500, '0000-00-00 00:00:00', '0000-00-00 00:00:00', 7, 0),
(24, 2, 0, 13500, '0000-00-00 00:00:00', '0000-00-00 00:00:00', 8, 0),
(25, 2, 0, 13500, '0000-00-00 00:00:00', '0000-00-00 00:00:00', 9, 0),
(26, 3, NULL, 12000, '0000-00-00 00:00:00', '0000-00-00 00:00:00', 1, NULL),
(27, 3, 0, 12000, '0000-00-00 00:00:00', '0000-00-00 00:00:00', 2, 0),
(28, 3, 0, 12000, '0000-00-00 00:00:00', '0000-00-00 00:00:00', 3, 0),
(29, 3, 0, 14500, '0000-00-00 00:00:00', '0000-00-00 00:00:00', 4, 0),
(30, 3, 0, 14500, '0000-00-00 00:00:00', '0000-00-00 00:00:00', 5, 0),
(31, 3, 0, 14500, '0000-00-00 00:00:00', '0000-00-00 00:00:00', 6, 0),
(32, 3, 0, 13500, '0000-00-00 00:00:00', '0000-00-00 00:00:00', 7, 0),
(33, 3, 0, 13500, '0000-00-00 00:00:00', '0000-00-00 00:00:00', 8, 0),
(34, 3, 0, 13500, '0000-00-00 00:00:00', '0000-00-00 00:00:00', 9, 0),
(35, 4, NULL, 12000, '0000-00-00 00:00:00', '0000-00-00 00:00:00', 1, NULL),
(36, 4, 0, 12000, '0000-00-00 00:00:00', '0000-00-00 00:00:00', 2, 0),
(37, 4, 0, 12000, '0000-00-00 00:00:00', '0000-00-00 00:00:00', 3, 0),
(38, 4, 0, 14500, '0000-00-00 00:00:00', '0000-00-00 00:00:00', 4, 0),
(39, 4, 0, 14500, '0000-00-00 00:00:00', '0000-00-00 00:00:00', 5, 0),
(40, 4, 0, 14500, '0000-00-00 00:00:00', '0000-00-00 00:00:00', 6, 0),
(41, 4, 0, 13500, '0000-00-00 00:00:00', '0000-00-00 00:00:00', 7, 0),
(42, 4, 0, 13500, '0000-00-00 00:00:00', '0000-00-00 00:00:00', 8, 0),
(43, 4, 0, 13500, '0000-00-00 00:00:00', '0000-00-00 00:00:00', 9, 0),
(44, 5, NULL, 12000, '0000-00-00 00:00:00', '0000-00-00 00:00:00', 1, NULL),
(45, 5, 0, 12000, '0000-00-00 00:00:00', '0000-00-00 00:00:00', 2, 0),
(46, 5, 0, 12000, '0000-00-00 00:00:00', '0000-00-00 00:00:00', 3, 0),
(47, 5, 0, 14500, '0000-00-00 00:00:00', '0000-00-00 00:00:00', 4, 0),
(48, 5, 0, 14500, '0000-00-00 00:00:00', '0000-00-00 00:00:00', 5, 0),
(49, 5, 0, 14500, '0000-00-00 00:00:00', '0000-00-00 00:00:00', 6, 0),
(50, 5, 0, 13500, '0000-00-00 00:00:00', '0000-00-00 00:00:00', 7, 0),
(51, 5, 0, 13500, '0000-00-00 00:00:00', '0000-00-00 00:00:00', 8, 0),
(52, 5, 0, 13500, '0000-00-00 00:00:00', '0000-00-00 00:00:00', 9, 0),
(53, 6, NULL, 12000, '0000-00-00 00:00:00', '0000-00-00 00:00:00', 1, NULL),
(54, 6, 0, 12000, '0000-00-00 00:00:00', '0000-00-00 00:00:00', 2, 0),
(55, 6, 0, 12000, '0000-00-00 00:00:00', '0000-00-00 00:00:00', 3, 0),
(56, 6, 0, 14500, '0000-00-00 00:00:00', '0000-00-00 00:00:00', 4, 0),
(57, 6, 0, 14500, '0000-00-00 00:00:00', '0000-00-00 00:00:00', 5, 0),
(58, 6, 0, 14500, '0000-00-00 00:00:00', '0000-00-00 00:00:00', 6, 0),
(59, 6, 0, 13500, '0000-00-00 00:00:00', '0000-00-00 00:00:00', 7, 0),
(60, 6, 0, 13500, '0000-00-00 00:00:00', '0000-00-00 00:00:00', 8, 0),
(61, 6, 0, 13500, '0000-00-00 00:00:00', '0000-00-00 00:00:00', 9, 0),
(62, 7, NULL, 12000, '0000-00-00 00:00:00', '0000-00-00 00:00:00', 1, NULL),
(63, 7, 0, 12000, '0000-00-00 00:00:00', '0000-00-00 00:00:00', 2, 0),
(64, 7, 0, 12000, '0000-00-00 00:00:00', '0000-00-00 00:00:00', 3, 0),
(65, 7, 0, 14500, '0000-00-00 00:00:00', '0000-00-00 00:00:00', 4, 0),
(66, 7, 0, 14500, '0000-00-00 00:00:00', '0000-00-00 00:00:00', 5, 0),
(67, 7, 0, 14500, '0000-00-00 00:00:00', '0000-00-00 00:00:00', 6, 0),
(68, 7, 0, 13500, '0000-00-00 00:00:00', '0000-00-00 00:00:00', 7, 0),
(69, 7, 0, 13500, '0000-00-00 00:00:00', '0000-00-00 00:00:00', 8, 0),
(70, 7, 0, 13500, '0000-00-00 00:00:00', '0000-00-00 00:00:00', 9, 0),
(71, 8, NULL, 12000, '0000-00-00 00:00:00', '0000-00-00 00:00:00', 1, NULL),
(72, 8, 0, 12000, '0000-00-00 00:00:00', '0000-00-00 00:00:00', 2, 0),
(73, 8, 0, 12000, '0000-00-00 00:00:00', '0000-00-00 00:00:00', 3, 0),
(74, 8, 0, 14500, '0000-00-00 00:00:00', '0000-00-00 00:00:00', 4, 0),
(75, 8, 0, 14500, '0000-00-00 00:00:00', '0000-00-00 00:00:00', 5, 0),
(76, 8, 0, 14500, '0000-00-00 00:00:00', '0000-00-00 00:00:00', 6, 0),
(77, 8, 0, 13500, '0000-00-00 00:00:00', '0000-00-00 00:00:00', 7, 0),
(78, 8, 0, 13500, '0000-00-00 00:00:00', '0000-00-00 00:00:00', 8, 0),
(79, 8, 0, 13500, '0000-00-00 00:00:00', '0000-00-00 00:00:00', 9, 0),
(80, 9, NULL, 12000, '0000-00-00 00:00:00', '0000-00-00 00:00:00', 1, NULL),
(81, 9, 0, 12000, '0000-00-00 00:00:00', '0000-00-00 00:00:00', 2, 0),
(82, 9, 0, 12000, '0000-00-00 00:00:00', '0000-00-00 00:00:00', 3, 0),
(83, 9, 0, 14500, '0000-00-00 00:00:00', '0000-00-00 00:00:00', 4, 0),
(84, 9, 0, 14500, '0000-00-00 00:00:00', '0000-00-00 00:00:00', 5, 0),
(85, 9, 0, 14500, '0000-00-00 00:00:00', '0000-00-00 00:00:00', 6, 0),
(86, 9, 0, 13500, '0000-00-00 00:00:00', '0000-00-00 00:00:00', 7, 0),
(87, 9, 0, 13500, '0000-00-00 00:00:00', '0000-00-00 00:00:00', 8, 0),
(88, 9, 0, 13500, '0000-00-00 00:00:00', '0000-00-00 00:00:00', 9, 0),
(89, 10, NULL, 12000, '0000-00-00 00:00:00', '0000-00-00 00:00:00', 1, NULL),
(90, 10, 0, 12000, '0000-00-00 00:00:00', '0000-00-00 00:00:00', 2, 0),
(91, 10, 0, 12000, '0000-00-00 00:00:00', '0000-00-00 00:00:00', 3, 0),
(92, 10, 0, 14500, '0000-00-00 00:00:00', '0000-00-00 00:00:00', 4, 0),
(93, 10, 0, 14500, '0000-00-00 00:00:00', '0000-00-00 00:00:00', 5, 0),
(94, 10, 0, 14500, '0000-00-00 00:00:00', '0000-00-00 00:00:00', 6, 0),
(95, 10, 0, 13500, '0000-00-00 00:00:00', '0000-00-00 00:00:00', 7, 0),
(96, 10, 0, 13500, '0000-00-00 00:00:00', '0000-00-00 00:00:00', 8, 0),
(97, 10, 0, 13500, '0000-00-00 00:00:00', '0000-00-00 00:00:00', 9, 0),
(98, 11, NULL, 12000, '0000-00-00 00:00:00', '0000-00-00 00:00:00', 1, NULL),
(99, 11, 0, 12000, '0000-00-00 00:00:00', '0000-00-00 00:00:00', 2, 0),
(100, 11, 0, 12000, '0000-00-00 00:00:00', '0000-00-00 00:00:00', 3, 0),
(101, 11, 0, 14500, '0000-00-00 00:00:00', '0000-00-00 00:00:00', 4, 0),
(102, 11, 0, 14500, '0000-00-00 00:00:00', '0000-00-00 00:00:00', 5, 0),
(103, 11, 0, 14500, '0000-00-00 00:00:00', '0000-00-00 00:00:00', 6, 0),
(104, 11, 0, 13500, '0000-00-00 00:00:00', '0000-00-00 00:00:00', 7, 0),
(105, 11, 0, 13500, '0000-00-00 00:00:00', '0000-00-00 00:00:00', 8, 0),
(106, 11, 0, 13500, '0000-00-00 00:00:00', '0000-00-00 00:00:00', 9, 0),
(107, 12, NULL, 12000, '0000-00-00 00:00:00', '0000-00-00 00:00:00', 1, NULL),
(108, 12, 0, 12000, '0000-00-00 00:00:00', '0000-00-00 00:00:00', 2, 0),
(109, 12, 0, 12000, '0000-00-00 00:00:00', '0000-00-00 00:00:00', 3, 0),
(110, 12, 0, 14500, '0000-00-00 00:00:00', '0000-00-00 00:00:00', 4, 0),
(111, 12, 0, 14500, '0000-00-00 00:00:00', '0000-00-00 00:00:00', 5, 0),
(112, 12, 0, 14500, '0000-00-00 00:00:00', '0000-00-00 00:00:00', 6, 0),
(113, 12, 0, 13500, '0000-00-00 00:00:00', '0000-00-00 00:00:00', 7, 0),
(114, 12, 0, 13500, '0000-00-00 00:00:00', '0000-00-00 00:00:00', 8, 0),
(115, 12, 0, 13500, '0000-00-00 00:00:00', '0000-00-00 00:00:00', 9, 0),
(116, 13, NULL, 12000, '0000-00-00 00:00:00', '0000-00-00 00:00:00', 1, NULL),
(117, 13, 0, 12000, '0000-00-00 00:00:00', '0000-00-00 00:00:00', 2, 0),
(118, 13, 0, 12000, '0000-00-00 00:00:00', '0000-00-00 00:00:00', 3, 0),
(119, 13, 0, 14500, '0000-00-00 00:00:00', '0000-00-00 00:00:00', 4, 0),
(120, 13, 0, 14500, '0000-00-00 00:00:00', '0000-00-00 00:00:00', 5, 0),
(121, 13, 0, 14500, '0000-00-00 00:00:00', '0000-00-00 00:00:00', 6, 0),
(122, 13, 0, 13500, '0000-00-00 00:00:00', '0000-00-00 00:00:00', 7, 0),
(123, 13, 0, 13500, '0000-00-00 00:00:00', '0000-00-00 00:00:00', 8, 0),
(124, 13, 0, 13500, '0000-00-00 00:00:00', '0000-00-00 00:00:00', 9, 0),
(125, 14, NULL, 12000, '0000-00-00 00:00:00', '0000-00-00 00:00:00', 1, NULL),
(126, 14, 0, 12000, '0000-00-00 00:00:00', '0000-00-00 00:00:00', 2, 0),
(127, 14, 0, 12000, '0000-00-00 00:00:00', '0000-00-00 00:00:00', 3, 0),
(128, 14, 0, 14500, '0000-00-00 00:00:00', '0000-00-00 00:00:00', 4, 0),
(129, 14, 0, 14500, '0000-00-00 00:00:00', '0000-00-00 00:00:00', 5, 0),
(130, 14, 0, 14500, '0000-00-00 00:00:00', '0000-00-00 00:00:00', 6, 0),
(131, 14, 0, 13500, '0000-00-00 00:00:00', '0000-00-00 00:00:00', 7, 0),
(132, 14, 0, 13500, '0000-00-00 00:00:00', '0000-00-00 00:00:00', 8, 0),
(133, 14, 0, 13500, '0000-00-00 00:00:00', '0000-00-00 00:00:00', 9, 0),
(134, 16, NULL, 14000, '2022-01-25 07:41:46', '2022-01-25 07:41:46', 1, NULL),
(135, 1, NULL, 12000, '2022-01-29 06:21:43', '2022-01-29 06:21:43', 1, NULL),
(136, 1, NULL, 12000, '2022-01-29 06:21:43', '2022-01-29 06:21:43', 2, NULL),
(137, 1, NULL, 12000, '2022-01-29 06:21:43', '2022-01-29 06:21:43', 3, NULL);

-- --------------------------------------------------------

--
-- Table structure for table `unit_old_rates`
--

CREATE TABLE `unit_old_rates` (
  `id` int(11) NOT NULL,
  `unit_floor_id` int(11) NOT NULL,
  `unit_type_id` int(11) NOT NULL,
  `rate` double NOT NULL,
  `created_at` timestamp NULL DEFAULT NULL,
  `updated_at` timestamp NULL DEFAULT NULL
) ENGINE=InnoDB DEFAULT CHARSET=utf8mb4;

--
-- Dumping data for table `unit_old_rates`
--

INSERT INTO `unit_old_rates` (`id`, `unit_floor_id`, `unit_type_id`, `rate`, `created_at`, `updated_at`) VALUES
(1, 3, 2, 12000, '2021-10-06 10:19:21', '2021-10-06 10:19:21'),
(2, 2, 1, 48000, '2021-10-06 11:42:54', '2021-10-06 11:42:54'),
(3, 1, 1, 48000, '2021-08-05 06:51:48', '2021-10-06 11:45:29'),
(4, 1, 1, 12000, '0000-00-00 00:00:00', '2022-01-29 06:21:42'),
(5, 1, 2, 12000, '0000-00-00 00:00:00', '2022-01-29 06:21:42'),
(6, 1, 3, 12000, '0000-00-00 00:00:00', '2022-01-29 06:21:42'),
(7, 1, 4, 14500, '0000-00-00 00:00:00', '2022-01-29 06:21:42'),
(8, 1, 5, 14500, '0000-00-00 00:00:00', '2022-01-29 06:21:42'),
(9, 1, 6, 14500, '0000-00-00 00:00:00', '2022-01-29 06:21:42'),
(10, 1, 7, 13500, '0000-00-00 00:00:00', '2022-01-29 06:21:42'),
(11, 1, 8, 13500, '0000-00-00 00:00:00', '2022-01-29 06:21:42'),
(12, 1, 9, 13500, '0000-00-00 00:00:00', '2022-01-29 06:21:42');

-- --------------------------------------------------------

--
-- Table structure for table `unit_sizes`
--

CREATE TABLE `unit_sizes` (
  `id` int(10) UNSIGNED NOT NULL,
  `name` float NOT NULL,
  `status` tinyint(1) NOT NULL DEFAULT '1',
  `created_at` timestamp NULL DEFAULT NULL,
  `updated_at` timestamp NULL DEFAULT NULL,
  `is_deleted` tinyint(4) DEFAULT '0'
) ENGINE=InnoDB DEFAULT CHARSET=utf8mb4 COLLATE=utf8mb4_unicode_ci;

--
-- Dumping data for table `unit_sizes`
--

INSERT INTO `unit_sizes` (`id`, `name`, `status`, `created_at`, `updated_at`, `is_deleted`) VALUES
(1, 5, 1, '2021-12-22 22:42:13', '2021-12-22 22:42:13', 0),
(2, 716, 1, '0000-00-00 00:00:00', '0000-00-00 00:00:00', 0),
(3, 468.5, 1, '0000-00-00 00:00:00', '0000-00-00 00:00:00', 0),
(4, 1011, 1, '0000-00-00 00:00:00', '0000-00-00 00:00:00', 0),
(5, 496, 1, '0000-00-00 00:00:00', '0000-00-00 00:00:00', 0),
(6, 636, 1, '0000-00-00 00:00:00', '0000-00-00 00:00:00', 0),
(7, 613, 1, '0000-00-00 00:00:00', '0000-00-00 00:00:00', 0),
(8, 613.58, 1, '0000-00-00 00:00:00', '0000-00-00 00:00:00', 0),
(9, 517, 1, '0000-00-00 00:00:00', '0000-00-00 00:00:00', 0),
(10, 1038, 1, '0000-00-00 00:00:00', '0000-00-00 00:00:00', 0),
(11, 592.5, 1, '0000-00-00 00:00:00', '0000-00-00 00:00:00', 0),
(12, 387, 1, '0000-00-00 00:00:00', '0000-00-00 00:00:00', 0),
(13, 870.58, 1, '0000-00-00 00:00:00', '0000-00-00 00:00:00', 0),
(14, 707, 1, '0000-00-00 00:00:00', '0000-00-00 00:00:00', 0),
(15, 443, 1, '0000-00-00 00:00:00', '0000-00-00 00:00:00', 0),
(16, 598, 1, '0000-00-00 00:00:00', '0000-00-00 00:00:00', 0),
(17, 880.54, 1, '0000-00-00 00:00:00', '0000-00-00 00:00:00', 0),
(18, 1106, 1, '0000-00-00 00:00:00', '0000-00-00 00:00:00', 0),
(19, 919, 1, '0000-00-00 00:00:00', '0000-00-00 00:00:00', 0),
(20, 369, 1, '0000-00-00 00:00:00', '0000-00-00 00:00:00', 0),
(21, 706, 1, '0000-00-00 00:00:00', '0000-00-00 00:00:00', 0),
(22, 536, 1, '0000-00-00 00:00:00', '0000-00-00 00:00:00', 0),
(23, 1092, 1, '0000-00-00 00:00:00', '0000-00-00 00:00:00', 0),
(24, 705, 1, '0000-00-00 00:00:00', '0000-00-00 00:00:00', 0),
(25, 518, 1, '0000-00-00 00:00:00', '0000-00-00 00:00:00', 0),
(26, 1001, 1, '0000-00-00 00:00:00', '0000-00-00 00:00:00', 0),
(27, 509, 1, '0000-00-00 00:00:00', '0000-00-00 00:00:00', 0),
(28, 887, 1, '0000-00-00 00:00:00', '0000-00-00 00:00:00', 0),
(29, 871, 1, '0000-00-00 00:00:00', '0000-00-00 00:00:00', 0),
(30, 403, 1, '0000-00-00 00:00:00', '0000-00-00 00:00:00', 0),
(31, 1014, 1, '0000-00-00 00:00:00', '0000-00-00 00:00:00', 0),
(32, 890, 1, '0000-00-00 00:00:00', '0000-00-00 00:00:00', 0),
(33, 770, 1, '0000-00-00 00:00:00', '0000-00-00 00:00:00', 0),
(34, 508, 1, '0000-00-00 00:00:00', '0000-00-00 00:00:00', 0),
(35, 1099, 1, '0000-00-00 00:00:00', '0000-00-00 00:00:00', 0),
(36, 373.59, 1, '0000-00-00 00:00:00', '0000-00-00 00:00:00', 0),
(37, 632, 1, '0000-00-00 00:00:00', '0000-00-00 00:00:00', 0),
(38, 589, 1, '0000-00-00 00:00:00', '0000-00-00 00:00:00', 0);

-- --------------------------------------------------------

--
-- Table structure for table `unit_types`
--

CREATE TABLE `unit_types` (
  `id` int(10) UNSIGNED NOT NULL,
  `name` varchar(191) COLLATE utf8mb4_unicode_ci NOT NULL,
  `status` tinyint(1) NOT NULL DEFAULT '1',
  `created_at` timestamp NULL DEFAULT NULL,
  `updated_at` timestamp NULL DEFAULT NULL,
  `is_deleted` tinyint(4) NOT NULL DEFAULT '0'
) ENGINE=InnoDB DEFAULT CHARSET=utf8mb4 COLLATE=utf8mb4_unicode_ci;

--
-- Dumping data for table `unit_types`
--

INSERT INTO `unit_types` (`id`, `name`, `status`, `created_at`, `updated_at`, `is_deleted`) VALUES
(1, 'Shop', 1, '2021-08-05 06:49:52', '2021-08-05 06:49:52', 0),
(2, 'Apartments', 1, '2021-08-05 06:50:13', '2021-08-05 06:50:13', 0),
(3, 'Residential', 1, '2021-12-22 22:41:57', '2021-12-22 22:41:57', 0);

-- --------------------------------------------------------

--
-- Table structure for table `users`
--

CREATE TABLE `users` (
  `id` int(10) UNSIGNED NOT NULL,
  `name` varchar(191) COLLATE utf8mb4_unicode_ci NOT NULL,
  `email` varchar(191) COLLATE utf8mb4_unicode_ci NOT NULL,
  `password` varchar(191) COLLATE utf8mb4_unicode_ci NOT NULL,
  `remember_token` varchar(100) COLLATE utf8mb4_unicode_ci DEFAULT NULL,
  `created_at` timestamp NULL DEFAULT NULL,
  `updated_at` timestamp NULL DEFAULT NULL,
  `session_id` text COLLATE utf8mb4_unicode_ci,
  `phone_number` varchar(12) COLLATE utf8mb4_unicode_ci DEFAULT NULL
) ENGINE=InnoDB DEFAULT CHARSET=utf8mb4 COLLATE=utf8mb4_unicode_ci;

--
-- Dumping data for table `users`
--

INSERT INTO `users` (`id`, `name`, `email`, `password`, `remember_token`, `created_at`, `updated_at`, `session_id`, `phone_number`) VALUES
(22, 'Admin', 'uali21453@gmail.com', '$2y$10$v7ArsMDHMzPakfF2m8ue0OZvBjivRXNH4UixCjfPFRCKKur6Y9Fu6', 'Bw3a9bVkQnUDgLI2MU7a1mCbup6rxngYEQ0Sw7Aaf7r5ihMjNXPurHl67vHr', '2020-07-16 14:38:54', '2022-07-14 06:53:52', 'idpDmyyEEQuBtbh22uvhmyAIWYtLepufmzC4oyb1', '03124999213'),
(23, 'Store Keeper', 'storekeeper@emporium.com', '$2y$10$hcIxxbnmeckB1zRkhJiDruNIuYKKHCYBGaLK9kOZKeTGx1yGKMZ9S', 'HaMxk4Kroocj0i76lgCGfuKm8CCuMUcXdptuLXtKOgylvvR3X1vdThnIXNcj', '2021-08-11 08:15:16', '2021-12-03 05:15:32', NULL, '03124999212'),
(24, 'Procurement manager', 'procurementmanager@emporium.com', '$2y$10$yS50nzW07i06v9AA62T9s.HFzd76I8.ghhDdcR9fB8.lZ1zv0QQlq', 'pVZpd5aGkDa0CBKDtACOrUsxSi7f2jah3CkKQstikjS73jkfUgjBAmKOBkFe', '2021-12-03 05:18:51', '2021-12-03 05:18:51', NULL, '03100000000'),
(25, 'pr_user', 'pr_user@emporium.com', '$2y$10$Qt8uv4vucIredLvkhSdYvurnNbLH0EtgGwXCVsf2bt5K/t2xJcL0S', 'wEd6GR6TfrnvzPaf1DKeiPYIf4aLiIRiF9wbDqtcIC5rCDjHQ2n1O1Wjfl1U', '2021-12-03 05:28:35', '2021-12-03 05:28:35', NULL, '03100000001'),
(26, 'Procurement Operation', 'procurementoperation@emporium.com', '$2y$10$YLopC.GvRXMXhMVWkMedd.Um14oYiIhnBk/L/5tljadrUciWNxDru', NULL, '2021-12-03 05:43:33', '2021-12-03 05:43:33', NULL, '03100000002'),
(27, 'Mir Creater', 'mir@gmail.com', '$2y$10$ZSsNW38DpWfvKgc4AhnJgutdft6docKwPoWeRLO5Swv7Dh4nIR7yu', NULL, '2022-03-30 05:12:05', '2022-03-30 05:12:05', NULL, '11111111111');

-- --------------------------------------------------------

--
-- Table structure for table `vendors`
--

CREATE TABLE `vendors` (
  `id` int(11) NOT NULL,
  `name` varchar(100) NOT NULL,
  `email` varchar(100) DEFAULT NULL,
  `address` text,
  `phone_number` varchar(100) DEFAULT NULL,
  `opening_balance` double NOT NULL DEFAULT '0',
  `created_at` timestamp NULL DEFAULT NULL,
  `updated_at` timestamp NULL DEFAULT NULL,
  `status` tinyint(1) NOT NULL,
  `cnic` varchar(50) DEFAULT NULL,
  `rep_name` varchar(50) DEFAULT NULL,
  `vendor_type` int(11) DEFAULT NULL,
  `ntn` varchar(100) DEFAULT NULL,
  `stn` varchar(100) DEFAULT NULL,
  `test_certificate` mediumint(9) DEFAULT NULL
) ENGINE=InnoDB DEFAULT CHARSET=utf8mb4;

--
-- Dumping data for table `vendors`
--

INSERT INTO `vendors` (`id`, `name`, `email`, `address`, `phone_number`, `opening_balance`, `created_at`, `updated_at`, `status`, `cnic`, `rep_name`, `vendor_type`, `ntn`, `stn`, `test_certificate`) VALUES
(3, 'Muhammad Usman', 'uali21453@gmail.com', 'test', '03105727614', 0, '2021-11-06 16:52:16', '2021-12-10 05:47:25', 0, '323233222222222', NULL, NULL, '0398377373', '0398377373', 3444),
(4, 'Ali Amjad', 'Ali@gmail.com', 'abc # 3380 Mehria Town', '03215854833', 0, '2021-11-10 17:08:59', '2021-12-03 04:33:28', 0, '3740584787987', NULL, NULL, '0080888909898', '0888909898', NULL),
(5, 'NASEER', 'NASEER@GMAIL.COM', NULL, '0321587778', 0, '2021-11-10 21:50:46', '2021-12-03 04:33:11', 0, '0097884788773', NULL, NULL, '83289309', '83289309', 9877);

-- --------------------------------------------------------

--
-- Table structure for table `vouchers`
--

CREATE TABLE `vouchers` (
  `id` int(11) NOT NULL,
  `entry_no` int(11) NOT NULL,
  `narration` text,
  `documents` varchar(255) DEFAULT NULL,
  `created_at` timestamp NOT NULL DEFAULT CURRENT_TIMESTAMP,
  `updated_at` timestamp NOT NULL DEFAULT CURRENT_TIMESTAMP
) ENGINE=InnoDB DEFAULT CHARSET=latin1;

--
-- Dumping data for table `vouchers`
--

INSERT INTO `vouchers` (`id`, `entry_no`, `narration`, `documents`, `created_at`, `updated_at`) VALUES
(1, 21, NULL, NULL, '2021-12-25 11:39:01', '2021-12-25 11:39:01'),
(2, 1, NULL, NULL, '2021-11-06 21:29:48', '2021-11-06 21:29:48'),
(3, 2, NULL, NULL, '2021-11-09 04:45:51', '2021-11-09 04:46:24'),
(4, 3, NULL, NULL, '2021-11-10 22:40:55', '2021-11-10 22:40:55'),
(5, 4, NULL, NULL, '2021-11-10 22:53:36', '2021-11-10 22:53:36'),
(6, 5, NULL, NULL, '2021-11-12 22:13:08', '2021-11-12 22:14:48'),
(7, 6, NULL, NULL, '2021-11-12 22:43:09', '2021-11-12 22:43:09'),
(8, 7, NULL, NULL, '2021-12-04 12:57:43', '2021-12-04 12:57:43'),
(9, 22, NULL, NULL, '2021-12-25 12:07:38', '2021-12-25 12:07:38'),
(10, 23, NULL, NULL, '2021-12-28 10:44:44', '2021-12-28 10:44:44'),
(11, 24, NULL, NULL, '2021-12-30 11:01:10', '2021-12-30 11:01:10'),
(12, 25, NULL, NULL, '2021-12-30 11:36:49', '2021-12-30 11:36:49'),
(13, 26, NULL, NULL, '2021-12-30 11:42:26', '2021-12-30 11:42:26'),
(14, 27, NULL, NULL, '2021-12-30 11:46:19', '2022-04-04 08:16:09'),
(21, 32, NULL, NULL, '2022-03-15 08:03:37', '2022-03-15 08:03:37'),
(25, 28, NULL, '[\"6af6f266097991089fcff8c50bc85467\"]', '2022-05-14 12:37:48', '2022-05-16 06:18:30'),
(26, 29, NULL, '[]', '2022-06-29 12:40:17', '2022-06-29 12:40:17'),
(27, 30, NULL, '[]', '2022-06-29 12:55:47', '2022-06-29 12:55:47');

--
-- Indexes for dumped tables
--

--
-- Indexes for table `account_classes`
--
ALTER TABLE `account_classes`
  ADD PRIMARY KEY (`id`);

--
-- Indexes for table `account_transfers`
--
ALTER TABLE `account_transfers`
  ADD PRIMARY KEY (`id`);

--
-- Indexes for table `account_types`
--
ALTER TABLE `account_types`
  ADD PRIMARY KEY (`id`);

--
-- Indexes for table `activity_log`
--
ALTER TABLE `activity_log`
  ADD PRIMARY KEY (`id`),
  ADD KEY `activity_log_log_name_index` (`log_name`);

--
-- Indexes for table `approvel_roles`
--
ALTER TABLE `approvel_roles`
  ADD PRIMARY KEY (`id`);

--
-- Indexes for table `approvel_status_comparative_statement`
--
ALTER TABLE `approvel_status_comparative_statement`
  ADD PRIMARY KEY (`id`);

--
-- Indexes for table `approvel_status_purchase_request`
--
ALTER TABLE `approvel_status_purchase_request`
  ADD PRIMARY KEY (`id`);

--
-- Indexes for table `asset_location`
--
ALTER TABLE `asset_location`
  ADD PRIMARY KEY (`id`);

--
-- Indexes for table `asset_maintainances`
--
ALTER TABLE `asset_maintainances`
  ADD PRIMARY KEY (`id`);

--
-- Indexes for table `asset_releases`
--
ALTER TABLE `asset_releases`
  ADD PRIMARY KEY (`id`);

--
-- Indexes for table `bill_of_quantities`
--
ALTER TABLE `bill_of_quantities`
  ADD PRIMARY KEY (`id`);

--
-- Indexes for table `buy_back`
--
ALTER TABLE `buy_back`
  ADD PRIMARY KEY (`id`);

--
-- Indexes for table `categories`
--
ALTER TABLE `categories`
  ADD PRIMARY KEY (`id`),
  ADD UNIQUE KEY `categories_category_name_unique` (`category_name`);

--
-- Indexes for table `chart_of_accounts`
--
ALTER TABLE `chart_of_accounts`
  ADD PRIMARY KEY (`id`);

--
-- Indexes for table `cities`
--
ALTER TABLE `cities`
  ADD PRIMARY KEY (`id`),
  ADD KEY `cities_country_id_foreign` (`country_id`);

--
-- Indexes for table `company_banks`
--
ALTER TABLE `company_banks`
  ADD PRIMARY KEY (`id`);

--
-- Indexes for table `company_bank_transactions`
--
ALTER TABLE `company_bank_transactions`
  ADD PRIMARY KEY (`id`),
  ADD KEY `company_bank_transactions_receipt_id_foreign` (`receipt_id`),
  ADD KEY `company_bank_transactions_company_account_foreign` (`company_account`);

--
-- Indexes for table `comparative_statements`
--
ALTER TABLE `comparative_statements`
  ADD PRIMARY KEY (`id`);

--
-- Indexes for table `comparative_statement_documents`
--
ALTER TABLE `comparative_statement_documents`
  ADD PRIMARY KEY (`id`);

--
-- Indexes for table `control_accounts`
--
ALTER TABLE `control_accounts`
  ADD PRIMARY KEY (`id`);

--
-- Indexes for table `countries`
--
ALTER TABLE `countries`
  ADD PRIMARY KEY (`id`);

--
-- Indexes for table `customers`
--
ALTER TABLE `customers`
  ADD PRIMARY KEY (`id`);

--
-- Indexes for table `customer_adjustments`
--
ALTER TABLE `customer_adjustments`
  ADD PRIMARY KEY (`id`),
  ADD KEY `customer_adjustments_receipt_id_foreign` (`receipt_id`);

--
-- Indexes for table `customer_amounts`
--
ALTER TABLE `customer_amounts`
  ADD PRIMARY KEY (`id`);

--
-- Indexes for table `customer_documents`
--
ALTER TABLE `customer_documents`
  ADD PRIMARY KEY (`id`),
  ADD KEY `customer_documents_customer_id_foreign` (`customer_id`);

--
-- Indexes for table `customer_nominees`
--
ALTER TABLE `customer_nominees`
  ADD PRIMARY KEY (`id`),
  ADD KEY `customer_nominees_customer_id_foreign` (`customer_id`);

--
-- Indexes for table `customer_properties`
--
ALTER TABLE `customer_properties`
  ADD PRIMARY KEY (`id`),
  ADD KEY `customer_properties_customer_id_foreign` (`customer_id`),
  ADD KEY `customer_properties_dealer_id_foreign` (`dealer_id`),
  ADD KEY `customer_properties_product_type_foreign` (`plot_type`),
  ADD KEY `customer_properties_inventory_id_foreign` (`inventory_id`);

--
-- Indexes for table `customer_property_full_payments`
--
ALTER TABLE `customer_property_full_payments`
  ADD PRIMARY KEY (`id`),
  ADD KEY `customer_property_full_payments_customer_property_id_foreign` (`customer_property_id`);

--
-- Indexes for table `customer_property_full_payment_statements`
--
ALTER TABLE `customer_property_full_payment_statements`
  ADD PRIMARY KEY (`id`),
  ADD KEY `customer_property_full_payment_statements_customer_id_foreign` (`customer_id`),
  ADD KEY `customer_property_full_payment_statements_property_id_foreign` (`property_id`);

--
-- Indexes for table `customer_property_partners`
--
ALTER TABLE `customer_property_partners`
  ADD PRIMARY KEY (`id`),
  ADD KEY `customer_property_partners_property_id_foreign` (`property_id`),
  ADD KEY `customer_property_partners_customer_id_foreign` (`customer_id`);

--
-- Indexes for table `customer_property_taxes`
--
ALTER TABLE `customer_property_taxes`
  ADD PRIMARY KEY (`id`);

--
-- Indexes for table `customer_requests`
--
ALTER TABLE `customer_requests`
  ADD PRIMARY KEY (`id`),
  ADD KEY `customer_requests_customer_id_foreign` (`customer_id`);

--
-- Indexes for table `customer_statements`
--
ALTER TABLE `customer_statements`
  ADD PRIMARY KEY (`id`),
  ADD KEY `customer_statements_customer_id_foreign` (`customer_id`),
  ADD KEY `customer_statements_customer_property_id_foreign` (`customer_property_id`),
  ADD KEY `customer_statements_receipt_id_foreign` (`receipt_id`);

--
-- Indexes for table `dealers`
--
ALTER TABLE `dealers`
  ADD PRIMARY KEY (`id`),
  ADD KEY `dealers_city_id_foreign` (`city_id`),
  ADD KEY `dealers_dealer_type_id_foreign` (`dealer_type_id`),
  ADD KEY `dealers_parent_dealer_foreign` (`parent_dealer`);

--
-- Indexes for table `dealer_paid_rebates`
--
ALTER TABLE `dealer_paid_rebates`
  ADD PRIMARY KEY (`id`),
  ADD KEY `dealer_paid_rebates_dealer_id_foreign` (`dealer_id`);

--
-- Indexes for table `dealer_received_amounts`
--
ALTER TABLE `dealer_received_amounts`
  ADD PRIMARY KEY (`id`),
  ADD KEY `dealer_received_amounts_dealer_id_index` (`dealer_id`),
  ADD KEY `dealer_received_amounts_customer_property_id_index` (`customer_property_id`);

--
-- Indexes for table `dealer_transactions`
--
ALTER TABLE `dealer_transactions`
  ADD PRIMARY KEY (`id`),
  ADD KEY `dealer_transactions_dealer_id_foreign` (`dealer_id`),
  ADD KEY `dealer_transactions_product_id_foreign` (`product_id`);

--
-- Indexes for table `dealer_types`
--
ALTER TABLE `dealer_types`
  ADD PRIMARY KEY (`id`);

--
-- Indexes for table `departments`
--
ALTER TABLE `departments`
  ADD PRIMARY KEY (`id`);

--
-- Indexes for table `depositor_banks`
--
ALTER TABLE `depositor_banks`
  ADD PRIMARY KEY (`id`);

--
-- Indexes for table `designations`
--
ALTER TABLE `designations`
  ADD PRIMARY KEY (`id`);

--
-- Indexes for table `dnfbp`
--
ALTER TABLE `dnfbp`
  ADD PRIMARY KEY (`id`);

--
-- Indexes for table `employees`
--
ALTER TABLE `employees`
  ADD PRIMARY KEY (`id`),
  ADD KEY `employees_manager_id_foreign` (`manager_id`),
  ADD KEY `employees_department_id_foreign` (`department_id`),
  ADD KEY `employees_designation_id_foreign` (`designation_id`);

--
-- Indexes for table `employee_documents`
--
ALTER TABLE `employee_documents`
  ADD PRIMARY KEY (`id`);

--
-- Indexes for table `employee_policies`
--
ALTER TABLE `employee_policies`
  ADD PRIMARY KEY (`id`),
  ADD KEY `employee_policies_employee_id_foreign` (`employee_id`),
  ADD KEY `employee_policies_policy_id_foreign` (`policy_id`);

--
-- Indexes for table `expenses`
--
ALTER TABLE `expenses`
  ADD PRIMARY KEY (`id`);

--
-- Indexes for table `expense_categories`
--
ALTER TABLE `expense_categories`
  ADD PRIMARY KEY (`id`);

--
-- Indexes for table `expense_payments`
--
ALTER TABLE `expense_payments`
  ADD PRIMARY KEY (`id`);

--
-- Indexes for table `fixed_assets`
--
ALTER TABLE `fixed_assets`
  ADD PRIMARY KEY (`id`);

--
-- Indexes for table `fixed_asset_accounts`
--
ALTER TABLE `fixed_asset_accounts`
  ADD PRIMARY KEY (`id`);

--
-- Indexes for table `fixed_asset_for_sales`
--
ALTER TABLE `fixed_asset_for_sales`
  ADD PRIMARY KEY (`id`);

--
-- Indexes for table `fixed_asset_types`
--
ALTER TABLE `fixed_asset_types`
  ADD PRIMARY KEY (`id`);

--
-- Indexes for table `general_journal_entries`
--
ALTER TABLE `general_journal_entries`
  ADD PRIMARY KEY (`id`);

--
-- Indexes for table `hrm_attendances`
--
ALTER TABLE `hrm_attendances`
  ADD PRIMARY KEY (`id`);

--
-- Indexes for table `hrm_bank_account_details`
--
ALTER TABLE `hrm_bank_account_details`
  ADD PRIMARY KEY (`id`),
  ADD KEY `employ_id` (`employ_id`);

--
-- Indexes for table `hrm_company_detail`
--
ALTER TABLE `hrm_company_detail`
  ADD PRIMARY KEY (`id`);

--
-- Indexes for table `hrm_employees`
--
ALTER TABLE `hrm_employees`
  ADD PRIMARY KEY (`id`);

--
-- Indexes for table `hrm_employees_benevolent_funds`
--
ALTER TABLE `hrm_employees_benevolent_funds`
  ADD PRIMARY KEY (`id`);

--
-- Indexes for table `hrm_employees_benevolent_fund_settings`
--
ALTER TABLE `hrm_employees_benevolent_fund_settings`
  ADD PRIMARY KEY (`id`);

--
-- Indexes for table `hrm_employees_deductions`
--
ALTER TABLE `hrm_employees_deductions`
  ADD PRIMARY KEY (`id`);

--
-- Indexes for table `hrm_employees_documents`
--
ALTER TABLE `hrm_employees_documents`
  ADD PRIMARY KEY (`id`);

--
-- Indexes for table `hrm_employees_loans`
--
ALTER TABLE `hrm_employees_loans`
  ADD PRIMARY KEY (`id`);

--
-- Indexes for table `hrm_employees_overtimes`
--
ALTER TABLE `hrm_employees_overtimes`
  ADD PRIMARY KEY (`id`);

--
-- Indexes for table `hrm_employee_adjustment_loan`
--
ALTER TABLE `hrm_employee_adjustment_loan`
  ADD PRIMARY KEY (`id`);

--
-- Indexes for table `hrm_employee_allownces`
--
ALTER TABLE `hrm_employee_allownces`
  ADD PRIMARY KEY (`id`);

--
-- Indexes for table `hrm_employee_attendance_scheduales`
--
ALTER TABLE `hrm_employee_attendance_scheduales`
  ADD PRIMARY KEY (`id`);

--
-- Indexes for table `hrm_employee_commissions`
--
ALTER TABLE `hrm_employee_commissions`
  ADD PRIMARY KEY (`id`);

--
-- Indexes for table `hrm_employee_deductions`
--
ALTER TABLE `hrm_employee_deductions`
  ADD PRIMARY KEY (`id`);

--
-- Indexes for table `hrm_employee_designations`
--
ALTER TABLE `hrm_employee_designations`
  ADD PRIMARY KEY (`id`);

--
-- Indexes for table `hrm_employee_expences`
--
ALTER TABLE `hrm_employee_expences`
  ADD PRIMARY KEY (`id`);

--
-- Indexes for table `hrm_employee_loan_advance_documents`
--
ALTER TABLE `hrm_employee_loan_advance_documents`
  ADD PRIMARY KEY (`id`);

--
-- Indexes for table `hrm_employee_salaries`
--
ALTER TABLE `hrm_employee_salaries`
  ADD PRIMARY KEY (`id`);

--
-- Indexes for table `hrm_monthly_earning_deductions`
--
ALTER TABLE `hrm_monthly_earning_deductions`
  ADD PRIMARY KEY (`id`);

--
-- Indexes for table `hrm_settings`
--
ALTER TABLE `hrm_settings`
  ADD PRIMARY KEY (`id`);

--
-- Indexes for table `hrm_taxcitions`
--
ALTER TABLE `hrm_taxcitions`
  ADD PRIMARY KEY (`id`);

--
-- Indexes for table `installment_plans`
--
ALTER TABLE `installment_plans`
  ADD PRIMARY KEY (`id`),
  ADD KEY `installment_plans_plot_type_foreign` (`plot_type`),
  ADD KEY `installment_plans_plot_size_foreign` (`plot_size`);

--
-- Indexes for table `installment_plan_attributes`
--
ALTER TABLE `installment_plan_attributes`
  ADD PRIMARY KEY (`id`),
  ADD KEY `installment_plan_attributes_installment_plan_id_foreign` (`installment_plan_id`),
  ADD KEY `installment_plan_attributes_payment_head_id_foreign` (`payment_head_id`);

--
-- Indexes for table `inventories`
--
ALTER TABLE `inventories`
  ADD PRIMARY KEY (`id`),
  ADD KEY `inventories_unit_category_id_foreign` (`unit_category_id`),
  ADD KEY `inventories_unit_size_id_foreign` (`unit_size_id`),
  ADD KEY `inventories_unit_floor_id_foreign` (`unit_floor_id`);

--
-- Indexes for table `inventory_categories`
--
ALTER TABLE `inventory_categories`
  ADD PRIMARY KEY (`id`),
  ADD KEY `inventory_categories_inventory_id_foreign` (`inventory_id`),
  ADD KEY `inventory_categories_plot_category_id_foreign` (`unit_category_id`);

--
-- Indexes for table `inventory_old_names`
--
ALTER TABLE `inventory_old_names`
  ADD PRIMARY KEY (`id`);

--
-- Indexes for table `items`
--
ALTER TABLE `items`
  ADD PRIMARY KEY (`id`),
  ADD UNIQUE KEY `items_item_code_unique` (`item_code`);

--
-- Indexes for table `item_manufactures`
--
ALTER TABLE `item_manufactures`
  ADD PRIMARY KEY (`id`);

--
-- Indexes for table `item_purchase_order`
--
ALTER TABLE `item_purchase_order`
  ADD PRIMARY KEY (`id`);

--
-- Indexes for table `item_purchase_request`
--
ALTER TABLE `item_purchase_request`
  ADD PRIMARY KEY (`id`);

--
-- Indexes for table `item_purchase_request_vendor`
--
ALTER TABLE `item_purchase_request_vendor`
  ADD PRIMARY KEY (`id`);

--
-- Indexes for table `item_releasings`
--
ALTER TABLE `item_releasings`
  ADD PRIMARY KEY (`id`);

--
-- Indexes for table `item_releasing_data`
--
ALTER TABLE `item_releasing_data`
  ADD PRIMARY KEY (`id`);

--
-- Indexes for table `item_units`
--
ALTER TABLE `item_units`
  ADD PRIMARY KEY (`id`);

--
-- Indexes for table `links`
--
ALTER TABLE `links`
  ADD PRIMARY KEY (`id`);

--
-- Indexes for table `material_issue_requests`
--
ALTER TABLE `material_issue_requests`
  ADD PRIMARY KEY (`id`);

--
-- Indexes for table `material_issue_request_data`
--
ALTER TABLE `material_issue_request_data`
  ADD PRIMARY KEY (`id`);

--
-- Indexes for table `material_request_approvals`
--
ALTER TABLE `material_request_approvals`
  ADD PRIMARY KEY (`id`);

--
-- Indexes for table `merging_properties`
--
ALTER TABLE `merging_properties`
  ADD PRIMARY KEY (`id`);

--
-- Indexes for table `migrations`
--
ALTER TABLE `migrations`
  ADD PRIMARY KEY (`id`);

--
-- Indexes for table `otps`
--
ALTER TABLE `otps`
  ADD PRIMARY KEY (`id`);

--
-- Indexes for table `password_resets`
--
ALTER TABLE `password_resets`
  ADD KEY `password_resets_email_index` (`email`);

--
-- Indexes for table `payments`
--
ALTER TABLE `payments`
  ADD PRIMARY KEY (`id`),
  ADD KEY `payments_customer_id_foreign` (`customer_id`),
  ADD KEY `payments_property_id_foreign` (`property_id`);

--
-- Indexes for table `payment_heads`
--
ALTER TABLE `payment_heads`
  ADD PRIMARY KEY (`id`);

--
-- Indexes for table `payment_head_priorities`
--
ALTER TABLE `payment_head_priorities`
  ADD PRIMARY KEY (`id`);

--
-- Indexes for table `payrolls`
--
ALTER TABLE `payrolls`
  ADD PRIMARY KEY (`id`),
  ADD KEY `payrolls_employee_id_foreign` (`employee_id`);

--
-- Indexes for table `permissions`
--
ALTER TABLE `permissions`
  ADD PRIMARY KEY (`id`),
  ADD UNIQUE KEY `permissions_name_unique` (`name`);

--
-- Indexes for table `permission_role`
--
ALTER TABLE `permission_role`
  ADD PRIMARY KEY (`id`);

--
-- Indexes for table `policies`
--
ALTER TABLE `policies`
  ADD PRIMARY KEY (`id`);

--
-- Indexes for table `products`
--
ALTER TABLE `products`
  ADD PRIMARY KEY (`id`),
  ADD KEY `products_dealer_id_foreign` (`dealer_id`),
  ADD KEY `products_customer_id_foreign` (`customer_id`);

--
-- Indexes for table `product_types`
--
ALTER TABLE `product_types`
  ADD PRIMARY KEY (`id`);

--
-- Indexes for table `projects`
--
ALTER TABLE `projects`
  ADD PRIMARY KEY (`id`),
  ADD UNIQUE KEY `projects_project_name_unique` (`project_name`);

--
-- Indexes for table `project_accounts`
--
ALTER TABLE `project_accounts`
  ADD PRIMARY KEY (`id`),
  ADD KEY `project_accounts_inventory_id_foreign` (`inventory_id`),
  ADD KEY `project_accounts_pay_order_bank_id_foreign` (`pay_order_bank_id`);

--
-- Indexes for table `project_account_files`
--
ALTER TABLE `project_account_files`
  ADD PRIMARY KEY (`id`),
  ADD KEY `project_account_files_project_account_id_foreign` (`project_account_id`);

--
-- Indexes for table `property_chat_histories`
--
ALTER TABLE `property_chat_histories`
  ADD PRIMARY KEY (`id`),
  ADD KEY `property_chat_histories_property_id_foreign` (`property_id`);

--
-- Indexes for table `pr_boq_items`
--
ALTER TABLE `pr_boq_items`
  ADD PRIMARY KEY (`id`);

--
-- Indexes for table `purchases`
--
ALTER TABLE `purchases`
  ADD PRIMARY KEY (`id`);

--
-- Indexes for table `purchase_orders`
--
ALTER TABLE `purchase_orders`
  ADD PRIMARY KEY (`id`);

--
-- Indexes for table `purchase_order_cancel_remarks`
--
ALTER TABLE `purchase_order_cancel_remarks`
  ADD PRIMARY KEY (`id`);

--
-- Indexes for table `purchase_order_receipt`
--
ALTER TABLE `purchase_order_receipt`
  ADD PRIMARY KEY (`id`);

--
-- Indexes for table `purchase_order_vendors`
--
ALTER TABLE `purchase_order_vendors`
  ADD PRIMARY KEY (`id`),
  ADD UNIQUE KEY `vendors_phone_unique` (`phone`);

--
-- Indexes for table `purchase_requests`
--
ALTER TABLE `purchase_requests`
  ADD PRIMARY KEY (`id`);

--
-- Indexes for table `receipts`
--
ALTER TABLE `receipts`
  ADD PRIMARY KEY (`id`),
  ADD KEY `receipts_customer_id_foreign` (`customer_id`),
  ADD KEY `receipts_customer_property_id_foreign` (`customer_property_id`),
  ADD KEY `receipts_company_account_foreign` (`company_account`);

--
-- Indexes for table `receipt_document`
--
ALTER TABLE `receipt_document`
  ADD PRIMARY KEY (`id`);

--
-- Indexes for table `receipt_images`
--
ALTER TABLE `receipt_images`
  ADD PRIMARY KEY (`id`);

--
-- Indexes for table `receipt_items`
--
ALTER TABLE `receipt_items`
  ADD PRIMARY KEY (`id`);

--
-- Indexes for table `reconciliations`
--
ALTER TABLE `reconciliations`
  ADD PRIMARY KEY (`id`);

--
-- Indexes for table `registration_nos`
--
ALTER TABLE `registration_nos`
  ADD PRIMARY KEY (`id`);

--
-- Indexes for table `roles`
--
ALTER TABLE `roles`
  ADD PRIMARY KEY (`id`),
  ADD UNIQUE KEY `roles_name_unique` (`name`);

--
-- Indexes for table `role_user`
--
ALTER TABLE `role_user`
  ADD PRIMARY KEY (`user_id`,`role_id`),
  ADD KEY `role_user_role_id_foreign` (`role_id`);

--
-- Indexes for table `schedule_plans`
--
ALTER TABLE `schedule_plans`
  ADD PRIMARY KEY (`id`);

--
-- Indexes for table `sms`
--
ALTER TABLE `sms`
  ADD PRIMARY KEY (`id`);

--
-- Indexes for table `sms_clients`
--
ALTER TABLE `sms_clients`
  ADD PRIMARY KEY (`id`);

--
-- Indexes for table `surcharge_receipts`
--
ALTER TABLE `surcharge_receipts`
  ADD PRIMARY KEY (`id`),
  ADD KEY `receipts_customer_id_foreign` (`customer_id`),
  ADD KEY `receipts_customer_property_id_foreign` (`customer_property_id`),
  ADD KEY `receipts_company_account_foreign` (`company_account`);

--
-- Indexes for table `tasks`
--
ALTER TABLE `tasks`
  ADD PRIMARY KEY (`id`);

--
-- Indexes for table `tax_receipts`
--
ALTER TABLE `tax_receipts`
  ADD PRIMARY KEY (`id`);

--
-- Indexes for table `token_receipt`
--
ALTER TABLE `token_receipt`
  ADD PRIMARY KEY (`id`);

--
-- Indexes for table `transfer_properties`
--
ALTER TABLE `transfer_properties`
  ADD PRIMARY KEY (`id`),
  ADD KEY `transfer_properties_property_id_foreign` (`property_id`),
  ADD KEY `transfer_properties_owner_id_foreign` (`owner_id`),
  ADD KEY `transfer_properties_transfer_customer_id_foreign` (`transfer_customer_id`);

--
-- Indexes for table `unit_blocks`
--
ALTER TABLE `unit_blocks`
  ADD PRIMARY KEY (`id`);

--
-- Indexes for table `unit_categories`
--
ALTER TABLE `unit_categories`
  ADD PRIMARY KEY (`id`);

--
-- Indexes for table `unit_floors`
--
ALTER TABLE `unit_floors`
  ADD PRIMARY KEY (`id`);

--
-- Indexes for table `unit_floor_sizes`
--
ALTER TABLE `unit_floor_sizes`
  ADD PRIMARY KEY (`id`),
  ADD KEY `unit_floor_categories_unit_floor_id_foreign` (`unit_floor_id`),
  ADD KEY `unit_floor_categories_unit_category_id_foreign` (`unit_size_id`);

--
-- Indexes for table `unit_old_rates`
--
ALTER TABLE `unit_old_rates`
  ADD PRIMARY KEY (`id`);

--
-- Indexes for table `unit_sizes`
--
ALTER TABLE `unit_sizes`
  ADD PRIMARY KEY (`id`);

--
-- Indexes for table `unit_types`
--
ALTER TABLE `unit_types`
  ADD PRIMARY KEY (`id`);

--
-- Indexes for table `users`
--
ALTER TABLE `users`
  ADD PRIMARY KEY (`id`),
  ADD UNIQUE KEY `users_email_unique` (`email`);

--
-- Indexes for table `vendors`
--
ALTER TABLE `vendors`
  ADD PRIMARY KEY (`id`);

--
-- Indexes for table `vouchers`
--
ALTER TABLE `vouchers`
  ADD PRIMARY KEY (`id`);

--
-- AUTO_INCREMENT for dumped tables
--

--
-- AUTO_INCREMENT for table `account_classes`
--
ALTER TABLE `account_classes`
  MODIFY `id` int(11) NOT NULL AUTO_INCREMENT, AUTO_INCREMENT=3;

--
-- AUTO_INCREMENT for table `account_transfers`
--
ALTER TABLE `account_transfers`
  MODIFY `id` int(11) NOT NULL AUTO_INCREMENT;

--
-- AUTO_INCREMENT for table `account_types`
--
ALTER TABLE `account_types`
  MODIFY `id` int(11) NOT NULL AUTO_INCREMENT, AUTO_INCREMENT=16;

--
-- AUTO_INCREMENT for table `activity_log`
--
ALTER TABLE `activity_log`
  MODIFY `id` int(10) UNSIGNED NOT NULL AUTO_INCREMENT, AUTO_INCREMENT=3342;

--
-- AUTO_INCREMENT for table `approvel_roles`
--
ALTER TABLE `approvel_roles`
  MODIFY `id` int(10) UNSIGNED NOT NULL AUTO_INCREMENT;

--
-- AUTO_INCREMENT for table `approvel_status_comparative_statement`
--
ALTER TABLE `approvel_status_comparative_statement`
  MODIFY `id` int(11) NOT NULL AUTO_INCREMENT;

--
-- AUTO_INCREMENT for table `approvel_status_purchase_request`
--
ALTER TABLE `approvel_status_purchase_request`
  MODIFY `id` int(10) UNSIGNED NOT NULL AUTO_INCREMENT, AUTO_INCREMENT=2;

--
-- AUTO_INCREMENT for table `asset_location`
--
ALTER TABLE `asset_location`
  MODIFY `id` int(11) NOT NULL AUTO_INCREMENT, AUTO_INCREMENT=3;

--
-- AUTO_INCREMENT for table `asset_maintainances`
--
ALTER TABLE `asset_maintainances`
  MODIFY `id` int(11) NOT NULL AUTO_INCREMENT, AUTO_INCREMENT=4;

--
-- AUTO_INCREMENT for table `asset_releases`
--
ALTER TABLE `asset_releases`
  MODIFY `id` int(11) NOT NULL AUTO_INCREMENT;

--
-- AUTO_INCREMENT for table `bill_of_quantities`
--
ALTER TABLE `bill_of_quantities`
  MODIFY `id` int(11) NOT NULL AUTO_INCREMENT;

--
-- AUTO_INCREMENT for table `buy_back`
--
ALTER TABLE `buy_back`
  MODIFY `id` int(11) NOT NULL AUTO_INCREMENT;

--
-- AUTO_INCREMENT for table `categories`
--
ALTER TABLE `categories`
  MODIFY `id` int(10) UNSIGNED NOT NULL AUTO_INCREMENT, AUTO_INCREMENT=5;

--
-- AUTO_INCREMENT for table `chart_of_accounts`
--
ALTER TABLE `chart_of_accounts`
  MODIFY `id` int(11) NOT NULL AUTO_INCREMENT, AUTO_INCREMENT=830;

--
-- AUTO_INCREMENT for table `cities`
--
ALTER TABLE `cities`
  MODIFY `id` int(10) UNSIGNED NOT NULL AUTO_INCREMENT, AUTO_INCREMENT=191;

--
-- AUTO_INCREMENT for table `company_banks`
--
ALTER TABLE `company_banks`
  MODIFY `id` int(10) UNSIGNED NOT NULL AUTO_INCREMENT, AUTO_INCREMENT=3;

--
-- AUTO_INCREMENT for table `company_bank_transactions`
--
ALTER TABLE `company_bank_transactions`
  MODIFY `id` int(10) UNSIGNED NOT NULL AUTO_INCREMENT;

--
-- AUTO_INCREMENT for table `comparative_statements`
--
ALTER TABLE `comparative_statements`
  MODIFY `id` int(10) UNSIGNED NOT NULL AUTO_INCREMENT, AUTO_INCREMENT=4;

--
-- AUTO_INCREMENT for table `comparative_statement_documents`
--
ALTER TABLE `comparative_statement_documents`
  MODIFY `id` int(11) NOT NULL AUTO_INCREMENT;

--
-- AUTO_INCREMENT for table `control_accounts`
--
ALTER TABLE `control_accounts`
  MODIFY `id` int(10) UNSIGNED NOT NULL AUTO_INCREMENT, AUTO_INCREMENT=12;

--
-- AUTO_INCREMENT for table `countries`
--
ALTER TABLE `countries`
  MODIFY `id` int(10) UNSIGNED NOT NULL AUTO_INCREMENT, AUTO_INCREMENT=167;

--
-- AUTO_INCREMENT for table `customers`
--
ALTER TABLE `customers`
  MODIFY `id` int(10) UNSIGNED NOT NULL AUTO_INCREMENT, AUTO_INCREMENT=32;

--
-- AUTO_INCREMENT for table `customer_adjustments`
--
ALTER TABLE `customer_adjustments`
  MODIFY `id` int(10) UNSIGNED NOT NULL AUTO_INCREMENT, AUTO_INCREMENT=12;

--
-- AUTO_INCREMENT for table `customer_amounts`
--
ALTER TABLE `customer_amounts`
  MODIFY `id` int(11) NOT NULL AUTO_INCREMENT;

--
-- AUTO_INCREMENT for table `customer_documents`
--
ALTER TABLE `customer_documents`
  MODIFY `id` int(10) UNSIGNED NOT NULL AUTO_INCREMENT, AUTO_INCREMENT=3;

--
-- AUTO_INCREMENT for table `customer_nominees`
--
ALTER TABLE `customer_nominees`
  MODIFY `id` int(10) UNSIGNED NOT NULL AUTO_INCREMENT;

--
-- AUTO_INCREMENT for table `customer_properties`
--
ALTER TABLE `customer_properties`
  MODIFY `id` int(10) UNSIGNED NOT NULL AUTO_INCREMENT, AUTO_INCREMENT=74;

--
-- AUTO_INCREMENT for table `customer_property_full_payments`
--
ALTER TABLE `customer_property_full_payments`
  MODIFY `id` int(10) UNSIGNED NOT NULL AUTO_INCREMENT;

--
-- AUTO_INCREMENT for table `customer_property_full_payment_statements`
--
ALTER TABLE `customer_property_full_payment_statements`
  MODIFY `id` int(10) UNSIGNED NOT NULL AUTO_INCREMENT;

--
-- AUTO_INCREMENT for table `customer_property_partners`
--
ALTER TABLE `customer_property_partners`
  MODIFY `id` int(10) UNSIGNED NOT NULL AUTO_INCREMENT;

--
-- AUTO_INCREMENT for table `customer_property_taxes`
--
ALTER TABLE `customer_property_taxes`
  MODIFY `id` int(11) NOT NULL AUTO_INCREMENT, AUTO_INCREMENT=83;

--
-- AUTO_INCREMENT for table `customer_requests`
--
ALTER TABLE `customer_requests`
  MODIFY `id` int(10) UNSIGNED NOT NULL AUTO_INCREMENT;

--
-- AUTO_INCREMENT for table `customer_statements`
--
ALTER TABLE `customer_statements`
  MODIFY `id` int(10) UNSIGNED NOT NULL AUTO_INCREMENT, AUTO_INCREMENT=1444;

--
-- AUTO_INCREMENT for table `dealers`
--
ALTER TABLE `dealers`
  MODIFY `id` int(10) UNSIGNED NOT NULL AUTO_INCREMENT, AUTO_INCREMENT=5;

--
-- AUTO_INCREMENT for table `dealer_paid_rebates`
--
ALTER TABLE `dealer_paid_rebates`
  MODIFY `id` int(10) UNSIGNED NOT NULL AUTO_INCREMENT;

--
-- AUTO_INCREMENT for table `dealer_received_amounts`
--
ALTER TABLE `dealer_received_amounts`
  MODIFY `id` int(10) UNSIGNED NOT NULL AUTO_INCREMENT;

--
-- AUTO_INCREMENT for table `dealer_transactions`
--
ALTER TABLE `dealer_transactions`
  MODIFY `id` int(10) UNSIGNED NOT NULL AUTO_INCREMENT, AUTO_INCREMENT=8;

--
-- AUTO_INCREMENT for table `dealer_types`
--
ALTER TABLE `dealer_types`
  MODIFY `id` int(10) UNSIGNED NOT NULL AUTO_INCREMENT, AUTO_INCREMENT=3;

--
-- AUTO_INCREMENT for table `departments`
--
ALTER TABLE `departments`
  MODIFY `id` int(10) UNSIGNED NOT NULL AUTO_INCREMENT, AUTO_INCREMENT=6;

--
-- AUTO_INCREMENT for table `depositor_banks`
--
ALTER TABLE `depositor_banks`
  MODIFY `id` int(10) UNSIGNED NOT NULL AUTO_INCREMENT, AUTO_INCREMENT=48;

--
-- AUTO_INCREMENT for table `designations`
--
ALTER TABLE `designations`
  MODIFY `id` int(10) UNSIGNED NOT NULL AUTO_INCREMENT;

--
-- AUTO_INCREMENT for table `dnfbp`
--
ALTER TABLE `dnfbp`
  MODIFY `id` int(11) NOT NULL AUTO_INCREMENT, AUTO_INCREMENT=3173;

--
-- AUTO_INCREMENT for table `employees`
--
ALTER TABLE `employees`
  MODIFY `id` int(10) UNSIGNED NOT NULL AUTO_INCREMENT;

--
-- AUTO_INCREMENT for table `employee_documents`
--
ALTER TABLE `employee_documents`
  MODIFY `id` int(11) NOT NULL AUTO_INCREMENT;

--
-- AUTO_INCREMENT for table `employee_policies`
--
ALTER TABLE `employee_policies`
  MODIFY `id` int(10) UNSIGNED NOT NULL AUTO_INCREMENT;

--
-- AUTO_INCREMENT for table `expenses`
--
ALTER TABLE `expenses`
  MODIFY `id` int(10) UNSIGNED NOT NULL AUTO_INCREMENT;

--
-- AUTO_INCREMENT for table `expense_categories`
--
ALTER TABLE `expense_categories`
  MODIFY `id` int(11) NOT NULL AUTO_INCREMENT;

--
-- AUTO_INCREMENT for table `expense_payments`
--
ALTER TABLE `expense_payments`
  MODIFY `id` int(11) NOT NULL AUTO_INCREMENT;

--
-- AUTO_INCREMENT for table `fixed_assets`
--
ALTER TABLE `fixed_assets`
  MODIFY `id` int(11) NOT NULL AUTO_INCREMENT, AUTO_INCREMENT=6;

--
-- AUTO_INCREMENT for table `fixed_asset_accounts`
--
ALTER TABLE `fixed_asset_accounts`
  MODIFY `id` int(11) NOT NULL AUTO_INCREMENT, AUTO_INCREMENT=2;

--
-- AUTO_INCREMENT for table `fixed_asset_for_sales`
--
ALTER TABLE `fixed_asset_for_sales`
  MODIFY `id` int(11) NOT NULL AUTO_INCREMENT, AUTO_INCREMENT=3;

--
-- AUTO_INCREMENT for table `fixed_asset_types`
--
ALTER TABLE `fixed_asset_types`
  MODIFY `id` int(11) NOT NULL AUTO_INCREMENT, AUTO_INCREMENT=3;

--
-- AUTO_INCREMENT for table `general_journal_entries`
--
ALTER TABLE `general_journal_entries`
  MODIFY `id` int(11) UNSIGNED NOT NULL AUTO_INCREMENT, AUTO_INCREMENT=124;

--
-- AUTO_INCREMENT for table `hrm_attendances`
--
ALTER TABLE `hrm_attendances`
  MODIFY `id` int(10) UNSIGNED NOT NULL AUTO_INCREMENT, AUTO_INCREMENT=54;

--
-- AUTO_INCREMENT for table `hrm_bank_account_details`
--
ALTER TABLE `hrm_bank_account_details`
  MODIFY `id` int(10) NOT NULL AUTO_INCREMENT, AUTO_INCREMENT=6;

--
-- AUTO_INCREMENT for table `hrm_company_detail`
--
ALTER TABLE `hrm_company_detail`
  MODIFY `id` int(10) UNSIGNED NOT NULL AUTO_INCREMENT, AUTO_INCREMENT=7;

--
-- AUTO_INCREMENT for table `hrm_employees`
--
ALTER TABLE `hrm_employees`
  MODIFY `id` bigint(20) UNSIGNED NOT NULL AUTO_INCREMENT, AUTO_INCREMENT=7;

--
-- AUTO_INCREMENT for table `hrm_employees_benevolent_funds`
--
ALTER TABLE `hrm_employees_benevolent_funds`
  MODIFY `id` int(11) NOT NULL AUTO_INCREMENT, AUTO_INCREMENT=18;

--
-- AUTO_INCREMENT for table `hrm_employees_benevolent_fund_settings`
--
ALTER TABLE `hrm_employees_benevolent_fund_settings`
  MODIFY `id` int(11) NOT NULL AUTO_INCREMENT, AUTO_INCREMENT=2;

--
-- AUTO_INCREMENT for table `hrm_employees_deductions`
--
ALTER TABLE `hrm_employees_deductions`
  MODIFY `id` int(11) NOT NULL AUTO_INCREMENT, AUTO_INCREMENT=7;

--
-- AUTO_INCREMENT for table `hrm_employees_documents`
--
ALTER TABLE `hrm_employees_documents`
  MODIFY `id` int(11) NOT NULL AUTO_INCREMENT, AUTO_INCREMENT=7;

--
-- AUTO_INCREMENT for table `hrm_employees_loans`
--
ALTER TABLE `hrm_employees_loans`
  MODIFY `id` int(10) UNSIGNED NOT NULL AUTO_INCREMENT, AUTO_INCREMENT=9;

--
-- AUTO_INCREMENT for table `hrm_employees_overtimes`
--
ALTER TABLE `hrm_employees_overtimes`
  MODIFY `id` int(10) UNSIGNED NOT NULL AUTO_INCREMENT;

--
-- AUTO_INCREMENT for table `hrm_employee_adjustment_loan`
--
ALTER TABLE `hrm_employee_adjustment_loan`
  MODIFY `id` int(11) UNSIGNED NOT NULL AUTO_INCREMENT, AUTO_INCREMENT=15;

--
-- AUTO_INCREMENT for table `hrm_employee_allownces`
--
ALTER TABLE `hrm_employee_allownces`
  MODIFY `id` int(11) NOT NULL AUTO_INCREMENT, AUTO_INCREMENT=16;

--
-- AUTO_INCREMENT for table `hrm_employee_attendance_scheduales`
--
ALTER TABLE `hrm_employee_attendance_scheduales`
  MODIFY `id` int(10) NOT NULL AUTO_INCREMENT, AUTO_INCREMENT=2;

--
-- AUTO_INCREMENT for table `hrm_employee_commissions`
--
ALTER TABLE `hrm_employee_commissions`
  MODIFY `id` int(10) UNSIGNED NOT NULL AUTO_INCREMENT;

--
-- AUTO_INCREMENT for table `hrm_employee_deductions`
--
ALTER TABLE `hrm_employee_deductions`
  MODIFY `id` int(10) UNSIGNED NOT NULL AUTO_INCREMENT, AUTO_INCREMENT=8;

--
-- AUTO_INCREMENT for table `hrm_employee_designations`
--
ALTER TABLE `hrm_employee_designations`
  MODIFY `id` int(11) NOT NULL AUTO_INCREMENT, AUTO_INCREMENT=7;

--
-- AUTO_INCREMENT for table `hrm_employee_expences`
--
ALTER TABLE `hrm_employee_expences`
  MODIFY `id` int(10) UNSIGNED NOT NULL AUTO_INCREMENT, AUTO_INCREMENT=14;

--
-- AUTO_INCREMENT for table `hrm_employee_loan_advance_documents`
--
ALTER TABLE `hrm_employee_loan_advance_documents`
  MODIFY `id` int(11) UNSIGNED NOT NULL AUTO_INCREMENT, AUTO_INCREMENT=2;

--
-- AUTO_INCREMENT for table `hrm_employee_salaries`
--
ALTER TABLE `hrm_employee_salaries`
  MODIFY `id` int(11) NOT NULL AUTO_INCREMENT;

--
-- AUTO_INCREMENT for table `hrm_monthly_earning_deductions`
--
ALTER TABLE `hrm_monthly_earning_deductions`
  MODIFY `id` int(10) UNSIGNED NOT NULL AUTO_INCREMENT, AUTO_INCREMENT=207;

--
-- AUTO_INCREMENT for table `hrm_settings`
--
ALTER TABLE `hrm_settings`
  MODIFY `id` int(10) UNSIGNED NOT NULL AUTO_INCREMENT, AUTO_INCREMENT=2;

--
-- AUTO_INCREMENT for table `hrm_taxcitions`
--
ALTER TABLE `hrm_taxcitions`
  MODIFY `id` int(10) NOT NULL AUTO_INCREMENT, AUTO_INCREMENT=8;

--
-- AUTO_INCREMENT for table `installment_plans`
--
ALTER TABLE `installment_plans`
  MODIFY `id` int(10) UNSIGNED NOT NULL AUTO_INCREMENT;

--
-- AUTO_INCREMENT for table `installment_plan_attributes`
--
ALTER TABLE `installment_plan_attributes`
  MODIFY `id` int(10) UNSIGNED NOT NULL AUTO_INCREMENT;

--
-- AUTO_INCREMENT for table `inventories`
--
ALTER TABLE `inventories`
  MODIFY `id` int(10) UNSIGNED NOT NULL AUTO_INCREMENT, AUTO_INCREMENT=18;

--
-- AUTO_INCREMENT for table `inventory_categories`
--
ALTER TABLE `inventory_categories`
  MODIFY `id` int(10) UNSIGNED NOT NULL AUTO_INCREMENT, AUTO_INCREMENT=9;

--
-- AUTO_INCREMENT for table `inventory_old_names`
--
ALTER TABLE `inventory_old_names`
  MODIFY `id` int(11) NOT NULL AUTO_INCREMENT, AUTO_INCREMENT=2;

--
-- AUTO_INCREMENT for table `items`
--
ALTER TABLE `items`
  MODIFY `id` int(10) UNSIGNED NOT NULL AUTO_INCREMENT, AUTO_INCREMENT=9;

--
-- AUTO_INCREMENT for table `item_manufactures`
--
ALTER TABLE `item_manufactures`
  MODIFY `id` int(11) NOT NULL AUTO_INCREMENT, AUTO_INCREMENT=5;

--
-- AUTO_INCREMENT for table `item_purchase_order`
--
ALTER TABLE `item_purchase_order`
  MODIFY `id` int(10) UNSIGNED NOT NULL AUTO_INCREMENT, AUTO_INCREMENT=4;

--
-- AUTO_INCREMENT for table `item_purchase_request`
--
ALTER TABLE `item_purchase_request`
  MODIFY `id` int(10) UNSIGNED NOT NULL AUTO_INCREMENT, AUTO_INCREMENT=4;

--
-- AUTO_INCREMENT for table `item_purchase_request_vendor`
--
ALTER TABLE `item_purchase_request_vendor`
  MODIFY `id` int(10) UNSIGNED NOT NULL AUTO_INCREMENT, AUTO_INCREMENT=22;

--
-- AUTO_INCREMENT for table `item_releasings`
--
ALTER TABLE `item_releasings`
  MODIFY `id` int(10) UNSIGNED NOT NULL AUTO_INCREMENT, AUTO_INCREMENT=6;

--
-- AUTO_INCREMENT for table `item_releasing_data`
--
ALTER TABLE `item_releasing_data`
  MODIFY `id` int(11) NOT NULL AUTO_INCREMENT, AUTO_INCREMENT=9;

--
-- AUTO_INCREMENT for table `item_units`
--
ALTER TABLE `item_units`
  MODIFY `id` int(11) NOT NULL AUTO_INCREMENT, AUTO_INCREMENT=4;

--
-- AUTO_INCREMENT for table `links`
--
ALTER TABLE `links`
  MODIFY `id` int(10) UNSIGNED NOT NULL AUTO_INCREMENT;

--
-- AUTO_INCREMENT for table `material_issue_requests`
--
ALTER TABLE `material_issue_requests`
  MODIFY `id` int(11) NOT NULL AUTO_INCREMENT, AUTO_INCREMENT=15;

--
-- AUTO_INCREMENT for table `material_issue_request_data`
--
ALTER TABLE `material_issue_request_data`
  MODIFY `id` int(11) NOT NULL AUTO_INCREMENT, AUTO_INCREMENT=18;

--
-- AUTO_INCREMENT for table `material_request_approvals`
--
ALTER TABLE `material_request_approvals`
  MODIFY `id` int(11) NOT NULL AUTO_INCREMENT, AUTO_INCREMENT=5;

--
-- AUTO_INCREMENT for table `merging_properties`
--
ALTER TABLE `merging_properties`
  MODIFY `id` int(11) NOT NULL AUTO_INCREMENT;

--
-- AUTO_INCREMENT for table `migrations`
--
ALTER TABLE `migrations`
  MODIFY `id` int(10) UNSIGNED NOT NULL AUTO_INCREMENT, AUTO_INCREMENT=99;

--
-- AUTO_INCREMENT for table `otps`
--
ALTER TABLE `otps`
  MODIFY `id` int(10) UNSIGNED NOT NULL AUTO_INCREMENT;

--
-- AUTO_INCREMENT for table `payments`
--
ALTER TABLE `payments`
  MODIFY `id` int(10) UNSIGNED NOT NULL AUTO_INCREMENT;

--
-- AUTO_INCREMENT for table `payment_heads`
--
ALTER TABLE `payment_heads`
  MODIFY `id` int(10) UNSIGNED NOT NULL AUTO_INCREMENT;

--
-- AUTO_INCREMENT for table `payment_head_priorities`
--
ALTER TABLE `payment_head_priorities`
  MODIFY `id` int(11) NOT NULL AUTO_INCREMENT, AUTO_INCREMENT=10;

--
-- AUTO_INCREMENT for table `payrolls`
--
ALTER TABLE `payrolls`
  MODIFY `id` int(10) UNSIGNED NOT NULL AUTO_INCREMENT;

--
-- AUTO_INCREMENT for table `permissions`
--
ALTER TABLE `permissions`
  MODIFY `id` int(10) UNSIGNED NOT NULL AUTO_INCREMENT, AUTO_INCREMENT=223;

--
-- AUTO_INCREMENT for table `permission_role`
--
ALTER TABLE `permission_role`
  MODIFY `id` int(11) NOT NULL AUTO_INCREMENT, AUTO_INCREMENT=833;

--
-- AUTO_INCREMENT for table `policies`
--
ALTER TABLE `policies`
  MODIFY `id` int(10) UNSIGNED NOT NULL AUTO_INCREMENT;

--
-- AUTO_INCREMENT for table `products`
--
ALTER TABLE `products`
  MODIFY `id` int(10) UNSIGNED NOT NULL AUTO_INCREMENT;

--
-- AUTO_INCREMENT for table `product_types`
--
ALTER TABLE `product_types`
  MODIFY `id` int(10) UNSIGNED NOT NULL AUTO_INCREMENT;

--
-- AUTO_INCREMENT for table `projects`
--
ALTER TABLE `projects`
  MODIFY `id` int(10) UNSIGNED NOT NULL AUTO_INCREMENT, AUTO_INCREMENT=3;

--
-- AUTO_INCREMENT for table `project_accounts`
--
ALTER TABLE `project_accounts`
  MODIFY `id` int(10) UNSIGNED NOT NULL AUTO_INCREMENT;

--
-- AUTO_INCREMENT for table `project_account_files`
--
ALTER TABLE `project_account_files`
  MODIFY `id` int(10) UNSIGNED NOT NULL AUTO_INCREMENT;

--
-- AUTO_INCREMENT for table `property_chat_histories`
--
ALTER TABLE `property_chat_histories`
  MODIFY `id` int(10) UNSIGNED NOT NULL AUTO_INCREMENT;

--
-- AUTO_INCREMENT for table `pr_boq_items`
--
ALTER TABLE `pr_boq_items`
  MODIFY `id` int(11) NOT NULL AUTO_INCREMENT, AUTO_INCREMENT=55;

--
-- AUTO_INCREMENT for table `purchases`
--
ALTER TABLE `purchases`
  MODIFY `id` int(10) UNSIGNED NOT NULL AUTO_INCREMENT;

--
-- AUTO_INCREMENT for table `purchase_orders`
--
ALTER TABLE `purchase_orders`
  MODIFY `id` int(10) UNSIGNED NOT NULL AUTO_INCREMENT, AUTO_INCREMENT=3;

--
-- AUTO_INCREMENT for table `purchase_order_cancel_remarks`
--
ALTER TABLE `purchase_order_cancel_remarks`
  MODIFY `id` int(11) NOT NULL AUTO_INCREMENT;

--
-- AUTO_INCREMENT for table `purchase_order_receipt`
--
ALTER TABLE `purchase_order_receipt`
  MODIFY `id` int(10) UNSIGNED NOT NULL AUTO_INCREMENT, AUTO_INCREMENT=3;

--
-- AUTO_INCREMENT for table `purchase_order_vendors`
--
ALTER TABLE `purchase_order_vendors`
  MODIFY `id` int(10) UNSIGNED NOT NULL AUTO_INCREMENT;

--
-- AUTO_INCREMENT for table `purchase_requests`
--
ALTER TABLE `purchase_requests`
  MODIFY `id` int(10) UNSIGNED NOT NULL AUTO_INCREMENT, AUTO_INCREMENT=2;

--
-- AUTO_INCREMENT for table `receipts`
--
ALTER TABLE `receipts`
  MODIFY `id` int(10) UNSIGNED NOT NULL AUTO_INCREMENT, AUTO_INCREMENT=33;

--
-- AUTO_INCREMENT for table `receipt_document`
--
ALTER TABLE `receipt_document`
  MODIFY `id` int(11) NOT NULL AUTO_INCREMENT, AUTO_INCREMENT=8;

--
-- AUTO_INCREMENT for table `receipt_images`
--
ALTER TABLE `receipt_images`
  MODIFY `id` int(10) UNSIGNED NOT NULL AUTO_INCREMENT;

--
-- AUTO_INCREMENT for table `receipt_items`
--
ALTER TABLE `receipt_items`
  MODIFY `id` int(10) UNSIGNED NOT NULL AUTO_INCREMENT, AUTO_INCREMENT=4;

--
-- AUTO_INCREMENT for table `reconciliations`
--
ALTER TABLE `reconciliations`
  MODIFY `id` int(10) UNSIGNED NOT NULL AUTO_INCREMENT;

--
-- AUTO_INCREMENT for table `registration_nos`
--
ALTER TABLE `registration_nos`
  MODIFY `id` int(10) UNSIGNED NOT NULL AUTO_INCREMENT;

--
-- AUTO_INCREMENT for table `roles`
--
ALTER TABLE `roles`
  MODIFY `id` int(10) UNSIGNED NOT NULL AUTO_INCREMENT, AUTO_INCREMENT=16;

--
-- AUTO_INCREMENT for table `role_user`
--
ALTER TABLE `role_user`
  MODIFY `user_id` int(10) UNSIGNED NOT NULL AUTO_INCREMENT, AUTO_INCREMENT=28;

--
-- AUTO_INCREMENT for table `schedule_plans`
--
ALTER TABLE `schedule_plans`
  MODIFY `id` int(10) UNSIGNED NOT NULL AUTO_INCREMENT, AUTO_INCREMENT=2;

--
-- AUTO_INCREMENT for table `sms`
--
ALTER TABLE `sms`
  MODIFY `id` int(11) NOT NULL AUTO_INCREMENT;

--
-- AUTO_INCREMENT for table `sms_clients`
--
ALTER TABLE `sms_clients`
  MODIFY `id` int(11) NOT NULL AUTO_INCREMENT;

--
-- AUTO_INCREMENT for table `surcharge_receipts`
--
ALTER TABLE `surcharge_receipts`
  MODIFY `id` int(10) UNSIGNED NOT NULL AUTO_INCREMENT, AUTO_INCREMENT=31;

--
-- AUTO_INCREMENT for table `tasks`
--
ALTER TABLE `tasks`
  MODIFY `id` int(10) UNSIGNED NOT NULL AUTO_INCREMENT;

--
-- AUTO_INCREMENT for table `tax_receipts`
--
ALTER TABLE `tax_receipts`
  MODIFY `id` int(11) NOT NULL AUTO_INCREMENT, AUTO_INCREMENT=9;

--
-- AUTO_INCREMENT for table `token_receipt`
--
ALTER TABLE `token_receipt`
  MODIFY `id` int(10) NOT NULL AUTO_INCREMENT;

--
-- AUTO_INCREMENT for table `transfer_properties`
--
ALTER TABLE `transfer_properties`
  MODIFY `id` int(10) UNSIGNED NOT NULL AUTO_INCREMENT;

--
-- AUTO_INCREMENT for table `unit_blocks`
--
ALTER TABLE `unit_blocks`
  MODIFY `id` int(11) NOT NULL AUTO_INCREMENT, AUTO_INCREMENT=4;

--
-- AUTO_INCREMENT for table `unit_categories`
--
ALTER TABLE `unit_categories`
  MODIFY `id` int(10) UNSIGNED NOT NULL AUTO_INCREMENT, AUTO_INCREMENT=3;

--
-- AUTO_INCREMENT for table `unit_floors`
--
ALTER TABLE `unit_floors`
  MODIFY `id` int(10) UNSIGNED NOT NULL AUTO_INCREMENT, AUTO_INCREMENT=18;

--
-- AUTO_INCREMENT for table `unit_floor_sizes`
--
ALTER TABLE `unit_floor_sizes`
  MODIFY `id` int(10) UNSIGNED NOT NULL AUTO_INCREMENT, AUTO_INCREMENT=138;

--
-- AUTO_INCREMENT for table `unit_old_rates`
--
ALTER TABLE `unit_old_rates`
  MODIFY `id` int(11) NOT NULL AUTO_INCREMENT, AUTO_INCREMENT=13;

--
-- AUTO_INCREMENT for table `unit_sizes`
--
ALTER TABLE `unit_sizes`
  MODIFY `id` int(10) UNSIGNED NOT NULL AUTO_INCREMENT, AUTO_INCREMENT=39;

--
-- AUTO_INCREMENT for table `unit_types`
--
ALTER TABLE `unit_types`
  MODIFY `id` int(10) UNSIGNED NOT NULL AUTO_INCREMENT, AUTO_INCREMENT=4;

--
-- AUTO_INCREMENT for table `users`
--
ALTER TABLE `users`
  MODIFY `id` int(10) UNSIGNED NOT NULL AUTO_INCREMENT, AUTO_INCREMENT=28;

--
-- AUTO_INCREMENT for table `vendors`
--
ALTER TABLE `vendors`
  MODIFY `id` int(11) NOT NULL AUTO_INCREMENT, AUTO_INCREMENT=6;

--
-- AUTO_INCREMENT for table `vouchers`
--
ALTER TABLE `vouchers`
  MODIFY `id` int(11) NOT NULL AUTO_INCREMENT, AUTO_INCREMENT=28;
COMMIT;

